{"id":13,"date":"2018-07-23T08:31:38","date_gmt":"2018-07-23T06:31:38","guid":{"rendered":"https:\/\/2018.valencia.wordcamp.org\/?page_id=13"},"modified":"2018-09-14T13:36:34","modified_gmt":"2018-09-14T11:36:34","slug":"entradas","status":"publish","type":"page","link":"https:\/\/valencia.wordcamp.org\/2018\/entradas\/","title":{"rendered":"Compra tu entrada"},"content":{"rendered":"<p>\u00a1Gracias por tu inter\u00e9s y por querer unirte a nosotros en la WordCamp Valencia 2018!<\/p>\n<p>Una vez que hayas comprado una entrada, recibir\u00e1s un correo de confirmaci\u00f3n de tu compra, pero no recibir\u00e1s una entrada como tal. No te hace falta.<\/p>\n<p>El d\u00eda del evento, bastar\u00e1 con que te acerques al mostrador de recepci\u00f3n y nos digas qui\u00e9n eres. Nuestros duendecillos se encargar\u00e1n de tener tu identificaci\u00f3n preparada.<\/p>\n<a href=\"https:\/\/valencia.wordcamp.org\/2018\/entradas\/\">Por favor, ve esta p\u00e1gina en un navegador para hacer una compra o gestionar entradas.<\/a>\n","protected":false},"excerpt":{"rendered":"<p>\u00a1Gracias por tu inter\u00e9s y por querer unirte a nosotros en la WordCamp Valencia 2018! Una vez que hayas comprado una entrada, recibir\u00e1s un correo de confirmaci\u00f3n de tu compra, pero no recibir\u00e1s una entrada como tal. No te hace falta. El d\u00eda del evento, bastar\u00e1 con que te acerques al mostrador de recepci\u00f3n y &hellip; <\/p>\n<p class=\"link-more\"><a href=\"https:\/\/valencia.wordcamp.org\/2018\/entradas\/\" class=\"more-link\">Continuar leyendo<span class=\"screen-reader-text\"> \u00abCompra tu entrada\u00bb<\/span><\/a><\/p>\n","protected":false},"author":15355488,"featured_media":0,"parent":0,"menu_order":0,"comment_status":"closed","ping_status":"closed","template":"","meta":{"jetpack_post_was_ever_published":false,"footnotes":""},"class_list":["post-13","page","type-page","status-publish","hentry"],"jetpack_sharing_enabled":true,"jetpack_shortlink":"https:\/\/wp.me\/P9ygkC-d","_links":{"self":[{"href":"https:\/\/valencia.wordcamp.org\/2018\/wp-json\/wp\/v2\/pages\/13","targetHints":{"allow":["GET"]}}],"collection":[{"href":"https:\/\/valencia.wordcamp.org\/2018\/wp-json\/wp\/v2\/pages"}],"about":[{"href":"https:\/\/valencia.wordcamp.org\/2018\/wp-json\/wp\/v2\/types\/page"}],"author":[{"embeddable":true,"href":"https:\/\/valencia.wordcamp.org\/2018\/wp-json\/wp\/v2\/users\/15355488"}],"replies":[{"embeddable":true,"href":"https:\/\/valencia.wordcamp.org\/2018\/wp-json\/wp\/v2\/comments?post=13"}],"version-history":[{"count":2,"href":"https:\/\/valencia.wordcamp.org\/2018\/wp-json\/wp\/v2\/pages\/13\/revisions"}],"predecessor-version":[{"id":687,"href":"https:\/\/valencia.wordcamp.org\/2018\/wp-json\/wp\/v2\/pages\/13\/revisions\/687"}],"wp:attachment":[{"href":"https:\/\/valencia.wordcamp.org\/2018\/wp-json\/wp\/v2\/media?parent=13"}],"curies":[{"name":"wp","href":"https:\/\/api.w.org\/{rel}","templated":true}]}}