{"id":1797,"date":"2019-08-12T11:04:14","date_gmt":"2019-08-12T09:04:14","guid":{"rendered":"https:\/\/2019.valencia.wordcamp.org\/?post_type=wcb_session&#038;p=1797"},"modified":"2019-08-13T16:31:40","modified_gmt":"2019-08-13T14:31:40","slug":"haciendo-un-buen-uso-de-los-campos-personalizados-con-acf","status":"publish","type":"wcb_session","link":"https:\/\/valencia.wordcamp.org\/2019\/session\/haciendo-un-buen-uso-de-los-campos-personalizados-con-acf\/","title":{"rendered":"Haciendo un buen uso de los campos personalizados con ACF"},"content":{"rendered":"\n<figure class=\"wp-block-image\"><img loading=\"lazy\" decoding=\"async\" width=\"769\" height=\"432\" src=\"https:\/\/2019.valencia.wordcamp.org\/files\/2019\/08\/ponentes_Mau-Gelves.jpg\" alt=\"\" class=\"wp-image-1952\" srcset=\"https:\/\/valencia.wordcamp.org\/2019\/files\/2019\/08\/ponentes_Mau-Gelves.jpg 769w, https:\/\/valencia.wordcamp.org\/2019\/files\/2019\/08\/ponentes_Mau-Gelves-300x169.jpg 300w, https:\/\/valencia.wordcamp.org\/2019\/files\/2019\/08\/ponentes_Mau-Gelves-768x431.jpg 768w, https:\/\/valencia.wordcamp.org\/2019\/files\/2019\/08\/ponentes_Mau-Gelves-500x281.jpg 500w\" sizes=\"auto, (max-width: 767px) 89vw, (max-width: 1000px) 54vw, (max-width: 1071px) 543px, 580px\" \/><\/figure>\n\n\n\n<p class=\"wp-block-paragraph\"><strong>Descripci\u00f3n:<\/strong> En muchas ocasiones necesitaremos algo m\u00e1s que un t\u00edtulo y el cuerpo de un art\u00edculo para nuestra web: tal vez fechas, im\u00e1genes extras, una direcci\u00f3n en Google Map o un conjunto de direcciones. Si bien WordPress incluye una funcionalidad para incluir campos personalizados, la misma es muy b\u00e1sica, poco intuitiva y propensa a errores en la carga de datos.<\/p>\n\n\n\n<p class=\"wp-block-paragraph\">En esta charla voy a ense\u00f1ar c\u00f3mo instalar y agregar campos personalizados a tu proyecto utilizando el plugin ACF (Advanved Custom Fields (<a href=\"https:\/\/wordpress.org\/plugins\/advanced-custom-fields\/\" target=\"_blank\" rel=\"noreferrer noopener\">https:\/\/wordpress.org\/plugins\/advanced-custom-fields\/<\/a>)) y tambi\u00e9n c\u00f3mo incluir esta informaci\u00f3n en el desarrollo de nuestros plugins y temas.<\/p>\n\n\n\n<p class=\"wp-block-paragraph\"><strong>Formato: <\/strong>Charla<\/p>\n\n\n\n<p class=\"wp-block-paragraph\"><strong>Nivel del asistente:<\/strong>\u00a0Principiantes<\/p>\n","protected":false},"excerpt":{"rendered":"<p>Descripci\u00f3n: En muchas ocasiones necesitaremos algo m\u00e1s que un t\u00edtulo y el cuerpo de un art\u00edculo para nuestra web: tal vez fechas, im\u00e1genes extras, una direcci\u00f3n en Google Map o un conjunto de direcciones. Si bien WordPress incluye una funcionalidad para incluir campos personalizados, la misma es muy b\u00e1sica, poco intuitiva y propensa a errores &hellip; <\/p>\n<p class=\"link-more\"><a href=\"https:\/\/valencia.wordcamp.org\/2019\/session\/haciendo-un-buen-uso-de-los-campos-personalizados-con-acf\/\" class=\"more-link\">Continuar leyendo<span class=\"screen-reader-text\"> \u00abHaciendo un buen uso de los campos personalizados con ACF\u00bb<\/span><\/a><\/p>\n","protected":false},"author":15679009,"featured_media":0,"template":"","meta":{"_crdt_document":"","jetpack_post_was_ever_published":false,"_wcpt_session_time":1571479500,"_wcpt_session_duration":3000,"_wcpt_session_type":"session","_wcpt_session_slides":"","_wcpt_session_video":"","_wcpt_speaker_id":[1724],"footnotes":""},"session_track":[1281788],"session_category":[],"class_list":["post-1797","wcb_session","type-wcb_session","status-publish","hentry","wcb_track-sala-grande"],"jetpack_sharing_enabled":true,"jetpack_shortlink":"https:\/\/wp.me\/paMxYZ-sZ","session_date_time":{"date":"octubre 19, 2019","time":"12:05 pm"},"session_speakers":[{"id":"1724","slug":"mauricio-gelves","name":"Mauricio Gelves","link":"https:\/\/valencia.wordcamp.org\/2019\/speaker\/mauricio-gelves\/"}],"session_cats_rendered":null,"_links":{"self":[{"href":"https:\/\/valencia.wordcamp.org\/2019\/wp-json\/wp\/v2\/sessions\/1797","targetHints":{"allow":["GET"]}}],"collection":[{"href":"https:\/\/valencia.wordcamp.org\/2019\/wp-json\/wp\/v2\/sessions"}],"about":[{"href":"https:\/\/valencia.wordcamp.org\/2019\/wp-json\/wp\/v2\/types\/wcb_session"}],"author":[{"embeddable":true,"href":"https:\/\/valencia.wordcamp.org\/2019\/wp-json\/wp\/v2\/users\/15679009"}],"version-history":[{"count":7,"href":"https:\/\/valencia.wordcamp.org\/2019\/wp-json\/wp\/v2\/sessions\/1797\/revisions"}],"predecessor-version":[{"id":1967,"href":"https:\/\/valencia.wordcamp.org\/2019\/wp-json\/wp\/v2\/sessions\/1797\/revisions\/1967"}],"speakers":[{"embeddable":true,"href":"https:\/\/valencia.wordcamp.org\/2019\/wp-json\/wp\/v2\/speakers\/1724"}],"wp:attachment":[{"href":"https:\/\/valencia.wordcamp.org\/2019\/wp-json\/wp\/v2\/media?parent=1797"}],"wp:term":[{"taxonomy":"wcb_track","embeddable":true,"href":"https:\/\/valencia.wordcamp.org\/2019\/wp-json\/wp\/v2\/session_track?post=1797"},{"taxonomy":"wcb_session_category","embeddable":true,"href":"https:\/\/valencia.wordcamp.org\/2019\/wp-json\/wp\/v2\/session_category?post=1797"}],"curies":[{"name":"wp","href":"https:\/\/api.w.org\/{rel}","templated":true}]}}

<figure class="wp-block-image"><img loading="lazy" decoding="async" width="769" height="432" src="https://2019.valencia.wordcamp.org/files/2019/08/ponentes_Mau-Gelves.jpg" alt="" class="wp-image-1952" srcset="https://valencia.wordcamp.org/2019/files/2019/08/ponentes_Mau-Gelves.jpg 769w, https://valencia.wordcamp.org/2019/files/2019/08/ponentes_Mau-Gelves-300x169.jpg 300w, https://valencia.wordcamp.org/2019/files/2019/08/ponentes_Mau-Gelves-768x431.jpg 768w, https://valencia.wordcamp.org/2019/files/2019/08/ponentes_Mau-Gelves-500x281.jpg 500w" sizes="auto, (max-width: 767px) 89vw, (max-width: 1000px) 54vw, (max-width: 1071px) 543px, 580px" /></figure>



<p class="wp-block-paragraph"><strong>Descripción:</strong> En muchas ocasiones necesitaremos algo más que un título y el cuerpo de un artículo para nuestra web: tal vez fechas, imágenes extras, una dirección en Google Map o un conjunto de direcciones. Si bien WordPress incluye una funcionalidad para incluir campos personalizados, la misma es muy básica, poco intuitiva y propensa a errores en la carga de datos.</p>



<p class="wp-block-paragraph">En esta charla voy a enseñar cómo instalar y agregar campos personalizados a tu proyecto utilizando el plugin ACF (Advanved Custom Fields (<a href="https://wordpress.org/plugins/advanced-custom-fields/" target="_blank" rel="noreferrer noopener">https://wordpress.org/plugins/advanced-custom-fields/</a>)) y también cómo incluir esta información en el desarrollo de nuestros plugins y temas.</p>



<p class="wp-block-paragraph"><strong>Formato: </strong>Charla</p>



<p class="wp-block-paragraph"><strong>Nivel del asistente:</strong> Principiantes</p>

<p>Descripción: En muchas ocasiones necesitaremos algo más que un título y el cuerpo de un artículo para nuestra web: tal vez fechas, imágenes extras, una dirección en Google Map o un conjunto de direcciones. Si bien WordPress incluye una funcionalidad para incluir campos personalizados, la misma es muy básica, poco intuitiva y propensa a errores &hellip; </p>
<p class="link-more"><a href="https://valencia.wordcamp.org/2019/session/haciendo-un-buen-uso-de-los-campos-personalizados-con-acf/" class="more-link">Continuar leyendo<span class="screen-reader-text"> «Haciendo un buen uso de los campos personalizados con ACF»</span></a></p>
