{"id":1879,"date":"2019-08-12T12:16:07","date_gmt":"2019-08-12T10:16:07","guid":{"rendered":"https:\/\/2019.valencia.wordcamp.org\/?post_type=wcb_session&#038;p=1879"},"modified":"2019-09-13T01:21:30","modified_gmt":"2019-09-12T23:21:30","slug":"como-puede-aparecer-tu-marca-en-los-medios-de-comunicacion","status":"publish","type":"wcb_session","link":"https:\/\/valencia.wordcamp.org\/2019\/session\/como-puede-aparecer-tu-marca-en-los-medios-de-comunicacion\/","title":{"rendered":"\u00bfC\u00f3mo puede aparecer tu marca en los medios de comunicaci\u00f3n?"},"content":{"rendered":"\n<figure class=\"wp-block-image\"><img loading=\"lazy\" decoding=\"async\" width=\"768\" height=\"432\" src=\"https:\/\/2019.valencia.wordcamp.org\/files\/2019\/08\/ponentes_Margaret-Gonzalez_WCVLC.jpg\" alt=\"\" class=\"wp-image-2048\" srcset=\"https:\/\/valencia.wordcamp.org\/2019\/files\/2019\/08\/ponentes_Margaret-Gonzalez_WCVLC.jpg 768w, https:\/\/valencia.wordcamp.org\/2019\/files\/2019\/08\/ponentes_Margaret-Gonzalez_WCVLC-300x169.jpg 300w, https:\/\/valencia.wordcamp.org\/2019\/files\/2019\/08\/ponentes_Margaret-Gonzalez_WCVLC-500x281.jpg 500w\" sizes=\"auto, (max-width: 767px) 89vw, (max-width: 1000px) 54vw, (max-width: 1071px) 543px, 580px\" \/><\/figure>\n\n\n\n<p class=\"wp-block-paragraph\">Aparecer en medios de comunicaci\u00f3n nos permite trabajar la visibilidad de nuestra marca, pero a un nivel m\u00e1s alto que con otras estrategias de marketing, ya que trabajamos tambi\u00e9n el posicionamiento y la reputaci\u00f3n de nuestra marca.&nbsp;<\/p>\n\n\n\n<p class=\"wp-block-paragraph\">Nos posicionamos como referentes en nuestro sector.<br>Aparecer en los medios de comunicaci\u00f3n es una de las estrategias m\u00e1s potentes para conseguir posicionamiento y reputaci\u00f3n para nuestra marca.<\/p>\n\n\n\n<p class=\"wp-block-paragraph\">Y lo mejor es que Todos podemos aparecer en los medios de comunicaci\u00f3n, o casi todos, pero tenemos que encontrar nuestro hueco, el enfoque con el que puede funcionar nuestra marca, donde est\u00e1 nuestro p\u00fablico y a qu\u00e9 medios nos vamos a dirigir.<\/p>\n\n\n\n<p class=\"wp-block-paragraph\">En esta charla te contar\u00e9 c\u00f3mo puede ayudarte a crecer y posicionarte aparecer en los medios, y lo mejor, te dir\u00e9 c\u00f3mo puedes hacerlo.&nbsp;<\/p>\n\n\n\n<p class=\"wp-block-paragraph\"><strong>Formato: <\/strong>Charla<\/p>\n\n\n\n<p class=\"wp-block-paragraph\"><strong>Nivel asistente:<\/strong> Negocios, marcas o profesionales que buscan posicionarse en su sector<\/p>\n","protected":false},"excerpt":{"rendered":"<p>Aparecer en medios de comunicaci\u00f3n nos permite trabajar la visibilidad de nuestra marca, pero a un nivel m\u00e1s alto que con otras estrategias de marketing, ya que trabajamos tambi\u00e9n el posicionamiento y la reputaci\u00f3n de nuestra marca.&nbsp; Nos posicionamos como referentes en nuestro sector.Aparecer en los medios de comunicaci\u00f3n es una de las estrategias m\u00e1s &hellip; <\/p>\n<p class=\"link-more\"><a href=\"https:\/\/valencia.wordcamp.org\/2019\/session\/como-puede-aparecer-tu-marca-en-los-medios-de-comunicacion\/\" class=\"more-link\">Continuar leyendo<span class=\"screen-reader-text\"> \u00ab\u00bfC\u00f3mo puede aparecer tu marca en los medios de comunicaci\u00f3n?\u00bb<\/span><\/a><\/p>\n","protected":false},"author":15679009,"featured_media":0,"template":"","meta":{"_crdt_document":"","jetpack_post_was_ever_published":false,"_wcpt_session_time":1571482200,"_wcpt_session_duration":3000,"_wcpt_session_type":"session","_wcpt_session_slides":"","_wcpt_session_video":"","_wcpt_speaker_id":[1753],"footnotes":""},"session_track":[1281789],"session_category":[],"class_list":["post-1879","wcb_session","type-wcb_session","status-publish","hentry","wcb_track-sala-pequena"],"jetpack_sharing_enabled":true,"jetpack_shortlink":"https:\/\/wp.me\/paMxYZ-uj","session_date_time":{"date":"octubre 19, 2019","time":"12:50 pm"},"session_speakers":[{"id":"1753","slug":"margaret-gonzalez","name":"Margaret Gonz\u00e1lez","link":"https:\/\/valencia.wordcamp.org\/2019\/speaker\/margaret-gonzalez\/"}],"session_cats_rendered":null,"_links":{"self":[{"href":"https:\/\/valencia.wordcamp.org\/2019\/wp-json\/wp\/v2\/sessions\/1879","targetHints":{"allow":["GET"]}}],"collection":[{"href":"https:\/\/valencia.wordcamp.org\/2019\/wp-json\/wp\/v2\/sessions"}],"about":[{"href":"https:\/\/valencia.wordcamp.org\/2019\/wp-json\/wp\/v2\/types\/wcb_session"}],"author":[{"embeddable":true,"href":"https:\/\/valencia.wordcamp.org\/2019\/wp-json\/wp\/v2\/users\/15679009"}],"version-history":[{"count":8,"href":"https:\/\/valencia.wordcamp.org\/2019\/wp-json\/wp\/v2\/sessions\/1879\/revisions"}],"predecessor-version":[{"id":2049,"href":"https:\/\/valencia.wordcamp.org\/2019\/wp-json\/wp\/v2\/sessions\/1879\/revisions\/2049"}],"speakers":[{"embeddable":true,"href":"https:\/\/valencia.wordcamp.org\/2019\/wp-json\/wp\/v2\/speakers\/1753"}],"wp:attachment":[{"href":"https:\/\/valencia.wordcamp.org\/2019\/wp-json\/wp\/v2\/media?parent=1879"}],"wp:term":[{"taxonomy":"wcb_track","embeddable":true,"href":"https:\/\/valencia.wordcamp.org\/2019\/wp-json\/wp\/v2\/session_track?post=1879"},{"taxonomy":"wcb_session_category","embeddable":true,"href":"https:\/\/valencia.wordcamp.org\/2019\/wp-json\/wp\/v2\/session_category?post=1879"}],"curies":[{"name":"wp","href":"https:\/\/api.w.org\/{rel}","templated":true}]}}

¿Cómo puede aparecer tu marca en los medios de comunicación?

<figure class="wp-block-image"><img loading="lazy" decoding="async" width="768" height="432" src="https://2019.valencia.wordcamp.org/files/2019/08/ponentes_Margaret-Gonzalez_WCVLC.jpg" alt="" class="wp-image-2048" srcset="https://valencia.wordcamp.org/2019/files/2019/08/ponentes_Margaret-Gonzalez_WCVLC.jpg 768w, https://valencia.wordcamp.org/2019/files/2019/08/ponentes_Margaret-Gonzalez_WCVLC-300x169.jpg 300w, https://valencia.wordcamp.org/2019/files/2019/08/ponentes_Margaret-Gonzalez_WCVLC-500x281.jpg 500w" sizes="auto, (max-width: 767px) 89vw, (max-width: 1000px) 54vw, (max-width: 1071px) 543px, 580px" /></figure>



<p class="wp-block-paragraph">Aparecer en medios de comunicación nos permite trabajar la visibilidad de nuestra marca, pero a un nivel más alto que con otras estrategias de marketing, ya que trabajamos también el posicionamiento y la reputación de nuestra marca.&nbsp;</p>



<p class="wp-block-paragraph">Nos posicionamos como referentes en nuestro sector.<br>Aparecer en los medios de comunicación es una de las estrategias más potentes para conseguir posicionamiento y reputación para nuestra marca.</p>



<p class="wp-block-paragraph">Y lo mejor es que Todos podemos aparecer en los medios de comunicación, o casi todos, pero tenemos que encontrar nuestro hueco, el enfoque con el que puede funcionar nuestra marca, donde está nuestro público y a qué medios nos vamos a dirigir.</p>



<p class="wp-block-paragraph">En esta charla te contaré cómo puede ayudarte a crecer y posicionarte aparecer en los medios, y lo mejor, te diré cómo puedes hacerlo.&nbsp;</p>



<p class="wp-block-paragraph"><strong>Formato: </strong>Charla</p>



<p class="wp-block-paragraph"><strong>Nivel asistente:</strong> Negocios, marcas o profesionales que buscan posicionarse en su sector</p>

<p>Aparecer en medios de comunicación nos permite trabajar la visibilidad de nuestra marca, pero a un nivel más alto que con otras estrategias de marketing, ya que trabajamos también el posicionamiento y la reputación de nuestra marca.&nbsp; Nos posicionamos como referentes en nuestro sector.Aparecer en los medios de comunicación es una de las estrategias más &hellip; </p>
<p class="link-more"><a href="https://valencia.wordcamp.org/2019/session/como-puede-aparecer-tu-marca-en-los-medios-de-comunicacion/" class="more-link">Continuar leyendo<span class="screen-reader-text"> «¿Cómo puede aparecer tu marca en los medios de comunicación?»</span></a></p>

Margaret González
