{"id":1728,"date":"2019-08-12T10:21:17","date_gmt":"2019-08-12T08:21:17","guid":{"rendered":"https:\/\/2019.valencia.wordcamp.org\/?post_type=wcb_speaker&#038;p=1728"},"modified":"2019-10-18T07:09:52","modified_gmt":"2019-10-18T05:09:52","slug":"jesus-amieiro","status":"publish","type":"wcb_speaker","link":"https:\/\/valencia.wordcamp.org\/2019\/speaker\/jesus-amieiro\/","title":{"rendered":"Jes\u00fas Amieiro"},"content":{"rendered":"\n<p class=\"wp-block-paragraph\">Soy Jes\u00fas Amieiro, ingeniero de telecomunicaci\u00f3n y artesano de las TIC. Trabajo como director t\u00e9cnico en Quadralia. Me dedico al desarrollo de proyectos a medida, principalmente en el \u00e1mbito de la sanidad y de la trazabilidad marina. Como tecnolog\u00edas me encuentro muy c\u00f3modo con Laravel, WordPress y, fundamentalmente, con el software libre. Participo o he participado en comunidades de PHP, WordPress y de software libre.<\/p>\n\n\n\n<p class=\"wp-block-paragraph\">Publico semanalmente \u00abLa semana PHP\u00bb (<a href=\"https:\/\/www.lasemanaphp.com\/\" target=\"_blank\" rel=\"noreferrer noopener\">https:\/\/www.lasemanaphp.com<\/a>), una colecci\u00f3n semanal de noticias, tutoriales e informaci\u00f3n relevante sobre PHP y su ecosistema: Laravel, Symfony, WordPress, Drupal&#8230;<\/p>\n","protected":false},"excerpt":{"rendered":"<p>Soy Jes\u00fas Amieiro, ingeniero de telecomunicaci\u00f3n y artesano de las TIC. Trabajo como director t\u00e9cnico en Quadralia. Me dedico al desarrollo de proyectos a medida, principalmente en el \u00e1mbito de la sanidad y de la trazabilidad marina. Como tecnolog\u00edas me encuentro muy c\u00f3modo con Laravel, WordPress y, fundamentalmente, con el software libre. Participo o he &hellip; <\/p>\n<p class=\"link-more\"><a href=\"https:\/\/valencia.wordcamp.org\/2019\/speaker\/jesus-amieiro\/\" class=\"more-link\">Continuar leyendo<span class=\"screen-reader-text\"> \u00abJes\u00fas Amieiro\u00bb<\/span><\/a><\/p>\n","protected":false},"author":15679009,"featured_media":0,"comment_status":"closed","ping_status":"closed","template":"","meta":{"_crdt_document":"","jetpack_post_was_ever_published":false,"_wcpt_user_name":"Amieiro","footnotes":""},"speaker_group":[],"class_list":["post-1728","wcb_speaker","type-wcb_speaker","status-publish","hentry"],"jetpack_sharing_enabled":true,"jetpack_shortlink":"https:\/\/wp.me\/paMxYZ-rS","avatar_urls":{"24":"https:\/\/secure.gravatar.com\/avatar\/2ef71a5ac0d5866fd948ac503691867122c996994fb6e117f08ae8d08de99286?s=24&d=mm&r=g","48":"https:\/\/secure.gravatar.com\/avatar\/2ef71a5ac0d5866fd948ac503691867122c996994fb6e117f08ae8d08de99286?s=48&d=mm&r=g","96":"https:\/\/secure.gravatar.com\/avatar\/2ef71a5ac0d5866fd948ac503691867122c996994fb6e117f08ae8d08de99286?s=96&d=mm&r=g","128":"https:\/\/secure.gravatar.com\/avatar\/2ef71a5ac0d5866fd948ac503691867122c996994fb6e117f08ae8d08de99286?s=128&d=mm&r=g","256":"https:\/\/secure.gravatar.com\/avatar\/2ef71a5ac0d5866fd948ac503691867122c996994fb6e117f08ae8d08de99286?s=256&d=mm&r=g","512":"https:\/\/secure.gravatar.com\/avatar\/2ef71a5ac0d5866fd948ac503691867122c996994fb6e117f08ae8d08de99286?s=512&d=mm&r=g"},"_links":{"self":[{"href":"https:\/\/valencia.wordcamp.org\/2019\/wp-json\/wp\/v2\/speakers\/1728","targetHints":{"allow":["GET"]}}],"collection":[{"href":"https:\/\/valencia.wordcamp.org\/2019\/wp-json\/wp\/v2\/speakers"}],"about":[{"href":"https:\/\/valencia.wordcamp.org\/2019\/wp-json\/wp\/v2\/types\/wcb_speaker"}],"author":[{"embeddable":true,"href":"https:\/\/valencia.wordcamp.org\/2019\/wp-json\/wp\/v2\/users\/15679009"}],"replies":[{"embeddable":true,"href":"https:\/\/valencia.wordcamp.org\/2019\/wp-json\/wp\/v2\/comments?post=1728"}],"version-history":[{"count":5,"href":"https:\/\/valencia.wordcamp.org\/2019\/wp-json\/wp\/v2\/speakers\/1728\/revisions"}],"predecessor-version":[{"id":3307,"href":"https:\/\/valencia.wordcamp.org\/2019\/wp-json\/wp\/v2\/speakers\/1728\/revisions\/3307"}],"sessions":[{"embeddable":true,"href":"https:\/\/valencia.wordcamp.org\/2019\/wp-json\/wp\/v2\/sessions\/1817?_embed=1&context=view"}],"wp:attachment":[{"href":"https:\/\/valencia.wordcamp.org\/2019\/wp-json\/wp\/v2\/media?parent=1728"}],"wp:term":[{"taxonomy":"wcb_speaker_group","embeddable":true,"href":"https:\/\/valencia.wordcamp.org\/2019\/wp-json\/wp\/v2\/speaker_group?post=1728"}],"curies":[{"name":"wp","href":"https:\/\/api.w.org\/{rel}","templated":true}]}}

Jesús Amieiro

<p class="wp-block-paragraph">Soy Jesús Amieiro, ingeniero de telecomunicación y artesano de las TIC. Trabajo como director técnico en Quadralia. Me dedico al desarrollo de proyectos a medida, principalmente en el ámbito de la sanidad y de la trazabilidad marina. Como tecnologías me encuentro muy cómodo con Laravel, WordPress y, fundamentalmente, con el software libre. Participo o he participado en comunidades de PHP, WordPress y de software libre.</p>



<p class="wp-block-paragraph">Publico semanalmente «La semana PHP» (<a href="https://www.lasemanaphp.com/" target="_blank" rel="noreferrer noopener">https://www.lasemanaphp.com</a>), una colección semanal de noticias, tutoriales e información relevante sobre PHP y su ecosistema: Laravel, Symfony, WordPress, Drupal&#8230;</p>

<p>Soy Jesús Amieiro, ingeniero de telecomunicación y artesano de las TIC. Trabajo como director técnico en Quadralia. Me dedico al desarrollo de proyectos a medida, principalmente en el ámbito de la sanidad y de la trazabilidad marina. Como tecnologías me encuentro muy cómodo con Laravel, WordPress y, fundamentalmente, con el software libre. Participo o he &hellip; </p>
<p class="link-more"><a href="https://valencia.wordcamp.org/2019/speaker/jesus-amieiro/" class="more-link">Continuar leyendo<span class="screen-reader-text"> «Jesús Amieiro»</span></a></p>
