{"id":1736,"date":"2019-08-12T10:26:00","date_gmt":"2019-08-12T08:26:00","guid":{"rendered":"https:\/\/2019.valencia.wordcamp.org\/?post_type=wcb_speaker&#038;p=1736"},"modified":"2019-09-16T08:47:49","modified_gmt":"2019-09-16T06:47:49","slug":"ana-cirujano","status":"publish","type":"wcb_speaker","link":"https:\/\/valencia.wordcamp.org\/2019\/speaker\/ana-cirujano\/","title":{"rendered":"Ana Cirujano"},"content":{"rendered":"\n<p class=\"wp-block-paragraph\">Dise\u00f1adora especializada en WordPress en&nbsp;<a href=\"http:\/\/anacirujano.com\/\" target=\"_blank\" rel=\"noreferrer noopener\">anacirujano.com<\/a>.<\/p>\n\n\n\n<p class=\"wp-block-paragraph\">Licenciada en Sociolog\u00eda en 2005, realizo estudios superiores de Direcci\u00f3n Comercial y Marketing en 2008.<\/p>\n\n\n\n<div class=\"wp-block-image\"><figure class=\"aligncenter\"><img loading=\"lazy\" decoding=\"async\" width=\"1024\" height=\"576\" src=\"https:\/\/2019.valencia.wordcamp.org\/files\/2019\/08\/ana-cirujano-2-1024x576-1024x576.jpg\" alt=\"\" class=\"wp-image-2521\" srcset=\"https:\/\/valencia.wordcamp.org\/2019\/files\/2019\/08\/ana-cirujano-2-1024x576.jpg 1024w, https:\/\/valencia.wordcamp.org\/2019\/files\/2019\/08\/ana-cirujano-2-1024x576-300x169.jpg 300w, https:\/\/valencia.wordcamp.org\/2019\/files\/2019\/08\/ana-cirujano-2-1024x576-768x432.jpg 768w, https:\/\/valencia.wordcamp.org\/2019\/files\/2019\/08\/ana-cirujano-2-1024x576-500x281.jpg 500w\" sizes=\"auto, (max-width: 767px) 89vw, (max-width: 1000px) 54vw, (max-width: 1071px) 543px, 580px\" \/><\/figure><\/div>\n\n\n\n<p class=\"wp-block-paragraph\">Durante diez a\u00f1os me dedico al dise\u00f1o gr\u00e1fico en la Fundaci\u00f3n Universidad-Empresa, especializ\u00e1ndome en dise\u00f1o editorial y employer branding.&nbsp;<\/p>\n\n\n\n<p class=\"wp-block-paragraph\">En 2016, curso un M\u00e1ster en Dise\u00f1o y Desarrollo Web, decido independizarme y me especializo en el desarrollo de sitios web con WordPress.<\/p>\n\n\n\n<p class=\"wp-block-paragraph\">En la actualidad, formo parte activa de la Comunidad WordPress: coordino el equipo de Dise\u00f1o de WordPress Espa\u00f1a, soy coorganizadora de la Meetup de WordPress Collado Villalba y de Torrelodones y asisto a todas las WordCamps que puedo (incluso he dado una charla en WordCamp Europe 2019).&nbsp;<\/p>\n\n\n\n<figure class=\"wp-block-image\"><img loading=\"lazy\" decoding=\"async\" width=\"1024\" height=\"683\" src=\"https:\/\/2019.valencia.wordcamp.org\/files\/2019\/09\/ana-cirujano-1024x683.jpg\" alt=\"\" class=\"wp-image-2512\" srcset=\"https:\/\/valencia.wordcamp.org\/2019\/files\/2019\/09\/ana-cirujano-1024x683.jpg 1024w, https:\/\/valencia.wordcamp.org\/2019\/files\/2019\/09\/ana-cirujano-300x200.jpg 300w, https:\/\/valencia.wordcamp.org\/2019\/files\/2019\/09\/ana-cirujano-768x512.jpg 768w, https:\/\/valencia.wordcamp.org\/2019\/files\/2019\/09\/ana-cirujano-450x300.jpg 450w, https:\/\/valencia.wordcamp.org\/2019\/files\/2019\/09\/ana-cirujano.jpg 1200w\" sizes=\"auto, (max-width: 767px) 89vw, (max-width: 1000px) 54vw, (max-width: 1071px) 543px, 580px\" \/><\/figure>\n\n\n\n<p class=\"wp-block-paragraph\">Lo cuento todo en mi blog,&nbsp;<a rel=\"noreferrer noopener\" href=\"http:\/\/easyworkation.com\/\" target=\"_blank\">easyworkation.com<\/a>&nbsp;y en el podcast&nbsp;<a rel=\"noreferrer noopener\" href=\"http:\/\/unbilleteachattanooga.com\/\" target=\"_blank\">unbilleteachattanooga.com<\/a>, con Pablo Moratinos.<\/p>\n\n\n\n<p class=\"wp-block-paragraph\">Redes sociales:<\/p>\n\n\n\n<p class=\"wp-block-paragraph\">Twitter: <a rel=\"noreferrer noopener\" aria-label=\"https:\/\/twitter.com\/acirujano (opens in a new tab)\" href=\"https:\/\/twitter.com\/acirujano\" target=\"_blank\">https:\/\/twitter.com\/acirujano<\/a><br>Linkedin: <a href=\"https:\/\/www.linkedin.com\/in\/acirujano\/\" target=\"_blank\" rel=\"noreferrer noopener\" aria-label=\"https:\/\/www.linkedin.com\/in\/acirujano\/ (opens in a new tab)\">https:\/\/www.linkedin.com\/in\/acirujano\/<\/a><\/p>\n","protected":false},"excerpt":{"rendered":"<p>Dise\u00f1adora especializada en WordPress en&nbsp;anacirujano.com. Licenciada en Sociolog\u00eda en 2005, realizo estudios superiores de Direcci\u00f3n Comercial y Marketing en 2008. Durante diez a\u00f1os me dedico al dise\u00f1o gr\u00e1fico en la Fundaci\u00f3n Universidad-Empresa, especializ\u00e1ndome en dise\u00f1o editorial y employer branding.&nbsp; En 2016, curso un M\u00e1ster en Dise\u00f1o y Desarrollo Web, decido independizarme y me especializo en &hellip; <\/p>\n<p class=\"link-more\"><a href=\"https:\/\/valencia.wordcamp.org\/2019\/speaker\/ana-cirujano\/\" class=\"more-link\">Continuar leyendo<span class=\"screen-reader-text\"> \u00abAna Cirujano\u00bb<\/span><\/a><\/p>\n","protected":false},"author":15679009,"featured_media":0,"comment_status":"closed","ping_status":"closed","template":"","meta":{"_crdt_document":"","jetpack_post_was_ever_published":false,"_wcpt_user_name":"acirujano","footnotes":""},"speaker_group":[],"class_list":["post-1736","wcb_speaker","type-wcb_speaker","status-publish","hentry"],"jetpack_sharing_enabled":true,"jetpack_shortlink":"https:\/\/wp.me\/paMxYZ-s0","avatar_urls":{"24":"https:\/\/secure.gravatar.com\/avatar\/83b21ee2f405251b0d09d91c3b56764b8ef19fd81cae4954dacd1520a7ab26cc?s=24&d=mm&r=g","48":"https:\/\/secure.gravatar.com\/avatar\/83b21ee2f405251b0d09d91c3b56764b8ef19fd81cae4954dacd1520a7ab26cc?s=48&d=mm&r=g","96":"https:\/\/secure.gravatar.com\/avatar\/83b21ee2f405251b0d09d91c3b56764b8ef19fd81cae4954dacd1520a7ab26cc?s=96&d=mm&r=g","128":"https:\/\/secure.gravatar.com\/avatar\/83b21ee2f405251b0d09d91c3b56764b8ef19fd81cae4954dacd1520a7ab26cc?s=128&d=mm&r=g","256":"https:\/\/secure.gravatar.com\/avatar\/83b21ee2f405251b0d09d91c3b56764b8ef19fd81cae4954dacd1520a7ab26cc?s=256&d=mm&r=g","512":"https:\/\/secure.gravatar.com\/avatar\/83b21ee2f405251b0d09d91c3b56764b8ef19fd81cae4954dacd1520a7ab26cc?s=512&d=mm&r=g"},"_links":{"self":[{"href":"https:\/\/valencia.wordcamp.org\/2019\/wp-json\/wp\/v2\/speakers\/1736","targetHints":{"allow":["GET"]}}],"collection":[{"href":"https:\/\/valencia.wordcamp.org\/2019\/wp-json\/wp\/v2\/speakers"}],"about":[{"href":"https:\/\/valencia.wordcamp.org\/2019\/wp-json\/wp\/v2\/types\/wcb_speaker"}],"author":[{"embeddable":true,"href":"https:\/\/valencia.wordcamp.org\/2019\/wp-json\/wp\/v2\/users\/15679009"}],"replies":[{"embeddable":true,"href":"https:\/\/valencia.wordcamp.org\/2019\/wp-json\/wp\/v2\/comments?post=1736"}],"version-history":[{"count":7,"href":"https:\/\/valencia.wordcamp.org\/2019\/wp-json\/wp\/v2\/speakers\/1736\/revisions"}],"predecessor-version":[{"id":2522,"href":"https:\/\/valencia.wordcamp.org\/2019\/wp-json\/wp\/v2\/speakers\/1736\/revisions\/2522"}],"sessions":[{"embeddable":true,"href":"https:\/\/valencia.wordcamp.org\/2019\/wp-json\/wp\/v2\/sessions\/1849?_embed=1&context=view"}],"wp:attachment":[{"href":"https:\/\/valencia.wordcamp.org\/2019\/wp-json\/wp\/v2\/media?parent=1736"}],"wp:term":[{"taxonomy":"wcb_speaker_group","embeddable":true,"href":"https:\/\/valencia.wordcamp.org\/2019\/wp-json\/wp\/v2\/speaker_group?post=1736"}],"curies":[{"name":"wp","href":"https:\/\/api.w.org\/{rel}","templated":true}]}}

<p class="wp-block-paragraph">Diseñadora especializada en WordPress en&nbsp;<a href="http://anacirujano.com/" target="_blank" rel="noreferrer noopener">anacirujano.com</a>.</p>



<p class="wp-block-paragraph">Licenciada en Sociología en 2005, realizo estudios superiores de Dirección Comercial y Marketing en 2008.</p>



<div class="wp-block-image"><figure class="aligncenter"><img loading="lazy" decoding="async" width="1024" height="576" src="https://2019.valencia.wordcamp.org/files/2019/08/ana-cirujano-2-1024x576-1024x576.jpg" alt="" class="wp-image-2521" srcset="https://valencia.wordcamp.org/2019/files/2019/08/ana-cirujano-2-1024x576.jpg 1024w, https://valencia.wordcamp.org/2019/files/2019/08/ana-cirujano-2-1024x576-300x169.jpg 300w, https://valencia.wordcamp.org/2019/files/2019/08/ana-cirujano-2-1024x576-768x432.jpg 768w, https://valencia.wordcamp.org/2019/files/2019/08/ana-cirujano-2-1024x576-500x281.jpg 500w" sizes="auto, (max-width: 767px) 89vw, (max-width: 1000px) 54vw, (max-width: 1071px) 543px, 580px" /></figure></div>



<p class="wp-block-paragraph">Durante diez años me dedico al diseño gráfico en la Fundación Universidad-Empresa, especializándome en diseño editorial y employer branding.&nbsp;</p>



<p class="wp-block-paragraph">En 2016, curso un Máster en Diseño y Desarrollo Web, decido independizarme y me especializo en el desarrollo de sitios web con WordPress.</p>



<p class="wp-block-paragraph">En la actualidad, formo parte activa de la Comunidad WordPress: coordino el equipo de Diseño de WordPress España, soy coorganizadora de la Meetup de WordPress Collado Villalba y de Torrelodones y asisto a todas las WordCamps que puedo (incluso he dado una charla en WordCamp Europe 2019).&nbsp;</p>



<figure class="wp-block-image"><img loading="lazy" decoding="async" width="1024" height="683" src="https://2019.valencia.wordcamp.org/files/2019/09/ana-cirujano-1024x683.jpg" alt="" class="wp-image-2512" srcset="https://valencia.wordcamp.org/2019/files/2019/09/ana-cirujano-1024x683.jpg 1024w, https://valencia.wordcamp.org/2019/files/2019/09/ana-cirujano-300x200.jpg 300w, https://valencia.wordcamp.org/2019/files/2019/09/ana-cirujano-768x512.jpg 768w, https://valencia.wordcamp.org/2019/files/2019/09/ana-cirujano-450x300.jpg 450w, https://valencia.wordcamp.org/2019/files/2019/09/ana-cirujano.jpg 1200w" sizes="auto, (max-width: 767px) 89vw, (max-width: 1000px) 54vw, (max-width: 1071px) 543px, 580px" /></figure>



<p class="wp-block-paragraph">Lo cuento todo en mi blog,&nbsp;<a rel="noreferrer noopener" href="http://easyworkation.com/" target="_blank">easyworkation.com</a>&nbsp;y en el podcast&nbsp;<a rel="noreferrer noopener" href="http://unbilleteachattanooga.com/" target="_blank">unbilleteachattanooga.com</a>, con Pablo Moratinos.</p>



<p class="wp-block-paragraph">Redes sociales:</p>



<p class="wp-block-paragraph">Twitter: <a rel="noreferrer noopener" aria-label="https://twitter.com/acirujano (opens in a new tab)" href="https://twitter.com/acirujano" target="_blank">https://twitter.com/acirujano</a><br>Linkedin: <a href="https://www.linkedin.com/in/acirujano/" target="_blank" rel="noreferrer noopener" aria-label="https://www.linkedin.com/in/acirujano/ (opens in a new tab)">https://www.linkedin.com/in/acirujano/</a></p>

<p>Diseñadora especializada en WordPress en&nbsp;anacirujano.com. Licenciada en Sociología en 2005, realizo estudios superiores de Dirección Comercial y Marketing en 2008. Durante diez años me dedico al diseño gráfico en la Fundación Universidad-Empresa, especializándome en diseño editorial y employer branding.&nbsp; En 2016, curso un Máster en Diseño y Desarrollo Web, decido independizarme y me especializo en &hellip; </p>
<p class="link-more"><a href="https://valencia.wordcamp.org/2019/speaker/ana-cirujano/" class="more-link">Continuar leyendo<span class="screen-reader-text"> «Ana Cirujano»</span></a></p>
