{"id":1740,"date":"2019-08-12T10:28:08","date_gmt":"2019-08-12T08:28:08","guid":{"rendered":"https:\/\/2019.valencia.wordcamp.org\/?post_type=wcb_speaker&#038;p=1740"},"modified":"2019-09-09T10:09:14","modified_gmt":"2019-09-09T08:09:14","slug":"noelia-regalado","status":"publish","type":"wcb_speaker","link":"https:\/\/valencia.wordcamp.org\/2019\/speaker\/noelia-regalado\/","title":{"rendered":"Noelia Regalado"},"content":{"rendered":"\n<p class=\"wp-block-paragraph\">Mi nombre es Noelia Regalado, tengo 30 a\u00f1os y llevo 2 a\u00f1os dedicandome al posicionamiento web (SEO), actualmente trabajo como consultora SEO freelance ofreciendo mis servicios mediante mi propia web \u200b<a rel=\"noreferrer noopener\" aria-label=\"https:\/\/noeliaregalado.com (opens in a new tab)\" href=\"https:\/\/noeliaregalado.com\" target=\"_blank\">https:\/\/noeliaregalado.com<\/a>\u200b y al mismo tiempo soy CEO de\u200b <a href=\"https:\/\/seoforce.es\/\" target=\"_blank\" rel=\"noreferrer noopener\" aria-label=\"SeoForce Agency (opens in a new tab)\">SeoForce Agency<\/a>\u200b, una agencia digital de posicionamiento web. <\/p>\n\n\n\n<p class=\"wp-block-paragraph\">Comenc\u00e9 a formarme inicialmente en el mundo del marketing digital por mi cuenta tras haber trabajado m\u00e1s de 6 a\u00f1os en el sector de las telecomunicaciones como comercial de ventas, un d\u00eda me levant\u00e9 y supe que eso no era lo m\u00edo, y comenc\u00e9 a formarme para aquello que siempre me gust\u00f3, el mundo digital. <\/p>\n\n\n\n<p class=\"wp-block-paragraph\">Cu\u00e1ndo conoc\u00ed el posicionamiento web fue amor a primera vista, desde el primer momento\nen el que empec\u00e9 a tocar cosas y ver resultados supe que eso era a lo que quer\u00eda\ndedicarme por completo, y aqu\u00ed sigo, dando todo d\u00eda a d\u00eda por ayudar a mis clientes, a los\nde la agencia y a los proyectos propios a ganar posiciones en las SERPs.\n<\/p>\n\n\n\n<p class=\"wp-block-paragraph\">Mi experiencia en ponencias y formaciones acaba de empezar pr\u00e1cticamente, hace unos\nmeses tuve el placer de formar parte de un taller pr\u00e1ctico sobre posicionamiento en\nbuscadores en la c\u00e1mara de comercio de Ciudad Real donde pude vivir por primera vez la\nexperiencia de compartir mis conocimientos con el resto de personas, y eso, me hizo sentir\nmuy feliz.\n<\/p>\n\n\n\n<p class=\"wp-block-paragraph\">El pr\u00f3ximo 7 de septiembre estar\u00e9 dando una ponencia en SEOLanParty, un evento SEO\nque se realizar\u00e1 en Palam\u00f3s, y en Octubre estar\u00e9 con vosotros en mi primera WordCamp.\n<\/p>\n\n\n\n<p class=\"wp-block-paragraph\">Twitter\u00a0<a rel=\"noreferrer noopener\" href=\"https:\/\/twitter.com\/noelia_regalado\" target=\"_blank\">https:\/\/twitter.com\/noelia_regalado<\/a>\u00a0(@noelia_regalado)<br>Instagram:\u00a0<a rel=\"noreferrer noopener\" href=\"https:\/\/www.instagram.com\/noelia_regalado_\/\" target=\"_blank\">https:\/\/www.instagram.com\/noelia_regalado_\/<\/a>\u00a0(@noelia_regalado_)<br>LinkedIn:\u00a0<a rel=\"noreferrer noopener\" href=\"https:\/\/www.linkedin.com\/in\/noeliaregaladopino\/\" target=\"_blank\">https:\/\/www.linkedin.com\/in\/noeliaregaladopino\/<\/a><br>Facebook:\u00a0<a rel=\"noreferrer noopener\" href=\"https:\/\/www.facebook.com\/NoeliaRegaladoSEO\/\" target=\"_blank\">https:\/\/www.facebook.com\/NoeliaRegaladoSEO\/<\/a><\/p>\n","protected":false},"excerpt":{"rendered":"<p>Mi nombre es Noelia Regalado, tengo 30 a\u00f1os y llevo 2 a\u00f1os dedicandome al posicionamiento web (SEO), actualmente trabajo como consultora SEO freelance ofreciendo mis servicios mediante mi propia web \u200bhttps:\/\/noeliaregalado.com\u200b y al mismo tiempo soy CEO de\u200b SeoForce Agency\u200b, una agencia digital de posicionamiento web. Comenc\u00e9 a formarme inicialmente en el mundo del marketing &hellip; <\/p>\n<p class=\"link-more\"><a href=\"https:\/\/valencia.wordcamp.org\/2019\/speaker\/noelia-regalado\/\" class=\"more-link\">Continuar leyendo<span class=\"screen-reader-text\"> \u00abNoelia Regalado\u00bb<\/span><\/a><\/p>\n","protected":false},"author":15679009,"featured_media":0,"comment_status":"closed","ping_status":"closed","template":"","meta":{"_crdt_document":"","jetpack_post_was_ever_published":false,"_wcpt_user_name":"","footnotes":""},"speaker_group":[],"class_list":["post-1740","wcb_speaker","type-wcb_speaker","status-publish","hentry"],"jetpack_sharing_enabled":true,"jetpack_shortlink":"https:\/\/wp.me\/paMxYZ-s4","avatar_urls":{"24":"https:\/\/secure.gravatar.com\/avatar\/a3f120b8ad7958dc8d85f2d11d586f52afc345bdfa951b6caae88f31ede36bf7?s=24&d=mm&r=g","48":"https:\/\/secure.gravatar.com\/avatar\/a3f120b8ad7958dc8d85f2d11d586f52afc345bdfa951b6caae88f31ede36bf7?s=48&d=mm&r=g","96":"https:\/\/secure.gravatar.com\/avatar\/a3f120b8ad7958dc8d85f2d11d586f52afc345bdfa951b6caae88f31ede36bf7?s=96&d=mm&r=g","128":"https:\/\/secure.gravatar.com\/avatar\/a3f120b8ad7958dc8d85f2d11d586f52afc345bdfa951b6caae88f31ede36bf7?s=128&d=mm&r=g","256":"https:\/\/secure.gravatar.com\/avatar\/a3f120b8ad7958dc8d85f2d11d586f52afc345bdfa951b6caae88f31ede36bf7?s=256&d=mm&r=g","512":"https:\/\/secure.gravatar.com\/avatar\/a3f120b8ad7958dc8d85f2d11d586f52afc345bdfa951b6caae88f31ede36bf7?s=512&d=mm&r=g"},"_links":{"self":[{"href":"https:\/\/valencia.wordcamp.org\/2019\/wp-json\/wp\/v2\/speakers\/1740","targetHints":{"allow":["GET"]}}],"collection":[{"href":"https:\/\/valencia.wordcamp.org\/2019\/wp-json\/wp\/v2\/speakers"}],"about":[{"href":"https:\/\/valencia.wordcamp.org\/2019\/wp-json\/wp\/v2\/types\/wcb_speaker"}],"author":[{"embeddable":true,"href":"https:\/\/valencia.wordcamp.org\/2019\/wp-json\/wp\/v2\/users\/15679009"}],"replies":[{"embeddable":true,"href":"https:\/\/valencia.wordcamp.org\/2019\/wp-json\/wp\/v2\/comments?post=1740"}],"version-history":[{"count":8,"href":"https:\/\/valencia.wordcamp.org\/2019\/wp-json\/wp\/v2\/speakers\/1740\/revisions"}],"predecessor-version":[{"id":2244,"href":"https:\/\/valencia.wordcamp.org\/2019\/wp-json\/wp\/v2\/speakers\/1740\/revisions\/2244"}],"sessions":[{"embeddable":true,"href":"https:\/\/valencia.wordcamp.org\/2019\/wp-json\/wp\/v2\/sessions\/1854?_embed=1&context=view"}],"wp:attachment":[{"href":"https:\/\/valencia.wordcamp.org\/2019\/wp-json\/wp\/v2\/media?parent=1740"}],"wp:term":[{"taxonomy":"wcb_speaker_group","embeddable":true,"href":"https:\/\/valencia.wordcamp.org\/2019\/wp-json\/wp\/v2\/speaker_group?post=1740"}],"curies":[{"name":"wp","href":"https:\/\/api.w.org\/{rel}","templated":true}]}}

<p class="wp-block-paragraph">Mi nombre es Noelia Regalado, tengo 30 años y llevo 2 años dedicandome al posicionamiento web (SEO), actualmente trabajo como consultora SEO freelance ofreciendo mis servicios mediante mi propia web ​<a rel="noreferrer noopener" aria-label="https://noeliaregalado.com (opens in a new tab)" href="https://noeliaregalado.com" target="_blank">https://noeliaregalado.com</a>​ y al mismo tiempo soy CEO de​ <a href="https://seoforce.es/" target="_blank" rel="noreferrer noopener" aria-label="SeoForce Agency (opens in a new tab)">SeoForce Agency</a>​, una agencia digital de posicionamiento web. </p>



<p class="wp-block-paragraph">Comencé a formarme inicialmente en el mundo del marketing digital por mi cuenta tras haber trabajado más de 6 años en el sector de las telecomunicaciones como comercial de ventas, un día me levanté y supe que eso no era lo mío, y comencé a formarme para aquello que siempre me gustó, el mundo digital. </p>



<p class="wp-block-paragraph">Cuándo conocí el posicionamiento web fue amor a primera vista, desde el primer momento
en el que empecé a tocar cosas y ver resultados supe que eso era a lo que quería
dedicarme por completo, y aquí sigo, dando todo día a día por ayudar a mis clientes, a los
de la agencia y a los proyectos propios a ganar posiciones en las SERPs.
</p>



<p class="wp-block-paragraph">Mi experiencia en ponencias y formaciones acaba de empezar prácticamente, hace unos
meses tuve el placer de formar parte de un taller práctico sobre posicionamiento en
buscadores en la cámara de comercio de Ciudad Real donde pude vivir por primera vez la
experiencia de compartir mis conocimientos con el resto de personas, y eso, me hizo sentir
muy feliz.
</p>



<p class="wp-block-paragraph">El próximo 7 de septiembre estaré dando una ponencia en SEOLanParty, un evento SEO
que se realizará en Palamós, y en Octubre estaré con vosotros en mi primera WordCamp.
</p>



<p class="wp-block-paragraph">Twitter <a rel="noreferrer noopener" href="https://twitter.com/noelia_regalado" target="_blank">https://twitter.com/noelia_regalado</a> (@noelia_regalado)<br>Instagram: <a rel="noreferrer noopener" href="https://www.instagram.com/noelia_regalado_/" target="_blank">https://www.instagram.com/noelia_regalado_/</a> (@noelia_regalado_)<br>LinkedIn: <a rel="noreferrer noopener" href="https://www.linkedin.com/in/noeliaregaladopino/" target="_blank">https://www.linkedin.com/in/noeliaregaladopino/</a><br>Facebook: <a rel="noreferrer noopener" href="https://www.facebook.com/NoeliaRegaladoSEO/" target="_blank">https://www.facebook.com/NoeliaRegaladoSEO/</a></p>

<p>Mi nombre es Noelia Regalado, tengo 30 años y llevo 2 años dedicandome al posicionamiento web (SEO), actualmente trabajo como consultora SEO freelance ofreciendo mis servicios mediante mi propia web ​https://noeliaregalado.com​ y al mismo tiempo soy CEO de​ SeoForce Agency​, una agencia digital de posicionamiento web. Comencé a formarme inicialmente en el mundo del marketing &hellip; </p>
<p class="link-more"><a href="https://valencia.wordcamp.org/2019/speaker/noelia-regalado/" class="more-link">Continuar leyendo<span class="screen-reader-text"> «Noelia Regalado»</span></a></p>
