{"id":1748,"date":"2019-08-12T10:31:46","date_gmt":"2019-08-12T08:31:46","guid":{"rendered":"https:\/\/2019.valencia.wordcamp.org\/?post_type=wcb_speaker&#038;p=1748"},"modified":"2019-08-28T14:25:52","modified_gmt":"2019-08-28T12:25:52","slug":"pablo-moratinos","status":"publish","type":"wcb_speaker","link":"https:\/\/valencia.wordcamp.org\/2019\/speaker\/pablo-moratinos\/","title":{"rendered":"Pablo Moratinos"},"content":{"rendered":"\n<p class=\"wp-block-paragraph\"><\/p>\n\n\n\n<p class=\"wp-block-paragraph\">Llegu\u00e9 al mundo WordPress hacia 2006 porque quer\u00eda empezar a publicar en internet las cosas que me interesaban. Escrib\u00eda sobre rutas de monta\u00f1a y t\u00e9cnica fotogr\u00e1fica, fundamentalmente.<\/p>\n\n\n\n<p class=\"wp-block-paragraph\">Poco tiempo despu\u00e9s cree mi segundo blog con WP, una serie de apuntes sobre mis experiencias con el software libre, GNU-Linux y WordPress. Tengo una cabeza mal\u00edsima y era la mejor forma de recordar c\u00f3mo resolver los problemas que se me repet\u00edan.<\/p>\n\n\n\n<p class=\"wp-block-paragraph\">A partir de ah\u00ed me enganch\u00e9 y empec\u00e9 a profundizar en el tema hasta que en 2012 pens\u00e9 que podr\u00eda ganarme la vida creando sitios web para otras personas.<\/p>\n\n\n\n<p class=\"wp-block-paragraph\">Ese a\u00f1o dej\u00e9 mi trabajo de publicidad en televisi\u00f3n y fund\u00e9 3ymedia, una peque\u00f1a agencia de marketing online en Irun (Gipuzkoa) donde WordPress es uno de los pilares fundamentales. Tambi\u00e9n hacemos cosas de anal\u00edtica, UX, SEO y SEM.<\/p>\n\n\n\n<p class=\"wp-block-paragraph\">Esto implic\u00f3 una inversi\u00f3n de tiempo enorme en formaci\u00f3n t\u00e9cnica, te\u00f3rica y estrat\u00e9gica. En realidad contin\u00fao form\u00e1ndome cada d\u00eda. Es lo que tiene trabajar en la red \u00bfverdad?<\/p>\n\n\n\n<p class=\"wp-block-paragraph\">Posteriormente me acerqu\u00e9 a la comunidad WordPress. Descubr\u00ed sus grupos de trabajo, su funcionamiento, su pasi\u00f3n y sobre todo sus eventos. Todo me pareci\u00f3 alucinante. \u00bfC\u00f3mo no lo hab\u00eda conocido antes?<\/p>\n\n\n\n<figure class=\"wp-block-image\"><img loading=\"lazy\" decoding=\"async\" width=\"1024\" height=\"683\" src=\"https:\/\/2019.valencia.wordcamp.org\/files\/2019\/08\/WCMAD18-PabloMoratinos-1024-1024x683.jpg\" alt=\"\" class=\"wp-image-2103\" srcset=\"https:\/\/valencia.wordcamp.org\/2019\/files\/2019\/08\/WCMAD18-PabloMoratinos-1024.jpg 1024w, https:\/\/valencia.wordcamp.org\/2019\/files\/2019\/08\/WCMAD18-PabloMoratinos-1024-300x200.jpg 300w, https:\/\/valencia.wordcamp.org\/2019\/files\/2019\/08\/WCMAD18-PabloMoratinos-1024-768x512.jpg 768w, https:\/\/valencia.wordcamp.org\/2019\/files\/2019\/08\/WCMAD18-PabloMoratinos-1024-450x300.jpg 450w\" sizes=\"auto, (max-width: 767px) 89vw, (max-width: 1000px) 54vw, (max-width: 1071px) 543px, 580px\" \/><\/figure>\n\n\n\n<p class=\"wp-block-paragraph\">Mi primera WordCamp fue tan impactante que ya sal\u00ed de ella con el objetivo claro de montar una meetup en mi ciudad. Naci\u00f3 Irun WordPress y dos a\u00f1os despu\u00e9s ya hab\u00edamos organizado dos WordCamp fant\u00e1sticas.<\/p>\n\n\n\n<p class=\"wp-block-paragraph\">Al mismo tiempo he sido voluntario y ponente en otras WordCamp. Lo primero me permiti\u00f3 vivir desde dentro la m\u00e1gica WC Chiclana del 2017. Con lo segundo he podido disfrutar del cari\u00f1o de las comunidades de Santander, Las Palmas, Madrid, Barcelona, Granada o Zaragoza, por ejemplo.<\/p>\n\n\n\n<p class=\"wp-block-paragraph\">Profesionalmente los \u00faltimos 3 a\u00f1os han sido vertiginosos. He conocido a muchos de mis \u00eddolos, he compartido escenario con ellos, considero buenos amigos a varios responsables de las mejores marcas del ecosistema WordPress y adem\u00e1s profesionalmente soy capaz de afrontar proyectos mucho m\u00e1s complejos.<\/p>\n\n\n\n<figure class=\"wp-block-image\"><img loading=\"lazy\" decoding=\"async\" width=\"1024\" height=\"346\" src=\"https:\/\/2019.valencia.wordcamp.org\/files\/2019\/08\/WCBCN18-PabloMoratinos-1024-1024x346.jpg\" alt=\"\" class=\"wp-image-2102\" srcset=\"https:\/\/valencia.wordcamp.org\/2019\/files\/2019\/08\/WCBCN18-PabloMoratinos-1024.jpg 1024w, https:\/\/valencia.wordcamp.org\/2019\/files\/2019\/08\/WCBCN18-PabloMoratinos-1024-300x101.jpg 300w, https:\/\/valencia.wordcamp.org\/2019\/files\/2019\/08\/WCBCN18-PabloMoratinos-1024-768x260.jpg 768w, https:\/\/valencia.wordcamp.org\/2019\/files\/2019\/08\/WCBCN18-PabloMoratinos-1024-500x169.jpg 500w\" sizes=\"auto, (max-width: 767px) 89vw, (max-width: 1000px) 54vw, (max-width: 1071px) 543px, 580px\" \/><\/figure>\n\n\n\n<p class=\"wp-block-paragraph\">Todo esto me lo ha dado WordPress y su gente, sin pedirme nada a cambio, por eso trato de echar un cable en las \u00e1reas de la comunidad donde creo que puedo ayudar mejor: soporte, TV y comunidad. Tambi\u00e9n echo un cable en las traducciones a euskera.<\/p>\n\n\n\n<p class=\"wp-block-paragraph\">Tengo familia, dos hijas mellizas geniales y una empresa propia as\u00ed que \u00bfde d\u00f3nde saco el tiempo para invertirlo en la comunidad? De donde puedo, del trabajo y de la familia. WordPress me da mucho, profesional y personalmente as\u00ed que me siento mucho mejor tratando de aportar mi granito de arena.<\/p>\n\n\n\n<figure class=\"wp-block-image\"><img loading=\"lazy\" decoding=\"async\" width=\"1024\" height=\"683\" src=\"https:\/\/2019.valencia.wordcamp.org\/files\/2019\/08\/WCMAD19-005-1024-1024x683.jpg\" alt=\"\" class=\"wp-image-2104\" srcset=\"https:\/\/valencia.wordcamp.org\/2019\/files\/2019\/08\/WCMAD19-005-1024.jpg 1024w, https:\/\/valencia.wordcamp.org\/2019\/files\/2019\/08\/WCMAD19-005-1024-300x200.jpg 300w, https:\/\/valencia.wordcamp.org\/2019\/files\/2019\/08\/WCMAD19-005-1024-768x512.jpg 768w, https:\/\/valencia.wordcamp.org\/2019\/files\/2019\/08\/WCMAD19-005-1024-450x300.jpg 450w\" sizes=\"auto, (max-width: 767px) 89vw, (max-width: 1000px) 54vw, (max-width: 1071px) 543px, 580px\" \/><\/figure>\n\n\n\n<p class=\"wp-block-paragraph\">Mis enlaces sociales son los siguientes:<br><a rel=\"noreferrer noopener\" href=\"https:\/\/twitter.com\/pablomoratinos\" target=\"_blank\">https:\/\/twitter.com\/pablomoratinos<\/a><br><a rel=\"noreferrer noopener\" href=\"https:\/\/www.facebook.com\/pablomoratinoswp\/\" target=\"_blank\">https:\/\/www.facebook.com\/pablomoratinoswp\/<\/a><br><a rel=\"noreferrer noopener\" href=\"https:\/\/www.linkedin.com\/in\/pmoratinos\/\" target=\"_blank\">https:\/\/www.linkedin.com\/in\/pmoratinos\/<\/a><\/p>\n\n\n\n<p class=\"wp-block-paragraph\">Mi web:&nbsp;<a rel=\"noreferrer noopener\" href=\"https:\/\/3ymedia.net\/\" target=\"_blank\">https:\/\/3ymedia.net<\/a><br>Mi blog personal&nbsp;<a rel=\"noreferrer noopener\" href=\"https:\/\/pablomoratinos.es\/\" target=\"_blank\">https:\/\/pablomoratinos.es<\/a><\/p>\n","protected":false},"excerpt":{"rendered":"<p>Llegu\u00e9 al mundo WordPress hacia 2006 porque quer\u00eda empezar a publicar en internet las cosas que me interesaban. Escrib\u00eda sobre rutas de monta\u00f1a y t\u00e9cnica fotogr\u00e1fica, fundamentalmente. Poco tiempo despu\u00e9s cree mi segundo blog con WP, una serie de apuntes sobre mis experiencias con el software libre, GNU-Linux y WordPress. Tengo una cabeza mal\u00edsima y &hellip; <\/p>\n<p class=\"link-more\"><a href=\"https:\/\/valencia.wordcamp.org\/2019\/speaker\/pablo-moratinos\/\" class=\"more-link\">Continuar leyendo<span class=\"screen-reader-text\"> \u00abPablo Moratinos\u00bb<\/span><\/a><\/p>\n","protected":false},"author":15679009,"featured_media":0,"comment_status":"closed","ping_status":"closed","template":"","meta":{"_crdt_document":"","jetpack_post_was_ever_published":false,"_wcpt_user_name":"Pablo Moratinos","footnotes":""},"speaker_group":[],"class_list":["post-1748","wcb_speaker","type-wcb_speaker","status-publish","hentry"],"jetpack_sharing_enabled":true,"jetpack_shortlink":"https:\/\/wp.me\/paMxYZ-sc","avatar_urls":{"24":"https:\/\/secure.gravatar.com\/avatar\/f4a5191289cc5c209cce4939108bd8c4d087d6c59dec8e794ec7fac8ec8f6f26?s=24&d=mm&r=g","48":"https:\/\/secure.gravatar.com\/avatar\/f4a5191289cc5c209cce4939108bd8c4d087d6c59dec8e794ec7fac8ec8f6f26?s=48&d=mm&r=g","96":"https:\/\/secure.gravatar.com\/avatar\/f4a5191289cc5c209cce4939108bd8c4d087d6c59dec8e794ec7fac8ec8f6f26?s=96&d=mm&r=g","128":"https:\/\/secure.gravatar.com\/avatar\/f4a5191289cc5c209cce4939108bd8c4d087d6c59dec8e794ec7fac8ec8f6f26?s=128&d=mm&r=g","256":"https:\/\/secure.gravatar.com\/avatar\/f4a5191289cc5c209cce4939108bd8c4d087d6c59dec8e794ec7fac8ec8f6f26?s=256&d=mm&r=g","512":"https:\/\/secure.gravatar.com\/avatar\/f4a5191289cc5c209cce4939108bd8c4d087d6c59dec8e794ec7fac8ec8f6f26?s=512&d=mm&r=g"},"_links":{"self":[{"href":"https:\/\/valencia.wordcamp.org\/2019\/wp-json\/wp\/v2\/speakers\/1748","targetHints":{"allow":["GET"]}}],"collection":[{"href":"https:\/\/valencia.wordcamp.org\/2019\/wp-json\/wp\/v2\/speakers"}],"about":[{"href":"https:\/\/valencia.wordcamp.org\/2019\/wp-json\/wp\/v2\/types\/wcb_speaker"}],"author":[{"embeddable":true,"href":"https:\/\/valencia.wordcamp.org\/2019\/wp-json\/wp\/v2\/users\/15679009"}],"replies":[{"embeddable":true,"href":"https:\/\/valencia.wordcamp.org\/2019\/wp-json\/wp\/v2\/comments?post=1748"}],"version-history":[{"count":7,"href":"https:\/\/valencia.wordcamp.org\/2019\/wp-json\/wp\/v2\/speakers\/1748\/revisions"}],"predecessor-version":[{"id":2106,"href":"https:\/\/valencia.wordcamp.org\/2019\/wp-json\/wp\/v2\/speakers\/1748\/revisions\/2106"}],"sessions":[{"embeddable":true,"href":"https:\/\/valencia.wordcamp.org\/2019\/wp-json\/wp\/v2\/sessions\/1868?_embed=1&context=view"}],"wp:attachment":[{"href":"https:\/\/valencia.wordcamp.org\/2019\/wp-json\/wp\/v2\/media?parent=1748"}],"wp:term":[{"taxonomy":"wcb_speaker_group","embeddable":true,"href":"https:\/\/valencia.wordcamp.org\/2019\/wp-json\/wp\/v2\/speaker_group?post=1748"}],"curies":[{"name":"wp","href":"https:\/\/api.w.org\/{rel}","templated":true}]}}

<p class="wp-block-paragraph"></p>



<p class="wp-block-paragraph">Llegué al mundo WordPress hacia 2006 porque quería empezar a publicar en internet las cosas que me interesaban. Escribía sobre rutas de montaña y técnica fotográfica, fundamentalmente.</p>



<p class="wp-block-paragraph">Poco tiempo después cree mi segundo blog con WP, una serie de apuntes sobre mis experiencias con el software libre, GNU-Linux y WordPress. Tengo una cabeza malísima y era la mejor forma de recordar cómo resolver los problemas que se me repetían.</p>



<p class="wp-block-paragraph">A partir de ahí me enganché y empecé a profundizar en el tema hasta que en 2012 pensé que podría ganarme la vida creando sitios web para otras personas.</p>



<p class="wp-block-paragraph">Ese año dejé mi trabajo de publicidad en televisión y fundé 3ymedia, una pequeña agencia de marketing online en Irun (Gipuzkoa) donde WordPress es uno de los pilares fundamentales. También hacemos cosas de analítica, UX, SEO y SEM.</p>



<p class="wp-block-paragraph">Esto implicó una inversión de tiempo enorme en formación técnica, teórica y estratégica. En realidad continúo formándome cada día. Es lo que tiene trabajar en la red ¿verdad?</p>



<p class="wp-block-paragraph">Posteriormente me acerqué a la comunidad WordPress. Descubrí sus grupos de trabajo, su funcionamiento, su pasión y sobre todo sus eventos. Todo me pareció alucinante. ¿Cómo no lo había conocido antes?</p>



<figure class="wp-block-image"><img loading="lazy" decoding="async" width="1024" height="683" src="https://2019.valencia.wordcamp.org/files/2019/08/WCMAD18-PabloMoratinos-1024-1024x683.jpg" alt="" class="wp-image-2103" srcset="https://valencia.wordcamp.org/2019/files/2019/08/WCMAD18-PabloMoratinos-1024.jpg 1024w, https://valencia.wordcamp.org/2019/files/2019/08/WCMAD18-PabloMoratinos-1024-300x200.jpg 300w, https://valencia.wordcamp.org/2019/files/2019/08/WCMAD18-PabloMoratinos-1024-768x512.jpg 768w, https://valencia.wordcamp.org/2019/files/2019/08/WCMAD18-PabloMoratinos-1024-450x300.jpg 450w" sizes="auto, (max-width: 767px) 89vw, (max-width: 1000px) 54vw, (max-width: 1071px) 543px, 580px" /></figure>



<p class="wp-block-paragraph">Mi primera WordCamp fue tan impactante que ya salí de ella con el objetivo claro de montar una meetup en mi ciudad. Nació Irun WordPress y dos años después ya habíamos organizado dos WordCamp fantásticas.</p>



<p class="wp-block-paragraph">Al mismo tiempo he sido voluntario y ponente en otras WordCamp. Lo primero me permitió vivir desde dentro la mágica WC Chiclana del 2017. Con lo segundo he podido disfrutar del cariño de las comunidades de Santander, Las Palmas, Madrid, Barcelona, Granada o Zaragoza, por ejemplo.</p>



<p class="wp-block-paragraph">Profesionalmente los últimos 3 años han sido vertiginosos. He conocido a muchos de mis ídolos, he compartido escenario con ellos, considero buenos amigos a varios responsables de las mejores marcas del ecosistema WordPress y además profesionalmente soy capaz de afrontar proyectos mucho más complejos.</p>



<figure class="wp-block-image"><img loading="lazy" decoding="async" width="1024" height="346" src="https://2019.valencia.wordcamp.org/files/2019/08/WCBCN18-PabloMoratinos-1024-1024x346.jpg" alt="" class="wp-image-2102" srcset="https://valencia.wordcamp.org/2019/files/2019/08/WCBCN18-PabloMoratinos-1024.jpg 1024w, https://valencia.wordcamp.org/2019/files/2019/08/WCBCN18-PabloMoratinos-1024-300x101.jpg 300w, https://valencia.wordcamp.org/2019/files/2019/08/WCBCN18-PabloMoratinos-1024-768x260.jpg 768w, https://valencia.wordcamp.org/2019/files/2019/08/WCBCN18-PabloMoratinos-1024-500x169.jpg 500w" sizes="auto, (max-width: 767px) 89vw, (max-width: 1000px) 54vw, (max-width: 1071px) 543px, 580px" /></figure>



<p class="wp-block-paragraph">Todo esto me lo ha dado WordPress y su gente, sin pedirme nada a cambio, por eso trato de echar un cable en las áreas de la comunidad donde creo que puedo ayudar mejor: soporte, TV y comunidad. También echo un cable en las traducciones a euskera.</p>



<p class="wp-block-paragraph">Tengo familia, dos hijas mellizas geniales y una empresa propia así que ¿de dónde saco el tiempo para invertirlo en la comunidad? De donde puedo, del trabajo y de la familia. WordPress me da mucho, profesional y personalmente así que me siento mucho mejor tratando de aportar mi granito de arena.</p>



<figure class="wp-block-image"><img loading="lazy" decoding="async" width="1024" height="683" src="https://2019.valencia.wordcamp.org/files/2019/08/WCMAD19-005-1024-1024x683.jpg" alt="" class="wp-image-2104" srcset="https://valencia.wordcamp.org/2019/files/2019/08/WCMAD19-005-1024.jpg 1024w, https://valencia.wordcamp.org/2019/files/2019/08/WCMAD19-005-1024-300x200.jpg 300w, https://valencia.wordcamp.org/2019/files/2019/08/WCMAD19-005-1024-768x512.jpg 768w, https://valencia.wordcamp.org/2019/files/2019/08/WCMAD19-005-1024-450x300.jpg 450w" sizes="auto, (max-width: 767px) 89vw, (max-width: 1000px) 54vw, (max-width: 1071px) 543px, 580px" /></figure>



<p class="wp-block-paragraph">Mis enlaces sociales son los siguientes:<br><a rel="noreferrer noopener" href="https://twitter.com/pablomoratinos" target="_blank">https://twitter.com/pablomoratinos</a><br><a rel="noreferrer noopener" href="https://www.facebook.com/pablomoratinoswp/" target="_blank">https://www.facebook.com/pablomoratinoswp/</a><br><a rel="noreferrer noopener" href="https://www.linkedin.com/in/pmoratinos/" target="_blank">https://www.linkedin.com/in/pmoratinos/</a></p>



<p class="wp-block-paragraph">Mi web:&nbsp;<a rel="noreferrer noopener" href="https://3ymedia.net/" target="_blank">https://3ymedia.net</a><br>Mi blog personal&nbsp;<a rel="noreferrer noopener" href="https://pablomoratinos.es/" target="_blank">https://pablomoratinos.es</a></p>

<p>Llegué al mundo WordPress hacia 2006 porque quería empezar a publicar en internet las cosas que me interesaban. Escribía sobre rutas de montaña y técnica fotográfica, fundamentalmente. Poco tiempo después cree mi segundo blog con WP, una serie de apuntes sobre mis experiencias con el software libre, GNU-Linux y WordPress. Tengo una cabeza malísima y &hellip; </p>
<p class="link-more"><a href="https://valencia.wordcamp.org/2019/speaker/pablo-moratinos/" class="more-link">Continuar leyendo<span class="screen-reader-text"> «Pablo Moratinos»</span></a></p>
