{"id":1753,"date":"2019-08-12T10:34:23","date_gmt":"2019-08-12T08:34:23","guid":{"rendered":"https:\/\/2019.valencia.wordcamp.org\/?post_type=wcb_speaker&#038;p=1753"},"modified":"2019-10-07T18:22:16","modified_gmt":"2019-10-07T16:22:16","slug":"margaret-gonzalez","status":"publish","type":"wcb_speaker","link":"https:\/\/valencia.wordcamp.org\/2019\/speaker\/margaret-gonzalez\/","title":{"rendered":"Margaret Gonz\u00e1lez"},"content":{"rendered":"\n<p class=\"wp-block-paragraph\">Periodista por vocaci\u00f3n y profesi\u00f3n. Me apasiona la comunicaci\u00f3n en todas sus variantes. Hablar, escribir,\u2026Todo comunica y sirve para transmitir los valores de tu negocio.<\/p>\n\n\n\n<p class=\"wp-block-paragraph\"><br>Desde 2013 soy una enganchada, adem\u00e1s, al mundo del emprendimiento, a luchar por vivir de nuestras pasiones, trabajando duro pero disfrutando del camino.&nbsp;<br><\/p>\n\n\n\n<figure class=\"wp-block-image\"><img loading=\"lazy\" decoding=\"async\" width=\"1000\" height=\"667\" src=\"https:\/\/2019.valencia.wordcamp.org\/files\/2019\/09\/yo_Principal.jpg\" alt=\"\" class=\"wp-image-2457\" srcset=\"https:\/\/valencia.wordcamp.org\/2019\/files\/2019\/09\/yo_Principal.jpg 1000w, https:\/\/valencia.wordcamp.org\/2019\/files\/2019\/09\/yo_Principal-300x200.jpg 300w, https:\/\/valencia.wordcamp.org\/2019\/files\/2019\/09\/yo_Principal-768x512.jpg 768w, https:\/\/valencia.wordcamp.org\/2019\/files\/2019\/09\/yo_Principal-450x300.jpg 450w\" sizes=\"auto, (max-width: 767px) 89vw, (max-width: 1000px) 54vw, (max-width: 1071px) 543px, 580px\" \/><\/figure>\n\n\n\n<p class=\"wp-block-paragraph\">Por eso cre\u00e9 Canal Inizia, mi agencia de prensa y comunicaci\u00f3n desde la que ayudo a que empresas y emprendedores con ganas de cambiar el mundo, como t\u00fa, lleguen a m\u00e1s gente. Os ayudo a ganar&nbsp;visibilidad, confianza y reputaci\u00f3n&nbsp;para tu marca&nbsp;apareciendo en medios de comunicaci\u00f3n.<br><\/p>\n\n\n\n<p class=\"wp-block-paragraph\">Si quieres tener repercusi\u00f3n, reputaci\u00f3n y posicionarte como referente en tu sector tienes que hacer algo distinto, atreverte a subir el famoso escal\u00f3n: tienes que aparecer en los medios de comunicaci\u00f3n.<br><\/p>\n\n\n\n<p class=\"wp-block-paragraph\">Te ayudar\u00e9 a ser un altavoz para tu empresa, a posicionarte y crecer a la vez que generas impacto social en tu vida y tu entorno, apareciendo en los medios de comunicaci\u00f3n para as\u00ed  llegar, en poco tiempo, a miles de personas.<\/p>\n\n\n\n<p class=\"wp-block-paragraph\">La comunicaci\u00f3n en tu negocio es vital: es tu esencia, tus valores y eso tiene que verse y sentirse. Es necesario controlar toda la informaci\u00f3n que genera tu negocio, saber dominar qu\u00e9 comunicas y qu\u00e9 no para crear la imagen de marca que deseas y no dejarlo al azar.<br><\/p>\n\n\n\n<p class=\"wp-block-paragraph\">S\u00e9 que puede resultar abrumador, pero para eso estoy yo aqu\u00ed. <\/p>\n\n\n\n<p class=\"wp-block-paragraph\">\u00bfHablamos?<\/p>\n\n\n\n<figure class=\"wp-block-image\"><img loading=\"lazy\" decoding=\"async\" width=\"945\" height=\"756\" src=\"https:\/\/2019.valencia.wordcamp.org\/files\/2019\/09\/presentacio\u0301n-Margaret.jpg\" alt=\"\" class=\"wp-image-2451\" srcset=\"https:\/\/valencia.wordcamp.org\/2019\/files\/2019\/09\/presentacio\u0301n-Margaret.jpg 945w, https:\/\/valencia.wordcamp.org\/2019\/files\/2019\/09\/presentacio\u0301n-Margaret-300x240.jpg 300w, https:\/\/valencia.wordcamp.org\/2019\/files\/2019\/09\/presentacio\u0301n-Margaret-768x614.jpg 768w, https:\/\/valencia.wordcamp.org\/2019\/files\/2019\/09\/presentacio\u0301n-Margaret-375x300.jpg 375w\" sizes=\"auto, (max-width: 767px) 89vw, (max-width: 1000px) 54vw, (max-width: 1071px) 543px, 580px\" \/><\/figure>\n\n\n\n<p class=\"wp-block-paragraph\">Mis enlaces sociales son los siguientes:<\/p>\n\n\n\n<p class=\"wp-block-paragraph\"><a href=\"https:\/\/www.youtube.com\/channel\/UCce530suPL8949QIyMZdvLg\">https:\/\/www.youtube.com\/channel\/UCce530suPL8949QIyMZdvLg<\/a><br><a rel=\"noreferrer noopener\" aria-label=\"https:\/\/twitter.com\/MargaretGM7 (opens in a new tab)\" href=\"https:\/\/twitter.com\/MargaretGM7\" target=\"_blank\">https:\/\/twitter.com\/MargaretGM7<\/a><br><a rel=\"noreferrer noopener\" href=\"https:\/\/www.linkedin.com\/in\/pmoratinos\/\" target=\"_blank\"><\/a><a href=\"https:\/\/www.linkedin.com\/in\/margaret-gonz\u00e1lez-comunicacion\/\">https:\/\/www.linkedin.com\/in\/margaret-gonz\u00e1lez-comunicacion\/<\/a><\/p>\n\n\n\n<p class=\"wp-block-paragraph\"><\/p>\n\n\n\n<p class=\"wp-block-paragraph\">Mi web:&nbsp;<a href=\"https:\/\/canalinizia.com\/\">https:\/\/canalinizia.<\/a><a href=\"https:\/\/canalinizia.com\/\" target=\"_blank\" rel=\"noreferrer noopener\" aria-label=\"com (opens in a new tab)\">com<\/a><a href=\"https:\/\/canalinizia.com\/\">\/<\/a><\/p>\n","protected":false},"excerpt":{"rendered":"<p>Periodista por vocaci\u00f3n y profesi\u00f3n. Me apasiona la comunicaci\u00f3n en todas sus variantes. Hablar, escribir,\u2026Todo comunica y sirve para transmitir los valores de tu negocio. Desde 2013 soy una enganchada, adem\u00e1s, al mundo del emprendimiento, a luchar por vivir de nuestras pasiones, trabajando duro pero disfrutando del camino.&nbsp; Por eso cre\u00e9 Canal Inizia, mi agencia &hellip; <\/p>\n<p class=\"link-more\"><a href=\"https:\/\/valencia.wordcamp.org\/2019\/speaker\/margaret-gonzalez\/\" class=\"more-link\">Continuar leyendo<span class=\"screen-reader-text\"> \u00abMargaret Gonz\u00e1lez\u00bb<\/span><\/a><\/p>\n","protected":false},"author":15679009,"featured_media":0,"comment_status":"closed","ping_status":"closed","template":"","meta":{"_crdt_document":"","jetpack_post_was_ever_published":false,"_wcpt_user_name":"Margaretgm7","footnotes":""},"speaker_group":[],"class_list":["post-1753","wcb_speaker","type-wcb_speaker","status-publish","hentry"],"jetpack_sharing_enabled":true,"jetpack_shortlink":"https:\/\/wp.me\/paMxYZ-sh","avatar_urls":{"24":"https:\/\/secure.gravatar.com\/avatar\/6195f72c71e3a2126a734e002c9769ba590a1e532c7a6b623e0baa766c5e16be?s=24&d=mm&r=g","48":"https:\/\/secure.gravatar.com\/avatar\/6195f72c71e3a2126a734e002c9769ba590a1e532c7a6b623e0baa766c5e16be?s=48&d=mm&r=g","96":"https:\/\/secure.gravatar.com\/avatar\/6195f72c71e3a2126a734e002c9769ba590a1e532c7a6b623e0baa766c5e16be?s=96&d=mm&r=g","128":"https:\/\/secure.gravatar.com\/avatar\/6195f72c71e3a2126a734e002c9769ba590a1e532c7a6b623e0baa766c5e16be?s=128&d=mm&r=g","256":"https:\/\/secure.gravatar.com\/avatar\/6195f72c71e3a2126a734e002c9769ba590a1e532c7a6b623e0baa766c5e16be?s=256&d=mm&r=g","512":"https:\/\/secure.gravatar.com\/avatar\/6195f72c71e3a2126a734e002c9769ba590a1e532c7a6b623e0baa766c5e16be?s=512&d=mm&r=g"},"_links":{"self":[{"href":"https:\/\/valencia.wordcamp.org\/2019\/wp-json\/wp\/v2\/speakers\/1753","targetHints":{"allow":["GET"]}}],"collection":[{"href":"https:\/\/valencia.wordcamp.org\/2019\/wp-json\/wp\/v2\/speakers"}],"about":[{"href":"https:\/\/valencia.wordcamp.org\/2019\/wp-json\/wp\/v2\/types\/wcb_speaker"}],"author":[{"embeddable":true,"href":"https:\/\/valencia.wordcamp.org\/2019\/wp-json\/wp\/v2\/users\/15679009"}],"replies":[{"embeddable":true,"href":"https:\/\/valencia.wordcamp.org\/2019\/wp-json\/wp\/v2\/comments?post=1753"}],"version-history":[{"count":13,"href":"https:\/\/valencia.wordcamp.org\/2019\/wp-json\/wp\/v2\/speakers\/1753\/revisions"}],"predecessor-version":[{"id":2907,"href":"https:\/\/valencia.wordcamp.org\/2019\/wp-json\/wp\/v2\/speakers\/1753\/revisions\/2907"}],"sessions":[{"embeddable":true,"href":"https:\/\/valencia.wordcamp.org\/2019\/wp-json\/wp\/v2\/sessions\/1879?_embed=1&context=view"}],"wp:attachment":[{"href":"https:\/\/valencia.wordcamp.org\/2019\/wp-json\/wp\/v2\/media?parent=1753"}],"wp:term":[{"taxonomy":"wcb_speaker_group","embeddable":true,"href":"https:\/\/valencia.wordcamp.org\/2019\/wp-json\/wp\/v2\/speaker_group?post=1753"}],"curies":[{"name":"wp","href":"https:\/\/api.w.org\/{rel}","templated":true}]}}

Margaret González

<p class="wp-block-paragraph">Periodista por vocación y profesión. Me apasiona la comunicación en todas sus variantes. Hablar, escribir,…Todo comunica y sirve para transmitir los valores de tu negocio.</p>



<p class="wp-block-paragraph"><br>Desde 2013 soy una enganchada, además, al mundo del emprendimiento, a luchar por vivir de nuestras pasiones, trabajando duro pero disfrutando del camino.&nbsp;<br></p>



<figure class="wp-block-image"><img loading="lazy" decoding="async" width="1000" height="667" src="https://2019.valencia.wordcamp.org/files/2019/09/yo_Principal.jpg" alt="" class="wp-image-2457" srcset="https://valencia.wordcamp.org/2019/files/2019/09/yo_Principal.jpg 1000w, https://valencia.wordcamp.org/2019/files/2019/09/yo_Principal-300x200.jpg 300w, https://valencia.wordcamp.org/2019/files/2019/09/yo_Principal-768x512.jpg 768w, https://valencia.wordcamp.org/2019/files/2019/09/yo_Principal-450x300.jpg 450w" sizes="auto, (max-width: 767px) 89vw, (max-width: 1000px) 54vw, (max-width: 1071px) 543px, 580px" /></figure>



<p class="wp-block-paragraph">Por eso creé Canal Inizia, mi agencia de prensa y comunicación desde la que ayudo a que empresas y emprendedores con ganas de cambiar el mundo, como tú, lleguen a más gente. Os ayudo a ganar&nbsp;visibilidad, confianza y reputación&nbsp;para tu marca&nbsp;apareciendo en medios de comunicación.<br></p>



<p class="wp-block-paragraph">Si quieres tener repercusión, reputación y posicionarte como referente en tu sector tienes que hacer algo distinto, atreverte a subir el famoso escalón: tienes que aparecer en los medios de comunicación.<br></p>



<p class="wp-block-paragraph">Te ayudaré a ser un altavoz para tu empresa, a posicionarte y crecer a la vez que generas impacto social en tu vida y tu entorno, apareciendo en los medios de comunicación para así  llegar, en poco tiempo, a miles de personas.</p>



<p class="wp-block-paragraph">La comunicación en tu negocio es vital: es tu esencia, tus valores y eso tiene que verse y sentirse. Es necesario controlar toda la información que genera tu negocio, saber dominar qué comunicas y qué no para crear la imagen de marca que deseas y no dejarlo al azar.<br></p>



<p class="wp-block-paragraph">Sé que puede resultar abrumador, pero para eso estoy yo aquí. </p>



<p class="wp-block-paragraph">¿Hablamos?</p>



<figure class="wp-block-image"><img loading="lazy" decoding="async" width="945" height="756" src="https://2019.valencia.wordcamp.org/files/2019/09/presentación-Margaret.jpg" alt="" class="wp-image-2451" srcset="https://valencia.wordcamp.org/2019/files/2019/09/presentación-Margaret.jpg 945w, https://valencia.wordcamp.org/2019/files/2019/09/presentación-Margaret-300x240.jpg 300w, https://valencia.wordcamp.org/2019/files/2019/09/presentación-Margaret-768x614.jpg 768w, https://valencia.wordcamp.org/2019/files/2019/09/presentación-Margaret-375x300.jpg 375w" sizes="auto, (max-width: 767px) 89vw, (max-width: 1000px) 54vw, (max-width: 1071px) 543px, 580px" /></figure>



<p class="wp-block-paragraph">Mis enlaces sociales son los siguientes:</p>



<p class="wp-block-paragraph"><a href="https://www.youtube.com/channel/UCce530suPL8949QIyMZdvLg">https://www.youtube.com/channel/UCce530suPL8949QIyMZdvLg</a><br><a rel="noreferrer noopener" aria-label="https://twitter.com/MargaretGM7 (opens in a new tab)" href="https://twitter.com/MargaretGM7" target="_blank">https://twitter.com/MargaretGM7</a><br><a rel="noreferrer noopener" href="https://www.linkedin.com/in/pmoratinos/" target="_blank"></a><a href="https://www.linkedin.com/in/margaret-gonzález-comunicacion/">https://www.linkedin.com/in/margaret-gonzález-comunicacion/</a></p>



<p class="wp-block-paragraph"></p>



<p class="wp-block-paragraph">Mi web:&nbsp;<a href="https://canalinizia.com/">https://canalinizia.</a><a href="https://canalinizia.com/" target="_blank" rel="noreferrer noopener" aria-label="com (opens in a new tab)">com</a><a href="https://canalinizia.com/">/</a></p>

<p>Periodista por vocación y profesión. Me apasiona la comunicación en todas sus variantes. Hablar, escribir,…Todo comunica y sirve para transmitir los valores de tu negocio. Desde 2013 soy una enganchada, además, al mundo del emprendimiento, a luchar por vivir de nuestras pasiones, trabajando duro pero disfrutando del camino.&nbsp; Por eso creé Canal Inizia, mi agencia &hellip; </p>
<p class="link-more"><a href="https://valencia.wordcamp.org/2019/speaker/margaret-gonzalez/" class="more-link">Continuar leyendo<span class="screen-reader-text"> «Margaret González»</span></a></p>
