{"id":1773,"date":"2019-08-12T10:47:03","date_gmt":"2019-08-12T08:47:03","guid":{"rendered":"https:\/\/2019.valencia.wordcamp.org\/?post_type=wcb_speaker&#038;p=1773"},"modified":"2019-09-15T14:52:24","modified_gmt":"2019-09-15T12:52:24","slug":"alicia-cardete","status":"publish","type":"wcb_speaker","link":"https:\/\/valencia.wordcamp.org\/2019\/speaker\/alicia-cardete\/","title":{"rendered":"Alicia Cardete"},"content":{"rendered":"\n<p class=\"wp-block-paragraph\">Estudi\u00e9 Magisterio de Educaci\u00f3n Primaria con especialidad en Pedagog\u00eda terap\u00e9utica y un M\u00e1ster en Psicopedagog\u00eda en la Universidad de Valencia. Sin embargo, durante mis a\u00f1os universitarios top\u00e9 por casualidad con el mundo del dise\u00f1o y desarrollo web y me enamor\u00e9 de \u00e9l. Ese nuevo mundo tambale\u00f3 todo en mi vida, tanto que finalmente decid\u00ed abandonar mi trayectoria como educadora y dar un cambio radical a mi formaci\u00f3n. En 2017 realic\u00e9 un M\u00e1ster en Dise\u00f1o y Desarrollo Web dirigido por la Escuela Superior de Arte y Tecnolog\u00eda de Valencia y, muy poco tiempo despu\u00e9s, consegu\u00ed mi primer trabajo como frontend en un peque\u00f1o estudio de Valencia al que recuerdo con mucho cari\u00f1o.<\/p>\n\n\n\n<div class=\"wp-block-image\"><figure class=\"aligncenter\"><img loading=\"lazy\" decoding=\"async\" width=\"500\" height=\"500\" src=\"https:\/\/2019.valencia.wordcamp.org\/files\/2019\/09\/aliciaCardete-Foto.jpg\" alt=\"\" class=\"wp-image-2485\" srcset=\"https:\/\/valencia.wordcamp.org\/2019\/files\/2019\/09\/aliciaCardete-Foto.jpg 500w, https:\/\/valencia.wordcamp.org\/2019\/files\/2019\/09\/aliciaCardete-Foto-150x150.jpg 150w, https:\/\/valencia.wordcamp.org\/2019\/files\/2019\/09\/aliciaCardete-Foto-300x300.jpg 300w, https:\/\/valencia.wordcamp.org\/2019\/files\/2019\/09\/aliciaCardete-Foto-100x100.jpg 100w\" sizes=\"auto, (max-width: 500px) 100vw, 500px\" \/><\/figure><\/div>\n\n\n\n<p class=\"wp-block-paragraph\">Actualmente trabajo como dise\u00f1adora UI y de microinteracciones en una agencia creativa, encarg\u00e1ndome del proceso creativo desde cero, la comunicaci\u00f3n con clientes y desarrolladores, y colaborando puntualmente como frontend. Me encanta aprender y lo considero un b\u00e1sico en mi vida, por lo que he seguido form\u00e1ndome este a\u00f1o cursando un M\u00e1ster de Dise\u00f1o Gr\u00e1fico y Arte Digital y asistiendo a distintas conferencias como la WordCamp VLC 2018 y el Design Festival Madrid 2019.<\/p>\n\n\n\n<p class=\"wp-block-paragraph\">A nivel personal me apasiona viajar y la naturaleza, y estoy enamorada de Noruega, la<br>literatura young adult fant\u00e1stica y la danza del vientre. En realidad, me atrae cualquier actividad creativa (pintar, bordar, leer, bailar, hacer manualidades\u2026), aunque uno de mis grandes sue\u00f1os es escribir novelas fant\u00e1sticas.<\/p>\n\n\n\n<p class=\"wp-block-paragraph\">Redes sociales<br>Instagram: <a href=\"https:\/\/www.instagram.com\/alicia_carvil\/?hl=es\" target=\"_blank\" rel=\"noreferrer noopener\" aria-label=\"@alicia_carvil (opens in a new tab)\">@alicia_carvil<\/a><br>Twitter: <a rel=\"noreferrer noopener\" aria-label=\"@aliciacarvil (opens in a new tab)\" href=\"https:\/\/twitter.com\/Alicia_Cartrad\" target=\"_blank\">@aliciacarvil<\/a><\/p>\n\n\n\n<p class=\"wp-block-paragraph\"><\/p>\n","protected":false},"excerpt":{"rendered":"<p>Estudi\u00e9 Magisterio de Educaci\u00f3n Primaria con especialidad en Pedagog\u00eda terap\u00e9utica y un M\u00e1ster en Psicopedagog\u00eda en la Universidad de Valencia. Sin embargo, durante mis a\u00f1os universitarios top\u00e9 por casualidad con el mundo del dise\u00f1o y desarrollo web y me enamor\u00e9 de \u00e9l. Ese nuevo mundo tambale\u00f3 todo en mi vida, tanto que finalmente decid\u00ed abandonar &hellip; <\/p>\n<p class=\"link-more\"><a href=\"https:\/\/valencia.wordcamp.org\/2019\/speaker\/alicia-cardete\/\" class=\"more-link\">Continuar leyendo<span class=\"screen-reader-text\"> \u00abAlicia Cardete\u00bb<\/span><\/a><\/p>\n","protected":false},"author":15679009,"featured_media":0,"comment_status":"closed","ping_status":"closed","template":"","meta":{"_crdt_document":"","jetpack_post_was_ever_published":false,"_wcpt_user_name":"","footnotes":""},"speaker_group":[],"class_list":["post-1773","wcb_speaker","type-wcb_speaker","status-publish","hentry"],"jetpack_sharing_enabled":true,"jetpack_shortlink":"https:\/\/wp.me\/paMxYZ-sB","avatar_urls":{"24":"https:\/\/secure.gravatar.com\/avatar\/4cb2a68614969c7c4362b4bff8de6e8ecb9fb74e1eafa262d87edefbe690560a?s=24&d=mm&r=g","48":"https:\/\/secure.gravatar.com\/avatar\/4cb2a68614969c7c4362b4bff8de6e8ecb9fb74e1eafa262d87edefbe690560a?s=48&d=mm&r=g","96":"https:\/\/secure.gravatar.com\/avatar\/4cb2a68614969c7c4362b4bff8de6e8ecb9fb74e1eafa262d87edefbe690560a?s=96&d=mm&r=g","128":"https:\/\/secure.gravatar.com\/avatar\/4cb2a68614969c7c4362b4bff8de6e8ecb9fb74e1eafa262d87edefbe690560a?s=128&d=mm&r=g","256":"https:\/\/secure.gravatar.com\/avatar\/4cb2a68614969c7c4362b4bff8de6e8ecb9fb74e1eafa262d87edefbe690560a?s=256&d=mm&r=g","512":"https:\/\/secure.gravatar.com\/avatar\/4cb2a68614969c7c4362b4bff8de6e8ecb9fb74e1eafa262d87edefbe690560a?s=512&d=mm&r=g"},"_links":{"self":[{"href":"https:\/\/valencia.wordcamp.org\/2019\/wp-json\/wp\/v2\/speakers\/1773","targetHints":{"allow":["GET"]}}],"collection":[{"href":"https:\/\/valencia.wordcamp.org\/2019\/wp-json\/wp\/v2\/speakers"}],"about":[{"href":"https:\/\/valencia.wordcamp.org\/2019\/wp-json\/wp\/v2\/types\/wcb_speaker"}],"author":[{"embeddable":true,"href":"https:\/\/valencia.wordcamp.org\/2019\/wp-json\/wp\/v2\/users\/15679009"}],"replies":[{"embeddable":true,"href":"https:\/\/valencia.wordcamp.org\/2019\/wp-json\/wp\/v2\/comments?post=1773"}],"version-history":[{"count":8,"href":"https:\/\/valencia.wordcamp.org\/2019\/wp-json\/wp\/v2\/speakers\/1773\/revisions"}],"predecessor-version":[{"id":2487,"href":"https:\/\/valencia.wordcamp.org\/2019\/wp-json\/wp\/v2\/speakers\/1773\/revisions\/2487"}],"sessions":[{"embeddable":true,"href":"https:\/\/valencia.wordcamp.org\/2019\/wp-json\/wp\/v2\/sessions\/1771?_embed=1&context=view"}],"wp:attachment":[{"href":"https:\/\/valencia.wordcamp.org\/2019\/wp-json\/wp\/v2\/media?parent=1773"}],"wp:term":[{"taxonomy":"wcb_speaker_group","embeddable":true,"href":"https:\/\/valencia.wordcamp.org\/2019\/wp-json\/wp\/v2\/speaker_group?post=1773"}],"curies":[{"name":"wp","href":"https:\/\/api.w.org\/{rel}","templated":true}]}}

<p class="wp-block-paragraph">Estudié Magisterio de Educación Primaria con especialidad en Pedagogía terapéutica y un Máster en Psicopedagogía en la Universidad de Valencia. Sin embargo, durante mis años universitarios topé por casualidad con el mundo del diseño y desarrollo web y me enamoré de él. Ese nuevo mundo tambaleó todo en mi vida, tanto que finalmente decidí abandonar mi trayectoria como educadora y dar un cambio radical a mi formación. En 2017 realicé un Máster en Diseño y Desarrollo Web dirigido por la Escuela Superior de Arte y Tecnología de Valencia y, muy poco tiempo después, conseguí mi primer trabajo como frontend en un pequeño estudio de Valencia al que recuerdo con mucho cariño.</p>



<div class="wp-block-image"><figure class="aligncenter"><img loading="lazy" decoding="async" width="500" height="500" src="https://2019.valencia.wordcamp.org/files/2019/09/aliciaCardete-Foto.jpg" alt="" class="wp-image-2485" srcset="https://valencia.wordcamp.org/2019/files/2019/09/aliciaCardete-Foto.jpg 500w, https://valencia.wordcamp.org/2019/files/2019/09/aliciaCardete-Foto-150x150.jpg 150w, https://valencia.wordcamp.org/2019/files/2019/09/aliciaCardete-Foto-300x300.jpg 300w, https://valencia.wordcamp.org/2019/files/2019/09/aliciaCardete-Foto-100x100.jpg 100w" sizes="auto, (max-width: 500px) 100vw, 500px" /></figure></div>



<p class="wp-block-paragraph">Actualmente trabajo como diseñadora UI y de microinteracciones en una agencia creativa, encargándome del proceso creativo desde cero, la comunicación con clientes y desarrolladores, y colaborando puntualmente como frontend. Me encanta aprender y lo considero un básico en mi vida, por lo que he seguido formándome este año cursando un Máster de Diseño Gráfico y Arte Digital y asistiendo a distintas conferencias como la WordCamp VLC 2018 y el Design Festival Madrid 2019.</p>



<p class="wp-block-paragraph">A nivel personal me apasiona viajar y la naturaleza, y estoy enamorada de Noruega, la<br>literatura young adult fantástica y la danza del vientre. En realidad, me atrae cualquier actividad creativa (pintar, bordar, leer, bailar, hacer manualidades…), aunque uno de mis grandes sueños es escribir novelas fantásticas.</p>



<p class="wp-block-paragraph">Redes sociales<br>Instagram: <a href="https://www.instagram.com/alicia_carvil/?hl=es" target="_blank" rel="noreferrer noopener" aria-label="@alicia_carvil (opens in a new tab)">@alicia_carvil</a><br>Twitter: <a rel="noreferrer noopener" aria-label="@aliciacarvil (opens in a new tab)" href="https://twitter.com/Alicia_Cartrad" target="_blank">@aliciacarvil</a></p>



<p class="wp-block-paragraph"></p>

<p>Estudié Magisterio de Educación Primaria con especialidad en Pedagogía terapéutica y un Máster en Psicopedagogía en la Universidad de Valencia. Sin embargo, durante mis años universitarios topé por casualidad con el mundo del diseño y desarrollo web y me enamoré de él. Ese nuevo mundo tambaleó todo en mi vida, tanto que finalmente decidí abandonar &hellip; </p>
<p class="link-more"><a href="https://valencia.wordcamp.org/2019/speaker/alicia-cardete/" class="more-link">Continuar leyendo<span class="screen-reader-text"> «Alicia Cardete»</span></a></p>
