{"id":2368,"date":"2019-03-01T16:15:23","date_gmt":"2019-03-01T15:15:23","guid":{"rendered":"https:\/\/2019.valencia.wordcamp.org\/?post_type=wcb_sponsor&#038;p=2368"},"modified":"2019-09-16T14:25:24","modified_gmt":"2019-09-16T12:25:24","slug":"ayuntamiento-de-valencia","status":"publish","type":"wcb_sponsor","link":"https:\/\/valencia.wordcamp.org\/2019\/sponsor\/ayuntamiento-de-valencia\/","title":{"rendered":"M.I. Ajuntament de Val\u00e8ncia. Regidoria d&#8217;Ocupaci\u00f3 Emprenedora"},"content":{"rendered":"\n<p class=\"wp-block-paragraph\">L\u2019Ajuntament de Val\u00e8ncia a trav\u00e9s de la Regidoria de Cooperaci\u00f3 al Desenvolupament i Migraci\u00f3, articula l&#8217;impuls de les accions en mat\u00e8ria de cooperaci\u00f3 internacional per al desenvolupament a trav\u00e9s de les modalitats d&#8217;Ajuda Oficial al Desenvolupament i instruments espec\u00edfics per a cadascuna d&#8217;elles.<\/p>\n\n\n\n<p class=\"wp-block-paragraph\">Aquest impuls de la pol\u00edtica municipal en mat\u00e8ria de cooperaci\u00f3 al desenvolupament, es refor\u00e7a amb la creaci\u00f3 del Consell Municipal de Cooperaci\u00f3 al novembre de 2016 i amb l&#8217;aprovaci\u00f3 del Pla Municipal de Cooperaci\u00f3 Internacional per al Desenvolupament 2019-2022.<\/p>\n\n\n\n<p class=\"wp-block-paragraph\">Des del Programa de Cooperaci\u00f3 al Desenvolupament es desenvolupen actuacions dirigides a pa\u00efsos del Sud, amb les modalitats de Cooperaci\u00f3 Econ\u00f2mica i T\u00e8cnica, Cooperaci\u00f3 Municipalista i Acci\u00f3 Humanit\u00e0ria i Emerg\u00e8ncia.<\/p>\n\n\n\n<p class=\"wp-block-paragraph\">D&#8217;altra banda, s&#8217;impulsen actuacions a la nostra ciutat en les modalitats d&#8217;Educaci\u00f3 per al Desenvolupament i la Ciutadania Global i en mat\u00e8ria de gesti\u00f3 de l&#8217;Ajuda Oficial al Desenvolupament, en la qual s&#8217;inclouen accions de formaci\u00f3, rendici\u00f3 de comptes, planificaci\u00f3, estudis i accions de seguiment i avaluaci\u00f3.<\/p>\n\n\n\n<div class=\"wp-block-button aligncenter is-style-squared\"><a class=\"wp-block-button__link has-background\" href=\"https:\/\/www.valencia.es\/ayuntamiento\/cooperacion.nsf\/vDocumentosTituloAux\/Cooperaci%C3%B3n%20al%20Desarrollo?opendocument&amp;lang=2&amp;nivel=8\" style=\"background-color:#007595\" rel=\"nofollow\">Ir a M.I. Ayto Val\u00e8ncia<\/a><\/div>\n","protected":false},"excerpt":{"rendered":"<p>L\u2019Ajuntament de Val\u00e8ncia a trav\u00e9s de la Regidoria de Cooperaci\u00f3 al Desenvolupament i Migraci\u00f3, articula l&#8217;impuls de les accions en mat\u00e8ria de cooperaci\u00f3 internacional per al desenvolupament a trav\u00e9s de les modalitats d&#8217;Ajuda Oficial al Desenvolupament i instruments espec\u00edfics per a cadascuna d&#8217;elles. Aquest impuls de la pol\u00edtica municipal en mat\u00e8ria de cooperaci\u00f3 al desenvolupament, &hellip; <\/p>\n<p class=\"link-more\"><a href=\"https:\/\/valencia.wordcamp.org\/2019\/sponsor\/ayuntamiento-de-valencia\/\" class=\"more-link\">Continuar leyendo<span class=\"screen-reader-text\"> \u00abM.I. Ajuntament de Val\u00e8ncia. Regidoria d&#8217;Ocupaci\u00f3 Emprenedora\u00bb<\/span><\/a><\/p>\n","protected":false},"featured_media":2370,"template":"","meta":{"_crdt_document":"","jetpack_post_was_ever_published":false,"_wcpt_sponsor_website":"","footnotes":""},"sponsor_level":[10616],"class_list":["post-2368","wcb_sponsor","type-wcb_sponsor","status-publish","has-post-thumbnail","hentry","wcb_sponsor_level-platino"],"jetpack_sharing_enabled":true,"jetpack_shortlink":"https:\/\/wp.me\/paMxYZ-Cc","_links":{"self":[{"href":"https:\/\/valencia.wordcamp.org\/2019\/wp-json\/wp\/v2\/sponsors\/2368","targetHints":{"allow":["GET"]}}],"collection":[{"href":"https:\/\/valencia.wordcamp.org\/2019\/wp-json\/wp\/v2\/sponsors"}],"about":[{"href":"https:\/\/valencia.wordcamp.org\/2019\/wp-json\/wp\/v2\/types\/wcb_sponsor"}],"version-history":[{"count":5,"href":"https:\/\/valencia.wordcamp.org\/2019\/wp-json\/wp\/v2\/sponsors\/2368\/revisions"}],"predecessor-version":[{"id":2388,"href":"https:\/\/valencia.wordcamp.org\/2019\/wp-json\/wp\/v2\/sponsors\/2368\/revisions\/2388"}],"wp:featuredmedia":[{"embeddable":true,"href":"https:\/\/valencia.wordcamp.org\/2019\/wp-json\/wp\/v2\/media\/2370"}],"wp:attachment":[{"href":"https:\/\/valencia.wordcamp.org\/2019\/wp-json\/wp\/v2\/media?parent=2368"}],"wp:term":[{"taxonomy":"wcb_sponsor_level","embeddable":true,"href":"https:\/\/valencia.wordcamp.org\/2019\/wp-json\/wp\/v2\/sponsor_level?post=2368"}],"curies":[{"name":"wp","href":"https:\/\/api.w.org\/{rel}","templated":true}]}}

M.I. Ajuntament de València. Regidoria d&#8217;Ocupació Emprenedora

<p class="wp-block-paragraph">L’Ajuntament de València a través de la Regidoria de Cooperació al Desenvolupament i Migració, articula l&#8217;impuls de les accions en matèria de cooperació internacional per al desenvolupament a través de les modalitats d&#8217;Ajuda Oficial al Desenvolupament i instruments específics per a cadascuna d&#8217;elles.</p>



<p class="wp-block-paragraph">Aquest impuls de la política municipal en matèria de cooperació al desenvolupament, es reforça amb la creació del Consell Municipal de Cooperació al novembre de 2016 i amb l&#8217;aprovació del Pla Municipal de Cooperació Internacional per al Desenvolupament 2019-2022.</p>



<p class="wp-block-paragraph">Des del Programa de Cooperació al Desenvolupament es desenvolupen actuacions dirigides a països del Sud, amb les modalitats de Cooperació Econòmica i Tècnica, Cooperació Municipalista i Acció Humanitària i Emergència.</p>



<p class="wp-block-paragraph">D&#8217;altra banda, s&#8217;impulsen actuacions a la nostra ciutat en les modalitats d&#8217;Educació per al Desenvolupament i la Ciutadania Global i en matèria de gestió de l&#8217;Ajuda Oficial al Desenvolupament, en la qual s&#8217;inclouen accions de formació, rendició de comptes, planificació, estudis i accions de seguiment i avaluació.</p>



<div class="wp-block-button aligncenter is-style-squared"><a class="wp-block-button__link has-background" href="https://www.valencia.es/ayuntamiento/cooperacion.nsf/vDocumentosTituloAux/Cooperaci%C3%B3n%20al%20Desarrollo?opendocument&amp;lang=2&amp;nivel=8" style="background-color:#007595" rel="nofollow">Ir a M.I. Ayto València</a></div>

<p>L’Ajuntament de València a través de la Regidoria de Cooperació al Desenvolupament i Migració, articula l&#8217;impuls de les accions en matèria de cooperació internacional per al desenvolupament a través de les modalitats d&#8217;Ajuda Oficial al Desenvolupament i instruments específics per a cadascuna d&#8217;elles. Aquest impuls de la política municipal en matèria de cooperació al desenvolupament, &hellip; </p>
<p class="link-more"><a href="https://valencia.wordcamp.org/2019/sponsor/ayuntamiento-de-valencia/" class="more-link">Continuar leyendo<span class="screen-reader-text"> «M.I. Ajuntament de València. Regidoria d&#8217;Ocupació Emprenedora»</span></a></p>
