{"id":2667,"date":"2019-09-24T17:08:39","date_gmt":"2019-09-24T15:08:39","guid":{"rendered":"https:\/\/2019.valencia.wordcamp.org\/?post_type=wcb_sponsor&#038;p=2667"},"modified":"2019-10-13T11:25:23","modified_gmt":"2019-10-13T09:25:23","slug":"desafio-digital","status":"publish","type":"wcb_sponsor","link":"https:\/\/valencia.wordcamp.org\/2019\/sponsor\/desafio-digital\/","title":{"rendered":"Desafio digital"},"content":{"rendered":"\n<p class=\"wp-block-paragraph\">Especializados desde 2005 en desarrollo WEB sobre WordPress y V\u00cdDEO DIGITAL.<\/p>\n\n\n\n<p class=\"wp-block-paragraph\">En la WordCamp Valencia, Julio y Fernando dirigir\u00e1n los dos equipos de realizaci\u00f3n de v\u00eddeo en directo para tener todas las ponencias disponibles en streaming y posteriormente para su publicaci\u00f3n en WordPress TV.<\/p>\n\n\n\n<p class=\"wp-block-paragraph\">Adem\u00e1s, ambos presentan un podcast semanal sobre WooCommerce\u00ae y comercio electr\u00f3nico:&nbsp;<a href=\"https:\/\/wpcommercefacil.com\/\" target=\"_blank\" rel=\"noreferrer noopener nofollow\">wpcommerce f\u00e1cil<\/a><\/p>\n\n\n\n<p class=\"wp-block-paragraph\">Conoce m\u00e1s&nbsp;<a href=\"https:\/\/desafiodigital.es\/\" target=\"_blank\" rel=\"noreferrer noopener nofollow\">en su p\u00e1gina web<\/a><\/p>\n\n\n\n<div class=\"wp-block-button aligncenter is-style-squared\"><a class=\"wp-block-button__link has-background\" href=\"https:\/\/www.desafiodigital.es\" target=\"_blank\" style=\"background-color:#007595\" rel=\"noopener noreferrer nofollow\">Ir a Desafio Digital<\/a><\/div>\n\n\n\n<p class=\"wp-block-paragraph\"><\/p>\n","protected":false},"excerpt":{"rendered":"<p>Especializados desde 2005 en desarrollo WEB sobre WordPress y V\u00cdDEO DIGITAL. En la WordCamp Valencia, Julio y Fernando dirigir\u00e1n los dos equipos de realizaci\u00f3n de v\u00eddeo en directo para tener todas las ponencias disponibles en streaming y posteriormente para su publicaci\u00f3n en WordPress TV. Adem\u00e1s, ambos presentan un podcast semanal sobre WooCommerce\u00ae y comercio electr\u00f3nico:&nbsp;wpcommerce &hellip; <\/p>\n<p class=\"link-more\"><a href=\"https:\/\/valencia.wordcamp.org\/2019\/sponsor\/desafio-digital\/\" class=\"more-link\">Continuar leyendo<span class=\"screen-reader-text\"> \u00abDesafio digital\u00bb<\/span><\/a><\/p>\n","protected":false},"featured_media":2672,"template":"","meta":{"_crdt_document":"","jetpack_post_was_ever_published":false,"_wcpt_sponsor_website":"","footnotes":""},"sponsor_level":[10618],"class_list":["post-2667","wcb_sponsor","type-wcb_sponsor","status-publish","has-post-thumbnail","hentry","wcb_sponsor_level-plata"],"jetpack_sharing_enabled":true,"jetpack_shortlink":"https:\/\/wp.me\/paMxYZ-H1","_links":{"self":[{"href":"https:\/\/valencia.wordcamp.org\/2019\/wp-json\/wp\/v2\/sponsors\/2667","targetHints":{"allow":["GET"]}}],"collection":[{"href":"https:\/\/valencia.wordcamp.org\/2019\/wp-json\/wp\/v2\/sponsors"}],"about":[{"href":"https:\/\/valencia.wordcamp.org\/2019\/wp-json\/wp\/v2\/types\/wcb_sponsor"}],"version-history":[{"count":8,"href":"https:\/\/valencia.wordcamp.org\/2019\/wp-json\/wp\/v2\/sponsors\/2667\/revisions"}],"predecessor-version":[{"id":3124,"href":"https:\/\/valencia.wordcamp.org\/2019\/wp-json\/wp\/v2\/sponsors\/2667\/revisions\/3124"}],"wp:featuredmedia":[{"embeddable":true,"href":"https:\/\/valencia.wordcamp.org\/2019\/wp-json\/wp\/v2\/media\/2672"}],"wp:attachment":[{"href":"https:\/\/valencia.wordcamp.org\/2019\/wp-json\/wp\/v2\/media?parent=2667"}],"wp:term":[{"taxonomy":"wcb_sponsor_level","embeddable":true,"href":"https:\/\/valencia.wordcamp.org\/2019\/wp-json\/wp\/v2\/sponsor_level?post=2667"}],"curies":[{"name":"wp","href":"https:\/\/api.w.org\/{rel}","templated":true}]}}

<p class="wp-block-paragraph">Especializados desde 2005 en desarrollo WEB sobre WordPress y VÍDEO DIGITAL.</p>



<p class="wp-block-paragraph">En la WordCamp Valencia, Julio y Fernando dirigirán los dos equipos de realización de vídeo en directo para tener todas las ponencias disponibles en streaming y posteriormente para su publicación en WordPress TV.</p>



<p class="wp-block-paragraph">Además, ambos presentan un podcast semanal sobre WooCommerce® y comercio electrónico:&nbsp;<a href="https://wpcommercefacil.com/" target="_blank" rel="noreferrer noopener nofollow">wpcommerce fácil</a></p>



<p class="wp-block-paragraph">Conoce más&nbsp;<a href="https://desafiodigital.es/" target="_blank" rel="noreferrer noopener nofollow">en su página web</a></p>



<div class="wp-block-button aligncenter is-style-squared"><a class="wp-block-button__link has-background" href="https://www.desafiodigital.es" target="_blank" style="background-color:#007595" rel="noopener noreferrer nofollow">Ir a Desafio Digital</a></div>



<p class="wp-block-paragraph"></p>

<p>Especializados desde 2005 en desarrollo WEB sobre WordPress y VÍDEO DIGITAL. En la WordCamp Valencia, Julio y Fernando dirigirán los dos equipos de realización de vídeo en directo para tener todas las ponencias disponibles en streaming y posteriormente para su publicación en WordPress TV. Además, ambos presentan un podcast semanal sobre WooCommerce® y comercio electrónico:&nbsp;wpcommerce &hellip; </p>
<p class="link-more"><a href="https://valencia.wordcamp.org/2019/sponsor/desafio-digital/" class="more-link">Continuar leyendo<span class="screen-reader-text"> «Desafio digital»</span></a></p>
