{"id":2938,"date":"2019-10-08T15:38:19","date_gmt":"2019-10-08T13:38:19","guid":{"rendered":"https:\/\/2019.valencia.wordcamp.org\/?post_type=wcb_sponsor&#038;p=2938"},"modified":"2019-10-08T16:40:07","modified_gmt":"2019-10-08T14:40:07","slug":"idecrea-escuela-de-diseno-y-artes-digitales","status":"publish","type":"wcb_sponsor","link":"https:\/\/valencia.wordcamp.org\/2019\/sponsor\/idecrea-escuela-de-diseno-y-artes-digitales\/","title":{"rendered":"Idecrea &#8211; Escuela de dise\u00f1o y artes digitales"},"content":{"rendered":"\n<p class=\"wp-block-paragraph\"><strong>F\u00f3rmate y comienza a trabajar en el mundo digital.<\/strong><\/p>\n\n\n\n<p class=\"wp-block-paragraph\">Somos una escuela especializada en dise\u00f1o y artes digitales. Ofrecemos M\u00e1sters Profesionales y cursos monogr\u00e1ficos sobre dise\u00f1o gr\u00e1fico publicitario, creatividad, dise\u00f1o y programaci\u00f3n web, aplicaciones o video y multimedia. Nuestro enfoque es totalmente pr\u00e1ctico y nuestro objetivo, que nuestros alumnos est\u00e9n preparados para enfrentarse al mundo laboral.<\/p>\n\n\n\n<p class=\"wp-block-paragraph\">Adem\u00e1s contamos con un estudio creativo dentro de nuestra escuela, especializado en proyectos digitales, dise\u00f1o y desarrollo web, estrategia, marketing y comunicaci\u00f3n online.<\/p>\n\n\n\n<p class=\"wp-block-paragraph\">Nuestro equipo cuenta con m\u00e1s de 10 a\u00f1os de experiencia en el campo de la formaci\u00f3n en dise\u00f1o web, dise\u00f1o gr\u00e1fico, marketing y publicidad. Al mismo tiempo, nuestros profesores cuentan con\u00a0una amplia trayectoria profesional que compaginan, desde hace a\u00f1os, con su actividad formativa. De esta manera garantizamos al alumno que nuestros programas siempre est\u00e9n a la vanguardia y nuestros docentes en continuo contacto con el sector y el mundo profesional.\u00a0<\/p>\n\n\n\n<div class=\"wp-block-button aligncenter is-style-squared\"><a class=\"wp-block-button__link has-background\" href=\"https:\/\/idecrea.es\" target=\"_blank\" style=\"background-color:#007595\" rel=\"noopener noreferrer nofollow\">Ir a Idecrea<\/a><\/div>\n","protected":false},"excerpt":{"rendered":"<p>F\u00f3rmate y comienza a trabajar en el mundo digital. Somos una escuela especializada en dise\u00f1o y artes digitales. Ofrecemos M\u00e1sters Profesionales y cursos monogr\u00e1ficos sobre dise\u00f1o gr\u00e1fico publicitario, creatividad, dise\u00f1o y programaci\u00f3n web, aplicaciones o video y multimedia. Nuestro enfoque es totalmente pr\u00e1ctico y nuestro objetivo, que nuestros alumnos est\u00e9n preparados para enfrentarse al mundo &hellip; <\/p>\n<p class=\"link-more\"><a href=\"https:\/\/valencia.wordcamp.org\/2019\/sponsor\/idecrea-escuela-de-diseno-y-artes-digitales\/\" class=\"more-link\">Continuar leyendo<span class=\"screen-reader-text\"> \u00abIdecrea &#8211; Escuela de dise\u00f1o y artes digitales\u00bb<\/span><\/a><\/p>\n","protected":false},"featured_media":2945,"template":"","meta":{"_crdt_document":"","jetpack_post_was_ever_published":false,"_wcpt_sponsor_website":"","footnotes":""},"sponsor_level":[4042],"class_list":["post-2938","wcb_sponsor","type-wcb_sponsor","status-publish","has-post-thumbnail","hentry","wcb_sponsor_level-micro"],"jetpack_sharing_enabled":true,"jetpack_shortlink":"https:\/\/wp.me\/paMxYZ-Lo","_links":{"self":[{"href":"https:\/\/valencia.wordcamp.org\/2019\/wp-json\/wp\/v2\/sponsors\/2938","targetHints":{"allow":["GET"]}}],"collection":[{"href":"https:\/\/valencia.wordcamp.org\/2019\/wp-json\/wp\/v2\/sponsors"}],"about":[{"href":"https:\/\/valencia.wordcamp.org\/2019\/wp-json\/wp\/v2\/types\/wcb_sponsor"}],"version-history":[{"count":7,"href":"https:\/\/valencia.wordcamp.org\/2019\/wp-json\/wp\/v2\/sponsors\/2938\/revisions"}],"predecessor-version":[{"id":2955,"href":"https:\/\/valencia.wordcamp.org\/2019\/wp-json\/wp\/v2\/sponsors\/2938\/revisions\/2955"}],"wp:featuredmedia":[{"embeddable":true,"href":"https:\/\/valencia.wordcamp.org\/2019\/wp-json\/wp\/v2\/media\/2945"}],"wp:attachment":[{"href":"https:\/\/valencia.wordcamp.org\/2019\/wp-json\/wp\/v2\/media?parent=2938"}],"wp:term":[{"taxonomy":"wcb_sponsor_level","embeddable":true,"href":"https:\/\/valencia.wordcamp.org\/2019\/wp-json\/wp\/v2\/sponsor_level?post=2938"}],"curies":[{"name":"wp","href":"https:\/\/api.w.org\/{rel}","templated":true}]}}

Idecrea &#8211; Escuela de diseño y artes digitales

<p class="wp-block-paragraph"><strong>Fórmate y comienza a trabajar en el mundo digital.</strong></p>



<p class="wp-block-paragraph">Somos una escuela especializada en diseño y artes digitales. Ofrecemos Másters Profesionales y cursos monográficos sobre diseño gráfico publicitario, creatividad, diseño y programación web, aplicaciones o video y multimedia. Nuestro enfoque es totalmente práctico y nuestro objetivo, que nuestros alumnos estén preparados para enfrentarse al mundo laboral.</p>



<p class="wp-block-paragraph">Además contamos con un estudio creativo dentro de nuestra escuela, especializado en proyectos digitales, diseño y desarrollo web, estrategia, marketing y comunicación online.</p>



<p class="wp-block-paragraph">Nuestro equipo cuenta con más de 10 años de experiencia en el campo de la formación en diseño web, diseño gráfico, marketing y publicidad. Al mismo tiempo, nuestros profesores cuentan con una amplia trayectoria profesional que compaginan, desde hace años, con su actividad formativa. De esta manera garantizamos al alumno que nuestros programas siempre estén a la vanguardia y nuestros docentes en continuo contacto con el sector y el mundo profesional. </p>



<div class="wp-block-button aligncenter is-style-squared"><a class="wp-block-button__link has-background" href="https://idecrea.es" target="_blank" style="background-color:#007595" rel="noopener noreferrer nofollow">Ir a Idecrea</a></div>

<p>Fórmate y comienza a trabajar en el mundo digital. Somos una escuela especializada en diseño y artes digitales. Ofrecemos Másters Profesionales y cursos monográficos sobre diseño gráfico publicitario, creatividad, diseño y programación web, aplicaciones o video y multimedia. Nuestro enfoque es totalmente práctico y nuestro objetivo, que nuestros alumnos estén preparados para enfrentarse al mundo &hellip; </p>
<p class="link-more"><a href="https://valencia.wordcamp.org/2019/sponsor/idecrea-escuela-de-diseno-y-artes-digitales/" class="more-link">Continuar leyendo<span class="screen-reader-text"> «Idecrea &#8211; Escuela de diseño y artes digitales»</span></a></p>
