{"id":3235,"date":"2019-10-15T16:19:11","date_gmt":"2019-10-15T14:19:11","guid":{"rendered":"https:\/\/2019.valencia.wordcamp.org\/?post_type=wcb_sponsor&#038;p=3235"},"modified":"2019-10-15T16:19:12","modified_gmt":"2019-10-15T14:19:12","slug":"mercado-de-facturas","status":"publish","type":"wcb_sponsor","link":"https:\/\/valencia.wordcamp.org\/2019\/sponsor\/mercado-de-facturas\/","title":{"rendered":"Mercado de facturas"},"content":{"rendered":"\n<p class=\"wp-block-paragraph\">Mercado de Facturas forma parte del Grupo Gedesco, mayor compa\u00f1\u00eda de financiaci\u00f3n no bancaria de Espa\u00f1a.<\/p>\n\n\n\n<p class=\"wp-block-paragraph\">Con m\u00e1s de 18 a\u00f1os de experiencia, ofrecemos financiaci\u00f3n de circulante a todas las empresas para que puedan cobrar sus facturas o pagar\u00e9s al finalizar sus trabajos, sin necesidad de esperar a la fecha de pago, ya que \u00e9sta puede ser de 30, 60 ,90 y de hasta 120 d\u00edas.<\/p>\n\n\n\n<p class=\"wp-block-paragraph\">Nuestros clientes pueden calcular al instante el coste del anticipo de facturas o pagar\u00e9s que quieran realizar en nuestro simulador, conocer las condiciones de forma totalmente online y sin ning\u00fan compromiso.<\/p>\n\n\n\n<div class=\"wp-block-button aligncenter is-style-squared\"><a target=\"_blank\" class=\"wp-block-button__link has-background\" href=\"https:\/\/mercadodefacturas.es\/\" style=\"background-color:#007595\" rel=\"noopener noreferrer nofollow\">Ir a Mercado de Facturas<\/a><\/div>\n","protected":false},"excerpt":{"rendered":"<p>Mercado de Facturas forma parte del Grupo Gedesco, mayor compa\u00f1\u00eda de financiaci\u00f3n no bancaria de Espa\u00f1a. Con m\u00e1s de 18 a\u00f1os de experiencia, ofrecemos financiaci\u00f3n de circulante a todas las empresas para que puedan cobrar sus facturas o pagar\u00e9s al finalizar sus trabajos, sin necesidad de esperar a la fecha de pago, ya que \u00e9sta &hellip; <\/p>\n<p class=\"link-more\"><a href=\"https:\/\/valencia.wordcamp.org\/2019\/sponsor\/mercado-de-facturas\/\" class=\"more-link\">Continuar leyendo<span class=\"screen-reader-text\"> \u00abMercado de facturas\u00bb<\/span><\/a><\/p>\n","protected":false},"featured_media":3236,"template":"","meta":{"_crdt_document":"","jetpack_post_was_ever_published":false,"_wcpt_sponsor_website":"","footnotes":""},"sponsor_level":[4042],"class_list":["post-3235","wcb_sponsor","type-wcb_sponsor","status-publish","has-post-thumbnail","hentry","wcb_sponsor_level-micro"],"jetpack_sharing_enabled":true,"jetpack_shortlink":"https:\/\/wp.me\/paMxYZ-Qb","_links":{"self":[{"href":"https:\/\/valencia.wordcamp.org\/2019\/wp-json\/wp\/v2\/sponsors\/3235","targetHints":{"allow":["GET"]}}],"collection":[{"href":"https:\/\/valencia.wordcamp.org\/2019\/wp-json\/wp\/v2\/sponsors"}],"about":[{"href":"https:\/\/valencia.wordcamp.org\/2019\/wp-json\/wp\/v2\/types\/wcb_sponsor"}],"version-history":[{"count":4,"href":"https:\/\/valencia.wordcamp.org\/2019\/wp-json\/wp\/v2\/sponsors\/3235\/revisions"}],"predecessor-version":[{"id":3240,"href":"https:\/\/valencia.wordcamp.org\/2019\/wp-json\/wp\/v2\/sponsors\/3235\/revisions\/3240"}],"wp:featuredmedia":[{"embeddable":true,"href":"https:\/\/valencia.wordcamp.org\/2019\/wp-json\/wp\/v2\/media\/3236"}],"wp:attachment":[{"href":"https:\/\/valencia.wordcamp.org\/2019\/wp-json\/wp\/v2\/media?parent=3235"}],"wp:term":[{"taxonomy":"wcb_sponsor_level","embeddable":true,"href":"https:\/\/valencia.wordcamp.org\/2019\/wp-json\/wp\/v2\/sponsor_level?post=3235"}],"curies":[{"name":"wp","href":"https:\/\/api.w.org\/{rel}","templated":true}]}}

<p class="wp-block-paragraph">Mercado de Facturas forma parte del Grupo Gedesco, mayor compañía de financiación no bancaria de España.</p>



<p class="wp-block-paragraph">Con más de 18 años de experiencia, ofrecemos financiación de circulante a todas las empresas para que puedan cobrar sus facturas o pagarés al finalizar sus trabajos, sin necesidad de esperar a la fecha de pago, ya que ésta puede ser de 30, 60 ,90 y de hasta 120 días.</p>



<p class="wp-block-paragraph">Nuestros clientes pueden calcular al instante el coste del anticipo de facturas o pagarés que quieran realizar en nuestro simulador, conocer las condiciones de forma totalmente online y sin ningún compromiso.</p>



<div class="wp-block-button aligncenter is-style-squared"><a target="_blank" class="wp-block-button__link has-background" href="https://mercadodefacturas.es/" style="background-color:#007595" rel="noopener noreferrer nofollow">Ir a Mercado de Facturas</a></div>

<p>Mercado de Facturas forma parte del Grupo Gedesco, mayor compañía de financiación no bancaria de España. Con más de 18 años de experiencia, ofrecemos financiación de circulante a todas las empresas para que puedan cobrar sus facturas o pagarés al finalizar sus trabajos, sin necesidad de esperar a la fecha de pago, ya que ésta &hellip; </p>
<p class="link-more"><a href="https://valencia.wordcamp.org/2019/sponsor/mercado-de-facturas/" class="more-link">Continuar leyendo<span class="screen-reader-text"> «Mercado de facturas»</span></a></p>
