{"id":1101,"date":"2023-08-11T18:52:34","date_gmt":"2023-08-11T16:52:34","guid":{"rendered":"https:\/\/valencia.wordcamp.org\/2023\/?page_id=1101"},"modified":"2023-10-10T20:08:54","modified_gmt":"2023-10-10T18:08:54","slug":"voluntaris","status":"publish","type":"page","link":"https:\/\/valencia.wordcamp.org\/2023\/val\/voluntaris\/","title":{"rendered":"Voluntaris"},"content":{"rendered":"\n<div class=\"wp-block-query is-layout-flow wp-block-query-is-layout-flow\"><ul class=\"columns-3 wp-block-post-template is-layout-grid wp-container-core-post-template-is-layout-6d3fbd8f wp-block-post-template-is-layout-grid\"><li class=\"wp-block-post post-3368 wcb_organizer type-wcb_organizer status-publish hentry wcb_organizer_team-voluntarios\">\n\n<div class=\"wp-block-group is-nowrap is-layout-flex wp-container-core-group-is-layout-6c531013 wp-block-group-is-layout-flex\"><figure style=\"width:96px;height:96px;\" class=\"is-style-rounded wp-block-wordcamp-avatar\"><img decoding=\"async\" src=\"https:\/\/secure.gravatar.com\/avatar\/?s=96&amp;d=mm&amp;f=y&amp;r=g\" alt=\"Alfonso Rodr\u00edguez Hermano\" \/><\/figure>\n\n<h2 class=\"wp-block-post-title has-medium-font-size\">Alfonso Rodr\u00edguez Hermano<\/h2><\/div>\n\n<\/li><li class=\"wp-block-post post-3374 wcb_organizer type-wcb_organizer status-publish hentry wcb_organizer_team-voluntarios\">\n\n<div class=\"wp-block-group is-nowrap is-layout-flex wp-container-core-group-is-layout-6c531013 wp-block-group-is-layout-flex\"><figure style=\"width:96px;height:96px;\" class=\"is-style-rounded wp-block-wordcamp-avatar\"><img decoding=\"async\" src=\"https:\/\/secure.gravatar.com\/avatar\/?s=96&amp;d=mm&amp;f=y&amp;r=g\" alt=\"Bohdan Vasylyev\" \/><\/figure>\n\n<h2 class=\"wp-block-post-title has-medium-font-size\">Bohdan Vasylyev<\/h2><\/div>\n\n<\/li><li class=\"wp-block-post post-3366 wcb_organizer type-wcb_organizer status-publish hentry wcb_organizer_team-voluntarios\">\n\n<div class=\"wp-block-group is-nowrap is-layout-flex wp-container-core-group-is-layout-6c531013 wp-block-group-is-layout-flex\"><figure style=\"width:96px;height:96px;\" class=\"is-style-rounded wp-block-wordcamp-avatar\"><img decoding=\"async\" src=\"https:\/\/secure.gravatar.com\/avatar\/?s=96&amp;d=mm&amp;f=y&amp;r=g\" alt=\"Borja L\u00f3pez L\u00e1zaro\" \/><\/figure>\n\n<h2 class=\"wp-block-post-title has-medium-font-size\">Borja L\u00f3pez L\u00e1zaro<\/h2><\/div>\n\n<\/li><li class=\"wp-block-post post-3348 wcb_organizer type-wcb_organizer status-publish hentry wcb_organizer_team-voluntarios\">\n\n<div class=\"wp-block-group is-nowrap is-layout-flex wp-container-core-group-is-layout-6c531013 wp-block-group-is-layout-flex\"><figure style=\"width:96px;height:96px;\" class=\"is-style-rounded wp-block-wordcamp-avatar\"><img decoding=\"async\" src=\"https:\/\/secure.gravatar.com\/avatar\/52ae40d7cac5a685a5d094a766f0959003634a43cc19e712738d023878abb739?s=96&amp;d=mm&amp;r=g\" alt=\"C\u00e9sar Labad\u00eda Mu\u00f1oz\" \/><\/figure>\n\n<h2 class=\"wp-block-post-title has-medium-font-size\">C\u00e9sar Labad\u00eda Mu\u00f1oz<\/h2><\/div>\n\n<\/li><li class=\"wp-block-post post-3380 wcb_organizer type-wcb_organizer status-publish hentry wcb_organizer_team-voluntarios\">\n\n<div class=\"wp-block-group is-nowrap is-layout-flex wp-container-core-group-is-layout-6c531013 wp-block-group-is-layout-flex\"><figure style=\"width:96px;height:96px;\" class=\"is-style-rounded wp-block-wordcamp-avatar\"><img decoding=\"async\" src=\"https:\/\/secure.gravatar.com\/avatar\/?s=96&amp;d=mm&amp;f=y&amp;r=g\" alt=\"Clara Fayos\" \/><\/figure>\n\n<h2 class=\"wp-block-post-title has-medium-font-size\">Clara Fayos<\/h2><\/div>\n\n<\/li><li class=\"wp-block-post post-3358 wcb_organizer type-wcb_organizer status-publish hentry wcb_organizer_team-voluntarios\">\n\n<div class=\"wp-block-group is-nowrap is-layout-flex wp-container-core-group-is-layout-6c531013 wp-block-group-is-layout-flex\"><figure style=\"width:96px;height:96px;\" class=\"is-style-rounded wp-block-wordcamp-avatar\"><img decoding=\"async\" src=\"https:\/\/secure.gravatar.com\/avatar\/?s=96&amp;d=mm&amp;f=y&amp;r=g\" alt=\"Esther Landete\" \/><\/figure>\n\n<h2 class=\"wp-block-post-title has-medium-font-size\">Esther Landete<\/h2><\/div>\n\n<\/li><li class=\"wp-block-post post-3364 wcb_organizer type-wcb_organizer status-publish hentry wcb_organizer_team-voluntarios\">\n\n<div class=\"wp-block-group is-nowrap is-layout-flex wp-container-core-group-is-layout-6c531013 wp-block-group-is-layout-flex\"><figure style=\"width:96px;height:96px;\" class=\"is-style-rounded wp-block-wordcamp-avatar\"><img decoding=\"async\" src=\"https:\/\/secure.gravatar.com\/avatar\/?s=96&amp;d=mm&amp;f=y&amp;r=g\" alt=\"Eva Alcal\u00e1 L\u00f3pez\" \/><\/figure>\n\n<h2 class=\"wp-block-post-title has-medium-font-size\">Eva Alcal\u00e1 L\u00f3pez<\/h2><\/div>\n\n<\/li><li class=\"wp-block-post post-3578 wcb_organizer type-wcb_organizer status-publish hentry wcb_organizer_team-voluntarios\">\n\n<div class=\"wp-block-group is-nowrap is-layout-flex wp-container-core-group-is-layout-6c531013 wp-block-group-is-layout-flex\"><figure style=\"width:96px;height:96px;\" class=\"is-style-rounded wp-block-wordcamp-avatar\"><img decoding=\"async\" src=\"https:\/\/secure.gravatar.com\/avatar\/ffae7b7923d9fd048ad7538f0a0f5dcfc6ae7153e01615b55a8657a13dac3f85?s=96&amp;d=mm&amp;r=g\" alt=\"Luis Miguel Climent\" \/><\/figure>\n\n<h2 class=\"wp-block-post-title has-medium-font-size\">Luis Miguel Climent<\/h2><\/div>\n\n<\/li><li class=\"wp-block-post post-3350 wcb_organizer type-wcb_organizer status-publish hentry wcb_organizer_team-voluntarios\">\n\n<div class=\"wp-block-group is-nowrap is-layout-flex wp-container-core-group-is-layout-6c531013 wp-block-group-is-layout-flex\"><figure style=\"width:96px;height:96px;\" class=\"is-style-rounded wp-block-wordcamp-avatar\"><img decoding=\"async\" src=\"https:\/\/secure.gravatar.com\/avatar\/d5504b070d06eefada1cd201cd23b3ee6e7abdb13bde6c259b5de1dd908356a6?s=96&amp;d=mm&amp;r=g\" alt=\"Mar\u00eda Fabi\u00e1n Garc\u00eda\" \/><\/figure>\n\n<h2 class=\"wp-block-post-title has-medium-font-size\">Mar\u00eda Fabi\u00e1n Garc\u00eda<\/h2><\/div>\n\n<\/li><li class=\"wp-block-post post-3370 wcb_organizer type-wcb_organizer status-publish hentry wcb_organizer_team-voluntarios\">\n\n<div class=\"wp-block-group is-nowrap is-layout-flex wp-container-core-group-is-layout-6c531013 wp-block-group-is-layout-flex\"><figure style=\"width:96px;height:96px;\" class=\"is-style-rounded wp-block-wordcamp-avatar\"><img decoding=\"async\" src=\"https:\/\/secure.gravatar.com\/avatar\/?s=96&amp;d=mm&amp;f=y&amp;r=g\" alt=\"Mario Ruiz\" \/><\/figure>\n\n<h2 class=\"wp-block-post-title has-medium-font-size\">Mario Ruiz<\/h2><\/div>\n\n<\/li><li class=\"wp-block-post post-3352 wcb_organizer type-wcb_organizer status-publish hentry wcb_organizer_team-voluntarios\">\n\n<div class=\"wp-block-group is-nowrap is-layout-flex wp-container-core-group-is-layout-6c531013 wp-block-group-is-layout-flex\"><figure style=\"width:96px;height:96px;\" class=\"is-style-rounded wp-block-wordcamp-avatar\"><img decoding=\"async\" src=\"https:\/\/secure.gravatar.com\/avatar\/b7bbaba36b4c7c1aa2a347c1d31730985484912e7a62ab5f4caf952053218dcf?s=96&amp;d=mm&amp;r=g\" alt=\"Marta Fabi\u00e1n Garc\u00eda\" \/><\/figure>\n\n<h2 class=\"wp-block-post-title has-medium-font-size\">Marta Fabi\u00e1n Garc\u00eda<\/h2><\/div>\n\n<\/li><li class=\"wp-block-post post-3378 wcb_organizer type-wcb_organizer status-publish hentry wcb_organizer_team-voluntarios\">\n\n<div class=\"wp-block-group is-nowrap is-layout-flex wp-container-core-group-is-layout-6c531013 wp-block-group-is-layout-flex\"><figure style=\"width:96px;height:96px;\" class=\"is-style-rounded wp-block-wordcamp-avatar\"><img decoding=\"async\" src=\"https:\/\/secure.gravatar.com\/avatar\/?s=96&amp;d=mm&amp;f=y&amp;r=g\" alt=\"Micaela Lafratta Ramos\" \/><\/figure>\n\n<h2 class=\"wp-block-post-title has-medium-font-size\">Micaela Lafratta Ramos<\/h2><\/div>\n\n<\/li><li class=\"wp-block-post post-4458 wcb_organizer type-wcb_organizer status-publish hentry wcb_organizer_team-voluntarios\">\n\n<div class=\"wp-block-group is-nowrap is-layout-flex wp-container-core-group-is-layout-6c531013 wp-block-group-is-layout-flex\"><figure style=\"width:96px;height:96px;\" class=\"is-style-rounded wp-block-wordcamp-avatar\"><img decoding=\"async\" src=\"https:\/\/secure.gravatar.com\/avatar\/71549482190d563d6c694f987b5b92f8baefd4cf09ee98c99e7802e4adf3fb00?s=96&amp;d=mm&amp;r=g\" alt=\"Nestor Angulo de Ugarte\" \/><\/figure>\n\n<h2 class=\"wp-block-post-title has-medium-font-size\">Nestor Angulo de Ugarte<\/h2><\/div>\n\n<\/li><li class=\"wp-block-post post-3342 wcb_organizer type-wcb_organizer status-publish hentry wcb_organizer_team-voluntarios\">\n\n<div class=\"wp-block-group is-nowrap is-layout-flex wp-container-core-group-is-layout-6c531013 wp-block-group-is-layout-flex\"><figure style=\"width:96px;height:96px;\" class=\"is-style-rounded wp-block-wordcamp-avatar\"><img decoding=\"async\" src=\"https:\/\/secure.gravatar.com\/avatar\/09a19d6c3d35d136db80cd14757e532d95a3b54dd9aebded06dcee529ed3d285?s=96&amp;d=mm&amp;r=g\" alt=\"Nilo V\u00e9lez\" \/><\/figure>\n\n<h2 class=\"wp-block-post-title has-medium-font-size\">Nilo V\u00e9lez<\/h2><\/div>\n\n<\/li><li class=\"wp-block-post post-3362 wcb_organizer type-wcb_organizer status-publish hentry wcb_organizer_team-voluntarios\">\n\n<div class=\"wp-block-group is-nowrap is-layout-flex wp-container-core-group-is-layout-6c531013 wp-block-group-is-layout-flex\"><figure style=\"width:96px;height:96px;\" class=\"is-style-rounded wp-block-wordcamp-avatar\"><img decoding=\"async\" src=\"https:\/\/secure.gravatar.com\/avatar\/?s=96&amp;d=mm&amp;f=y&amp;r=g\" alt=\"Paula Hern\u00e1ndez Villar\" \/><\/figure>\n\n<h2 class=\"wp-block-post-title has-medium-font-size\">Paula Hern\u00e1ndez Villar<\/h2><\/div>\n\n<\/li><li class=\"wp-block-post post-3360 wcb_organizer type-wcb_organizer status-publish hentry wcb_organizer_team-voluntarios\">\n\n<div class=\"wp-block-group is-nowrap is-layout-flex wp-container-core-group-is-layout-6c531013 wp-block-group-is-layout-flex\"><figure style=\"width:96px;height:96px;\" class=\"is-style-rounded wp-block-wordcamp-avatar\"><img decoding=\"async\" src=\"https:\/\/secure.gravatar.com\/avatar\/?s=96&amp;d=mm&amp;f=y&amp;r=g\" alt=\"Sara Casero de la Calle\" \/><\/figure>\n\n<h2 class=\"wp-block-post-title has-medium-font-size\">Sara Casero de la Calle<\/h2><\/div>\n\n<\/li><li class=\"wp-block-post post-3344 wcb_organizer type-wcb_organizer status-publish hentry wcb_organizer_team-voluntarios\">\n\n<div class=\"wp-block-group is-nowrap is-layout-flex wp-container-core-group-is-layout-6c531013 wp-block-group-is-layout-flex\"><figure style=\"width:96px;height:96px;\" class=\"is-style-rounded wp-block-wordcamp-avatar\"><img decoding=\"async\" src=\"https:\/\/secure.gravatar.com\/avatar\/8f60b1e4f79cb1bcf25534212b307237e20e29acc78a38021d6446c494e1df67?s=96&amp;d=mm&amp;r=g\" alt=\"Vicent Calatayud Esteve\" \/><\/figure>\n\n<h2 class=\"wp-block-post-title has-medium-font-size\">Vicent Calatayud Esteve<\/h2><\/div>\n\n<\/li><li class=\"wp-block-post post-3376 wcb_organizer type-wcb_organizer status-publish hentry wcb_organizer_team-voluntarios\">\n\n<div class=\"wp-block-group is-nowrap is-layout-flex wp-container-core-group-is-layout-6c531013 wp-block-group-is-layout-flex\"><figure style=\"width:96px;height:96px;\" class=\"is-style-rounded wp-block-wordcamp-avatar\"><img decoding=\"async\" src=\"https:\/\/secure.gravatar.com\/avatar\/?s=96&amp;d=mm&amp;f=y&amp;r=g\" alt=\"V\u00edctor P\u00e9rez Mu\u00f1oz\" \/><\/figure>\n\n<h2 class=\"wp-block-post-title has-medium-font-size\">V\u00edctor P\u00e9rez Mu\u00f1oz<\/h2><\/div>\n\n<\/li><\/ul><\/div>\n","protected":false},"excerpt":{"rendered":"","protected":false},"author":16530069,"featured_media":0,"parent":875,"menu_order":0,"comment_status":"closed","ping_status":"closed","template":"wp-custom-template-plantilla-valenciano","meta":{"jetpack_post_was_ever_published":false,"footnotes":""},"class_list":["post-1101","page","type-page","status-publish","hentry"],"jetpack_sharing_enabled":true,"_links":{"self":[{"href":"https:\/\/valencia.wordcamp.org\/2023\/wp-json\/wp\/v2\/pages\/1101","targetHints":{"allow":["GET"]}}],"collection":[{"href":"https:\/\/valencia.wordcamp.org\/2023\/wp-json\/wp\/v2\/pages"}],"about":[{"href":"https:\/\/valencia.wordcamp.org\/2023\/wp-json\/wp\/v2\/types\/page"}],"author":[{"embeddable":true,"href":"https:\/\/valencia.wordcamp.org\/2023\/wp-json\/wp\/v2\/users\/16530069"}],"replies":[{"embeddable":true,"href":"https:\/\/valencia.wordcamp.org\/2023\/wp-json\/wp\/v2\/comments?post=1101"}],"version-history":[{"count":2,"href":"https:\/\/valencia.wordcamp.org\/2023\/wp-json\/wp\/v2\/pages\/1101\/revisions"}],"predecessor-version":[{"id":3549,"href":"https:\/\/valencia.wordcamp.org\/2023\/wp-json\/wp\/v2\/pages\/1101\/revisions\/3549"}],"up":[{"embeddable":true,"href":"https:\/\/valencia.wordcamp.org\/2023\/wp-json\/wp\/v2\/pages\/875"}],"wp:attachment":[{"href":"https:\/\/valencia.wordcamp.org\/2023\/wp-json\/wp\/v2\/media?parent=1101"}],"curies":[{"name":"wp","href":"https:\/\/api.w.org\/{rel}","templated":true}]}}