{"id":886,"date":"2023-08-10T18:50:46","date_gmt":"2023-08-10T16:50:46","guid":{"rendered":"https:\/\/valencia.wordcamp.org\/2023\/?page_id=886"},"modified":"2023-08-11T19:05:54","modified_gmt":"2023-08-11T17:05:54","slug":"codigo-de-conducta","status":"publish","type":"page","link":"https:\/\/valencia.wordcamp.org\/2023\/codigo-de-conducta\/","title":{"rendered":"C\u00f3digo de conducta"},"content":{"rendered":"\n<h2 class=\"wp-block-heading\">1. Prop\u00f3sito<\/h2>\n\n\n\n<p>En WordCamp Valencia creemos en una comunidad abierta a todo el mundo. Como tal, estamos comprometidos a proporcionar un ambiente amigable, seguro y acogedor para todos independientemente de su sexo, orientaci\u00f3n sexual, discapacidad, etnia, religi\u00f3n, sistema operativo preferido, lenguaje de programaci\u00f3n o editor de texto.<\/p>\n\n\n\n<p>Este c\u00f3digo de conducta resume nuestras expectativas para el comportamiento de los participantes, as\u00ed como las consecuencias para el comportamiento inaceptable.<\/p>\n\n\n\n<p>Invitamos a todos los patrocinadores, voluntarios, ponentes, asistentes y dem\u00e1s participantes a que nos ayuden a conseguir una experiencia de evento segura y positiva para todos.<\/p>\n\n\n\n<h2 class=\"wp-block-heading\">2. Comportamiento esperado<\/h2>\n\n\n\n<p>Ser considerado, respetuoso y colaborativo.<\/p>\n\n\n\n<p>Abstenerse de comportamiento degradante, discriminatorio o de acoso.<\/p>\n\n\n\n<p>Ser consciente del entorno y de tus compa\u00f1eros participantes. Alerta a los organizadores si observas una situaci\u00f3n peligrosa o alguien en apuros.<\/p>\n\n\n\n<p>Participa de una manera aut\u00e9ntica y activa. Al hacerlo, est\u00e1s ayudando a que WordCamp Valencia sea todav\u00eda mejor.<\/p>\n\n\n\n<h2 class=\"wp-block-heading\">3. Comportamiento inaceptable<\/h2>\n\n\n\n<p>Los comportamientos inaceptables incluyen: conducta intimidatoria, acosadora, abusiva, discriminatoria, despectiva o degradante por parte de los asistentes a WordCamp Valencia y eventos relacionados. Todos los lugares de WordCamp Valencia pueden ser compartidos con miembros del p\u00fablico; por favor, se respetuoso con todo el mundo.<\/p>\n\n\n\n<p>El acoso incluye: comentarios verbales ofensivos relacionados con el g\u00e9nero, la orientaci\u00f3n sexual, la raza, la religi\u00f3n, la discapacidad, la intimidaci\u00f3n, el acoso o el seguimiento deliberados, la fotograf\u00eda o grabaci\u00f3n acosadoras, la interrupci\u00f3n sostenida de charlas u otros eventos, el contacto f\u00edsico inapropiado, etc.<\/p>\n\n\n\n<h2 class=\"wp-block-heading\">4. Consecuencias de un comportamiento inaceptable<\/h2>\n\n\n\n<p>No se tolerar\u00e1 un comportamiento inaceptable, ya sea por parte de otros asistentes, organizadores, personal de la sede, patrocinadores, etc. de WordCamp Valencia.<\/p>\n\n\n\n<p>Se espera que cualquier persona a la que se le pida que deje de tener un comportamiento inaceptable lo cumpla inmediatamente.<\/p>\n\n\n\n<p>Si un participante tiene un comportamiento inaceptable, los organizadores pueden tomar cualquier acci\u00f3n que consideren apropiada, hasta e incluyendo la expulsi\u00f3n de la conferencia sin advertencia o reembolso.<\/p>\n\n\n\n<h2 class=\"wp-block-heading\">5. Qu\u00e9 hacer si eres testigo u objeto de un comportamiento inaceptable<\/h2>\n\n\n\n<p>Si eres objeto de un comportamiento inaceptable, notas que otra persona est\u00e1 siendo objeto de un comportamiento inaceptable, o tienes cualquier otra preocupaci\u00f3n, por favor d\u00edselo a un organizador o voluntario tan pronto como sea posible.<\/p>\n\n\n\n<p>El equipo estar\u00e1 disponible para ayudar a los participantes a ponerse en contacto con la seguridad del recinto o con las fuerzas del orden locales si fuera necesario. No permitamos estas cosas dentro de nuestra comunidad.<\/p>\n\n\n\n<h2 class=\"wp-block-heading\">6. Informaci\u00f3n de contacto<\/h2>\n\n\n\n<p>Cualquier voluntario o asistente puede ponerse en contacto con la organizaci\u00f3n desde nuestra p\u00e1gina de contacto. Si nos necesitas durante el evento encu\u00e9ntranos por el color de nuestras camisetas!<\/p>\n\n\n\n<h2 class=\"wp-block-heading\">7. Licencia y atribuci\u00f3n<\/h2>\n\n\n\n<p>Este C\u00f3digo de Conducta es una copia directa del impresionante trabajo de la Open Source Bridge, pero reemplazando la informaci\u00f3n con la de nuestro evento. El original, publicado en http:\/\/opensourcebridge.org\/about\/code-of-conduct\/, puede verse en esta imagen de archivo, y fue liberado bajo una licencia de Creative Commons Attribution-ShareAlike.<\/p>\n","protected":false},"excerpt":{"rendered":"<p>1. Prop\u00f3sito En WordCamp Valencia creemos en una comunidad abierta a todo el mundo. Como tal, estamos comprometidos a proporcionar un ambiente amigable, seguro y acogedor para todos independientemente de su sexo, orientaci\u00f3n sexual, discapacidad, etnia, religi\u00f3n, sistema operativo preferido, lenguaje de programaci\u00f3n o editor de texto. Este c\u00f3digo de conducta resume nuestras expectativas para [&hellip;]<\/p>\n","protected":false},"author":16530069,"featured_media":0,"parent":0,"menu_order":0,"comment_status":"closed","ping_status":"closed","template":"","meta":{"jetpack_post_was_ever_published":false,"footnotes":""},"class_list":["post-886","page","type-page","status-publish","hentry"],"jetpack_sharing_enabled":true,"_links":{"self":[{"href":"https:\/\/valencia.wordcamp.org\/2023\/wp-json\/wp\/v2\/pages\/886","targetHints":{"allow":["GET"]}}],"collection":[{"href":"https:\/\/valencia.wordcamp.org\/2023\/wp-json\/wp\/v2\/pages"}],"about":[{"href":"https:\/\/valencia.wordcamp.org\/2023\/wp-json\/wp\/v2\/types\/page"}],"author":[{"embeddable":true,"href":"https:\/\/valencia.wordcamp.org\/2023\/wp-json\/wp\/v2\/users\/16530069"}],"replies":[{"embeddable":true,"href":"https:\/\/valencia.wordcamp.org\/2023\/wp-json\/wp\/v2\/comments?post=886"}],"version-history":[{"count":2,"href":"https:\/\/valencia.wordcamp.org\/2023\/wp-json\/wp\/v2\/pages\/886\/revisions"}],"predecessor-version":[{"id":1109,"href":"https:\/\/valencia.wordcamp.org\/2023\/wp-json\/wp\/v2\/pages\/886\/revisions\/1109"}],"wp:attachment":[{"href":"https:\/\/valencia.wordcamp.org\/2023\/wp-json\/wp\/v2\/media?parent=886"}],"curies":[{"name":"wp","href":"https:\/\/api.w.org\/{rel}","templated":true}]}}