{"id":892,"date":"2023-08-10T18:52:08","date_gmt":"2023-08-10T16:52:08","guid":{"rendered":"https:\/\/valencia.wordcamp.org\/2023\/?page_id=892"},"modified":"2023-10-05T11:33:18","modified_gmt":"2023-10-05T09:33:18","slug":"codi-de-conducta","status":"publish","type":"page","link":"https:\/\/valencia.wordcamp.org\/2023\/val\/codi-de-conducta\/","title":{"rendered":"Codi de conducta"},"content":{"rendered":"\n<h2 class=\"wp-block-heading\">1. Prop\u00f2sit<\/h2>\n\n\n\n<p>En WordCamp Val\u00e8ncia creiem en una comunitat oberta a tot lo m\u00f3n. Com a tal, estem compromesos a proporcionar un ambient amigable, segur i acollidor per a tots independentment del seu sexe, orientaci\u00f3 sexual, discapacitat, \u00e8tnia, religi\u00f3, sistema operatiu preferit, llenguatge de programaci\u00f3 o editor de text.<\/p>\n\n\n\n<p>Aquest codi de conducta resumeix les nostres expectatives per al comportament dels participants, aix\u00ed com les conseq\u00fc\u00e8ncies per al comportament inacceptable.<\/p>\n\n\n\n<p>Convidem a tots els patrocinadors, voluntaris, ponents, assistents i altres participants a que ens ajuden a aconseguir una experi\u00e8ncia segura i positiva per a tots.<\/p>\n\n\n\n<h2 class=\"wp-block-heading\">2. Comportament esperat<\/h2>\n\n\n\n<p>Ser considerat, respectu\u00f3s i col\u00b7laboratiu.<\/p>\n\n\n\n<p>Abstindre&#8217;s de comportament degradant, discriminatori o d&#8217;assetjament.<\/p>\n\n\n\n<p>Ser conscient de l&#8217;entorn i dels teus companys participants. Alerta als organitzadors si observes una situaci\u00f3 perillosa o alg\u00fa en dificultats.<\/p>\n\n\n\n<p>Participa d&#8217;una manera aut\u00e8ntica i activa. En fer-ho, est\u00e0s ajudant a que WordCamp Val\u00e8ncia siga encara millor.<\/p>\n\n\n\n<h2 class=\"wp-block-heading\">3. Comportament inacceptable<\/h2>\n\n\n\n<p>Els comportaments inacceptables inclouen: conducta intimidat\u00f2ria, assetjadora, abusiva, discriminat\u00f2ria, despectiva o degradant per part dels assistents a WordCamp Val\u00e8ncia i esdeveniments relacionats. Tots els llocs de WordCamp Val\u00e8ncia poden ser compartits amb membres del p\u00fablic; per favor, sigu\u00e9s respectu\u00f3s amb tots.<\/p>\n\n\n\n<p>L&#8217;assetjament inclou: comentaris verbals ofensius relacionats amb el g\u00e8nere, l&#8217;orientaci\u00f3 sexual, la ra\u00e7a, la religi\u00f3, la discapacitat, la intimidaci\u00f3, l&#8217;assetjament o el seguiment deliberats, la fotografia o gravacions assetjadores, la interrupci\u00f3 sostinguda de xarrades o altres esdeveniments, el contacte f\u00edsic inapropiat, etc.<\/p>\n\n\n\n<h2 class=\"wp-block-heading\">4. Conseq\u00fc\u00e8ncies d&#8217;un comportament inacceptable<\/h2>\n\n\n\n<p>No es tolerar\u00e0 un comportament inacceptable, ja siga per part d&#8217;altres assistents, organitzadors, personal de la seu, patrocinadors, etc. en WordCamp Val\u00e8ncia.<\/p>\n\n\n\n<p>S&#8217;espera que qualsevol persona a la qual se li demane que deixe de tindre un comportament inacceptable el complisca immediatament.<\/p>\n\n\n\n<p>Si un participant t\u00e9 un comportament inacceptable, els organitzadors poden prendre qualsevol acci\u00f3 que consideren apropiada, fins a l&#8217;expulsi\u00f3 de la confer\u00e8ncia sense advertiment o reembossament.<\/p>\n\n\n\n<h2 class=\"wp-block-heading\">5. Qu\u00e8 fer si eres testimoni o objecte d&#8217;un comportament inacceptable<\/h2>\n\n\n\n<p>Si eres objecte d&#8217;un comportament inacceptable, notes que una altra persona est\u00e0 sent objecte d&#8217;un comportament inacceptable, o tens qualsevol altra preocupaci\u00f3, per favor dis-liu a un organitzador o voluntari tan prompte com siga possible.<\/p>\n\n\n\n<p>L&#8217;equip estar\u00e0 disponible per a ajudar els participants a posar-se en contacte amb la seguretat del recinte o amb les forces de l&#8217;ordre locals si fora necessari. No permetem aquestes coses dins de la nostra comunitat.<\/p>\n\n\n\n<h2 class=\"wp-block-heading\">6. Informaci\u00f3 de contacte<\/h2>\n\n\n\n<p>Qualsevol voluntari o assistent pot posar-se en contacte amb l&#8217;organitzaci\u00f3 des de la nostra p\u00e0gina de contacte. Si ens necessites durant l&#8217;esdeveniment troba&#8217;ns pel color de les nostres samarretes!<\/p>\n\n\n\n<h2 class=\"wp-block-heading\">7. Llic\u00e8ncia i atribuci\u00f3<\/h2>\n\n\n\n<p>Aquest Codi de Conducta \u00e9s una c\u00f2pia directa de l&#8217;impressionant treball de la Open Source Bridge, per\u00f2 reempla\u00e7ant la informaci\u00f3 amb la del nostre esdeveniment. L&#8217;original, publicat en https:\/\/opensourcebridge.org\/about\/code-of-conduct\/, pot veure&#8217;s en aquesta imatge d&#8217;arxiu, i va ser alliberat sota una llic\u00e8ncia de Creative Commons Attribution-ShareAlike.<\/p>\n","protected":false},"excerpt":{"rendered":"<p>1. Prop\u00f2sit En WordCamp Val\u00e8ncia creiem en una comunitat oberta a tot lo m\u00f3n. Com a tal, estem compromesos a proporcionar un ambient amigable, segur i acollidor per a tots independentment del seu sexe, orientaci\u00f3 sexual, discapacitat, \u00e8tnia, religi\u00f3, sistema operatiu preferit, llenguatge de programaci\u00f3 o editor de text. Aquest codi de conducta resumeix les [&hellip;]<\/p>\n","protected":false},"author":16530069,"featured_media":0,"parent":875,"menu_order":0,"comment_status":"closed","ping_status":"closed","template":"wp-custom-template-plantilla-valenciano","meta":{"jetpack_post_was_ever_published":false,"footnotes":""},"class_list":["post-892","page","type-page","status-publish","hentry"],"jetpack_sharing_enabled":true,"_links":{"self":[{"href":"https:\/\/valencia.wordcamp.org\/2023\/wp-json\/wp\/v2\/pages\/892","targetHints":{"allow":["GET"]}}],"collection":[{"href":"https:\/\/valencia.wordcamp.org\/2023\/wp-json\/wp\/v2\/pages"}],"about":[{"href":"https:\/\/valencia.wordcamp.org\/2023\/wp-json\/wp\/v2\/types\/page"}],"author":[{"embeddable":true,"href":"https:\/\/valencia.wordcamp.org\/2023\/wp-json\/wp\/v2\/users\/16530069"}],"replies":[{"embeddable":true,"href":"https:\/\/valencia.wordcamp.org\/2023\/wp-json\/wp\/v2\/comments?post=892"}],"version-history":[{"count":3,"href":"https:\/\/valencia.wordcamp.org\/2023\/wp-json\/wp\/v2\/pages\/892\/revisions"}],"predecessor-version":[{"id":3478,"href":"https:\/\/valencia.wordcamp.org\/2023\/wp-json\/wp\/v2\/pages\/892\/revisions\/3478"}],"up":[{"embeddable":true,"href":"https:\/\/valencia.wordcamp.org\/2023\/wp-json\/wp\/v2\/pages\/875"}],"wp:attachment":[{"href":"https:\/\/valencia.wordcamp.org\/2023\/wp-json\/wp\/v2\/media?parent=892"}],"curies":[{"name":"wp","href":"https:\/\/api.w.org\/{rel}","templated":true}]}}