{"id":11,"date":"2025-03-01T12:15:31","date_gmt":"2025-03-01T11:15:31","guid":{"rendered":"https:\/\/valencia.wordcamp.org\/2025\/location\/"},"modified":"2025-10-27T10:25:47","modified_gmt":"2025-10-27T09:25:47","slug":"ubicacion","status":"publish","type":"page","link":"https:\/\/valencia.wordcamp.org\/2025\/ubicacion\/","title":{"rendered":"Ubicaci\u00f3n"},"content":{"rendered":"\n<div class=\"wp-block-group has-global-padding is-layout-constrained wp-container-core-group-is-layout-aaf6a8cd wp-block-group-is-layout-constrained\">\n<div class=\"wp-block-group has-border-color has-accent-3-border-color has-global-padding is-layout-constrained wp-container-core-group-is-layout-054131c4 wp-block-group-is-layout-constrained\" style=\"border-width:1px;padding-top:24px;padding-right:36px;padding-bottom:24px;padding-left:36px\">\n<h1 class=\"wp-block-heading\" style=\"padding-top:0px;padding-right:0px;padding-bottom:0px;padding-left:0px\">Ubicaci\u00f3n: La Petxina<\/h1>\n\n\n\n<p>Conoce el lugar donde se celebrar\u00e1 el WordPress Tech Congress: WordCamp Valencia 2025, un espacio emblem\u00e1tico en el coraz\u00f3n de la ciudad.<\/p>\n\n\n\n<div class=\"wp-block-buttons is-layout-flex wp-block-buttons-is-layout-flex\">\n<div class=\"wp-block-button\"><a class=\"wp-block-button__link wp-element-button\" href=\"https:\/\/valencia.wordcamp.org\/2025\/entradas\/\">Comprar Entradas<\/a><\/div>\n<\/div>\n<\/div>\n<\/div>\n\n\n\n<div class=\"wp-block-group has-global-padding is-layout-constrained wp-block-group-is-layout-constrained\">\n<div class=\"wp-block-columns home-bn-res-gap is-layout-flex wp-container-core-columns-is-layout-dfcdbb8e wp-block-columns-is-layout-flex\">\n<div class=\"wp-block-column is-layout-flow wp-block-column-is-layout-flow\">\n<figure class=\"wp-block-image aligncenter size-full\"><img data-recalc-dims=\"1\" loading=\"lazy\" decoding=\"async\" width=\"589\" height=\"555\" src=\"https:\/\/i0.wp.com\/valencia.wordcamp.org\/2025\/files\/2025\/05\/wcvl-ubicacion.png?resize=589%2C555&#038;ssl=1\" alt=\"WCVL Ubicaci\u00f3n\" class=\"wp-image-1138\" srcset=\"https:\/\/i0.wp.com\/valencia.wordcamp.org\/2025\/files\/2025\/05\/wcvl-ubicacion.png?w=589&amp;ssl=1 589w, https:\/\/i0.wp.com\/valencia.wordcamp.org\/2025\/files\/2025\/05\/wcvl-ubicacion.png?resize=300%2C283&amp;ssl=1 300w, https:\/\/i0.wp.com\/valencia.wordcamp.org\/2025\/files\/2025\/05\/wcvl-ubicacion.png?resize=318%2C300&amp;ssl=1 318w\" sizes=\"auto, (max-width: 589px) 100vw, 589px\" \/><\/figure>\n\n\n\n<figure class=\"wp-block-image size-full bg-img-grp-2\"><img data-recalc-dims=\"1\" loading=\"lazy\" decoding=\"async\" width=\"575\" height=\"675\" src=\"https:\/\/i0.wp.com\/valencia.wordcamp.org\/2025\/files\/2025\/05\/WCVL.png?resize=575%2C675&#038;ssl=1\" alt=\"WCVL\" class=\"wp-image-523\" srcset=\"https:\/\/i0.wp.com\/valencia.wordcamp.org\/2025\/files\/2025\/05\/WCVL.png?w=575&amp;ssl=1 575w, https:\/\/i0.wp.com\/valencia.wordcamp.org\/2025\/files\/2025\/05\/WCVL.png?resize=256%2C300&amp;ssl=1 256w\" sizes=\"auto, (max-width: 575px) 100vw, 575px\" \/><\/figure>\n<\/div>\n\n\n\n<div class=\"wp-block-column is-layout-flow wp-container-core-column-is-layout-fc5e3b10 wp-block-column-is-layout-flow\">\n<div class=\"wp-block-group has-global-padding is-layout-constrained wp-container-core-group-is-layout-1026f38c wp-block-group-is-layout-constrained\">\n<div style=\"height:100px\" aria-hidden=\"true\" class=\"wp-block-spacer\"><\/div>\n\n\n\n<p>El Complejo Deportivo Cultural \u00abLa Petxina\u00bb ser\u00e1 por cuarta vez la sede de WordPress Tech Congress: WordCamp Valencia 2025. Un lugar lleno de historia donde se combina tradici\u00f3n y contemporaneidad. Adem\u00e1s ofrece espacios di\u00e1fanos y amplios para un evento inolvidable. Se encuentra muy cerca del casco hist\u00f3rico y con una situaci\u00f3n privilegiada que ofrece un f\u00e1cil acceso en metro, andando, patinete el\u00e9ctrico, autobuses interprovinciales, etc. <\/p>\n\n\n\n<p>La #WCVLC25 se desarrollar\u00e1 espec\u00edficamente en el Gran Sal\u00f3n de Actos y Hall de la nave central y la sala de conferencias.<\/p>\n<\/div>\n\n\n\n<div class=\"wp-block-buttons is-layout-flex wp-block-buttons-is-layout-flex\">\n<div class=\"wp-block-button is-style-outline is-style-outline--1\"><a class=\"wp-block-button__link wp-element-button\" href=\"https:\/\/valencia.wordcamp.org\/2025\/entradas\/\">Comprar Entradas<\/a><\/div>\n<\/div>\n<\/div>\n<\/div>\n<\/div>\n\n\n\n<div class=\"wp-block-group has-global-padding is-layout-constrained wp-block-group-is-layout-constrained\">\n<figure class=\"wp-block-gallery has-nested-images columns-default is-cropped wp-block-gallery-2 is-layout-flex wp-block-gallery-is-layout-flex\">\n<figure class=\"wp-block-image size-large\"><img data-recalc-dims=\"1\" loading=\"lazy\" decoding=\"async\" width=\"384\" height=\"300\" data-id=\"1140\" src=\"https:\/\/i0.wp.com\/valencia.wordcamp.org\/2025\/files\/2025\/05\/Card-Pelicula-S-Desktop.jpg?resize=384%2C300&#038;ssl=1\" alt=\"\" class=\"wp-image-1140\" srcset=\"https:\/\/i0.wp.com\/valencia.wordcamp.org\/2025\/files\/2025\/05\/Card-Pelicula-S-Desktop.jpg?w=384&amp;ssl=1 384w, https:\/\/i0.wp.com\/valencia.wordcamp.org\/2025\/files\/2025\/05\/Card-Pelicula-S-Desktop.jpg?resize=300%2C234&amp;ssl=1 300w\" sizes=\"auto, (max-width: 384px) 100vw, 384px\" \/><\/figure>\n\n\n\n<figure class=\"wp-block-image size-full\"><img data-recalc-dims=\"1\" loading=\"lazy\" decoding=\"async\" width=\"800\" height=\"531\" data-id=\"1424\" src=\"https:\/\/i0.wp.com\/valencia.wordcamp.org\/2025\/files\/2025\/05\/WordCamp-Valencia-2023.jpg?resize=800%2C531&#038;ssl=1\" alt=\"\" class=\"wp-image-1424\" srcset=\"https:\/\/i0.wp.com\/valencia.wordcamp.org\/2025\/files\/2025\/05\/WordCamp-Valencia-2023.jpg?w=800&amp;ssl=1 800w, https:\/\/i0.wp.com\/valencia.wordcamp.org\/2025\/files\/2025\/05\/WordCamp-Valencia-2023.jpg?resize=300%2C199&amp;ssl=1 300w, https:\/\/i0.wp.com\/valencia.wordcamp.org\/2025\/files\/2025\/05\/WordCamp-Valencia-2023.jpg?resize=768%2C510&amp;ssl=1 768w, https:\/\/i0.wp.com\/valencia.wordcamp.org\/2025\/files\/2025\/05\/WordCamp-Valencia-2023.jpg?resize=452%2C300&amp;ssl=1 452w\" sizes=\"auto, (max-width: 800px) 100vw, 800px\" \/><\/figure>\n\n\n\n<figure class=\"wp-block-image size-large\"><img data-recalc-dims=\"1\" loading=\"lazy\" decoding=\"async\" width=\"384\" height=\"300\" data-id=\"1142\" src=\"https:\/\/i0.wp.com\/valencia.wordcamp.org\/2025\/files\/2025\/05\/Card-Pelicula-S-Desktop-2.jpg?resize=384%2C300&#038;ssl=1\" alt=\"\" class=\"wp-image-1142\" srcset=\"https:\/\/i0.wp.com\/valencia.wordcamp.org\/2025\/files\/2025\/05\/Card-Pelicula-S-Desktop-2.jpg?w=384&amp;ssl=1 384w, https:\/\/i0.wp.com\/valencia.wordcamp.org\/2025\/files\/2025\/05\/Card-Pelicula-S-Desktop-2.jpg?resize=300%2C234&amp;ssl=1 300w\" sizes=\"auto, (max-width: 384px) 100vw, 384px\" \/><\/figure>\n\n\n\n<figure class=\"wp-block-image size-full\"><img data-recalc-dims=\"1\" loading=\"lazy\" decoding=\"async\" width=\"713\" height=\"531\" data-id=\"1425\" src=\"https:\/\/i0.wp.com\/valencia.wordcamp.org\/2025\/files\/2025\/05\/WordCamp-Valencia.jpg?resize=713%2C531&#038;ssl=1\" alt=\"\" class=\"wp-image-1425\" srcset=\"https:\/\/i0.wp.com\/valencia.wordcamp.org\/2025\/files\/2025\/05\/WordCamp-Valencia.jpg?w=713&amp;ssl=1 713w, https:\/\/i0.wp.com\/valencia.wordcamp.org\/2025\/files\/2025\/05\/WordCamp-Valencia.jpg?resize=300%2C223&amp;ssl=1 300w, https:\/\/i0.wp.com\/valencia.wordcamp.org\/2025\/files\/2025\/05\/WordCamp-Valencia.jpg?resize=403%2C300&amp;ssl=1 403w\" sizes=\"auto, (max-width: 713px) 100vw, 713px\" \/><\/figure>\n\n\n\n<figure class=\"wp-block-image size-full\"><img data-recalc-dims=\"1\" loading=\"lazy\" decoding=\"async\" width=\"800\" height=\"531\" data-id=\"1416\" src=\"https:\/\/i0.wp.com\/valencia.wordcamp.org\/2025\/files\/2025\/05\/53342304700_f3ace46316_c.jpg?resize=800%2C531&#038;ssl=1\" alt=\"\" class=\"wp-image-1416\" srcset=\"https:\/\/i0.wp.com\/valencia.wordcamp.org\/2025\/files\/2025\/05\/53342304700_f3ace46316_c.jpg?w=800&amp;ssl=1 800w, https:\/\/i0.wp.com\/valencia.wordcamp.org\/2025\/files\/2025\/05\/53342304700_f3ace46316_c.jpg?resize=300%2C199&amp;ssl=1 300w, https:\/\/i0.wp.com\/valencia.wordcamp.org\/2025\/files\/2025\/05\/53342304700_f3ace46316_c.jpg?resize=768%2C510&amp;ssl=1 768w, https:\/\/i0.wp.com\/valencia.wordcamp.org\/2025\/files\/2025\/05\/53342304700_f3ace46316_c.jpg?resize=452%2C300&amp;ssl=1 452w\" sizes=\"auto, (max-width: 800px) 100vw, 800px\" \/><\/figure>\n<\/figure>\n<\/div>\n\n\n\n<div class=\"wp-block-group has-global-padding is-layout-constrained wp-block-group-is-layout-constrained\" style=\"padding-top:112px;padding-bottom:112px\">\n<div class=\"wp-block-columns is-layout-flex wp-container-core-columns-is-layout-dfcdbb8e wp-block-columns-is-layout-flex\">\n<div class=\"wp-block-column is-layout-flow wp-container-core-column-is-layout-fc5e3b10 wp-block-column-is-layout-flow\">\n<div class=\"wp-block-group has-global-padding is-layout-constrained wp-container-core-group-is-layout-1026f38c wp-block-group-is-layout-constrained\">\n<p>Antes de finalizar, un detalle hist\u00f3rico. La palabra petxina traducida del valenciano al castellano significa concha. Este nombre, tanto el del paseo como el del Centro Deportivo lo toman de una gran \u201cpetxina\u201d (concha) de piedra, que serv\u00eda como estribo en el R\u00edo Turia. Est\u00e1 situada en una rampa de acceso al cauce del r\u00edo a la altura de la Casa de la Caridad. Una siniestra historia le acompa\u00f1a, cuentan que durante los a\u00f1os de la Inquisici\u00f3n era el lugar donde se arrojaban los cad\u00e1veres y se quemaban a los procesados por la Inquisici\u00f3n. La calle que daba acceso a la petxina se llam\u00f3 calle Quemadero, ahora convertida en calle Dr. Sanchis Berg\u00f3n, dejando atr\u00e1s su pasado oscuro.&nbsp;<\/p>\n\n\n\n<p>Ahora ya sabes un poco de historia sobre el fant\u00e1stico lugar donde celebraremos la WordCamp Valencia 2025. Admira su arquitectura tranquilamente, luego camina unos metros para visitar la petxina de piedra y finalmente entra por las torres de Serrano al casco hist\u00f3rica de la ciudad para seguir admirando la arquitectura hist\u00f3rica de Valencia mientras eres parte de uno de los eventos m\u00e1s esperados por la comunidad de WordPress.<\/p>\n<\/div>\n<\/div>\n\n\n\n<div class=\"wp-block-column is-vertically-aligned-center is-layout-flow wp-block-column-is-layout-flow\">\n<figure class=\"wp-block-image aligncenter size-full\"><img data-recalc-dims=\"1\" loading=\"lazy\" decoding=\"async\" width=\"588\" height=\"384\" src=\"https:\/\/i0.wp.com\/valencia.wordcamp.org\/2025\/files\/2025\/05\/Rectangle-38-1.png?resize=588%2C384&#038;ssl=1\" alt=\"WCVL ubicaci\u00f3n\" class=\"wp-image-1148\" srcset=\"https:\/\/i0.wp.com\/valencia.wordcamp.org\/2025\/files\/2025\/05\/Rectangle-38-1.png?w=588&amp;ssl=1 588w, https:\/\/i0.wp.com\/valencia.wordcamp.org\/2025\/files\/2025\/05\/Rectangle-38-1.png?resize=300%2C196&amp;ssl=1 300w, https:\/\/i0.wp.com\/valencia.wordcamp.org\/2025\/files\/2025\/05\/Rectangle-38-1.png?resize=459%2C300&amp;ssl=1 459w\" sizes=\"auto, (max-width: 588px) 100vw, 588px\" \/><\/figure>\n\n\n\n<figure class=\"wp-block-image size-full bg-img-grp-lugar bg-img-grp-4\"><img data-recalc-dims=\"1\" loading=\"lazy\" decoding=\"async\" width=\"478\" height=\"334\" src=\"https:\/\/i0.wp.com\/valencia.wordcamp.org\/2025\/files\/2025\/05\/Vector-1.png?resize=478%2C334&#038;ssl=1\" alt=\"wcvl bagr img\" class=\"wp-image-1260\" srcset=\"https:\/\/i0.wp.com\/valencia.wordcamp.org\/2025\/files\/2025\/05\/Vector-1.png?w=478&amp;ssl=1 478w, https:\/\/i0.wp.com\/valencia.wordcamp.org\/2025\/files\/2025\/05\/Vector-1.png?resize=300%2C210&amp;ssl=1 300w, https:\/\/i0.wp.com\/valencia.wordcamp.org\/2025\/files\/2025\/05\/Vector-1.png?resize=429%2C300&amp;ssl=1 429w\" sizes=\"auto, (max-width: 478px) 100vw, 478px\" \/><\/figure>\n<\/div>\n<\/div>\n<\/div>\n\n\n\n<div class=\"wp-block-group has-global-padding is-layout-constrained wp-container-core-group-is-layout-81828466 wp-block-group-is-layout-constrained\">\n<div class=\"wp-block-group has-global-padding is-content-justification-left is-layout-constrained wp-container-core-group-is-layout-bb18e105 wp-block-group-is-layout-constrained\">\n<h2 class=\"wp-block-heading\">Direcci\u00f3n<\/h2>\n\n\n\n<p>Complejo Deportivo-Cultural Pechina.<\/p>\n\n\n\n<p>Passeig de la Petxina, 42, 46008, Valencia\/Val\u00e8ncia (Comunidad Valenciana \/ Comunitat Valenciana)<\/p>\n\n\n\n<figure class=\"wp-block-image alignfull size-large\"><img data-recalc-dims=\"1\" loading=\"lazy\" decoding=\"async\" width=\"1024\" height=\"593\" src=\"https:\/\/i0.wp.com\/valencia.wordcamp.org\/2025\/files\/2025\/06\/Mapa-Petxina.jpeg?resize=1024%2C593&#038;ssl=1\" alt=\"\" class=\"wp-image-2215\" srcset=\"https:\/\/i0.wp.com\/valencia.wordcamp.org\/2025\/files\/2025\/06\/Mapa-Petxina.jpeg?resize=1024%2C593&amp;ssl=1 1024w, https:\/\/i0.wp.com\/valencia.wordcamp.org\/2025\/files\/2025\/06\/Mapa-Petxina.jpeg?resize=300%2C174&amp;ssl=1 300w, https:\/\/i0.wp.com\/valencia.wordcamp.org\/2025\/files\/2025\/06\/Mapa-Petxina.jpeg?resize=768%2C445&amp;ssl=1 768w, https:\/\/i0.wp.com\/valencia.wordcamp.org\/2025\/files\/2025\/06\/Mapa-Petxina.jpeg?resize=500%2C290&amp;ssl=1 500w, https:\/\/i0.wp.com\/valencia.wordcamp.org\/2025\/files\/2025\/06\/Mapa-Petxina.jpeg?resize=1536%2C890&amp;ssl=1 1536w, https:\/\/i0.wp.com\/valencia.wordcamp.org\/2025\/files\/2025\/06\/Mapa-Petxina.jpeg?w=1600&amp;ssl=1 1600w\" sizes=\"auto, (max-width: 1000px) 100vw, 1000px\" \/><\/figure>\n<\/div>\n\n\n\n<div class=\"wp-block-columns is-layout-flex wp-container-core-columns-is-layout-28f84493 wp-block-columns-is-layout-flex\">\n<div class=\"wp-block-column is-layout-flow wp-block-column-is-layout-flow\" style=\"padding-top:var(--wp--preset--spacing--20);padding-right:var(--wp--preset--spacing--20);padding-bottom:var(--wp--preset--spacing--20);padding-left:var(--wp--preset--spacing--20)\">\n<p>Complejo La Petxina<br>(Hall Acreditaciones \/ Entrada)<\/p>\n\n\n\n<div class=\"googlemaps\">\n\t\t\t\t<iframe loading=\"lazy\" width=\"400\" height=\"500\" frameborder=\"0\" scrolling=\"no\" marginheight=\"0\" marginwidth=\"0\"  src=\"https:\/\/www.google.com\/maps\/embed?pb=!1m18!1m12!1m3!1d1031.103224242472!2d-0.39471095875427153!3d39.47536652622787!2m3!1f0!2f0!3f0!3m2!1i1024!2i768!4f13.1!3m3!1m2!1s0xd604fa886c1b669:0x8a06179fe5d6b4d0!2sBiblioteca%20Municipal%20La%20Petxina!5e0!3m2!1ses!2ses!4v1748875072446!5m2!1ses!2ses\"><\/iframe>\n\t\t\t<\/div>\n<\/div>\n\n\n\n<div class=\"wp-block-column is-layout-flow wp-block-column-is-layout-flow\" style=\"padding-top:var(--wp--preset--spacing--20);padding-right:var(--wp--preset--spacing--20);padding-bottom:var(--wp--preset--spacing--20);padding-left:var(--wp--preset--spacing--20)\"><\/div>\n<\/div>\n<\/div>\n\n\n\n<div class=\"wp-block-group alignfull has-background has-global-padding is-layout-constrained wp-container-core-group-is-layout-81828466 wp-block-group-is-layout-constrained\" style=\"background-color:#f9f8f9\">\n<h2 class=\"wp-block-heading\">Como llegar<\/h2>\n\n\n\n<div class=\"wp-block-group has-global-padding is-layout-constrained wp-container-core-group-is-layout-1026f38c wp-block-group-is-layout-constrained\">\n<div class=\"wp-block-columns is-layout-flex wp-container-core-columns-is-layout-13e2ef3f wp-block-columns-is-layout-flex\">\n<div class=\"wp-block-column has-border-color has-base-background-color has-background is-layout-flow wp-block-column-is-layout-flow\" style=\"border-color:#b4b4b4;border-width:1px;padding-top:32px;padding-right:24px;padding-bottom:32px;padding-left:24px\">\n<h3 class=\"wp-block-heading\">Metro<\/h3>\n\n\n\n<p>L1 \u2013 L2 (T\u00faria)<br>L1 \u2013 L2 \u2013 L3 \u2013 L5 \u2013 L9 (\u00c0ngel Guimer\u00e0)<\/p>\n<\/div>\n\n\n\n<div class=\"wp-block-column has-border-color has-base-background-color has-background is-layout-flow wp-block-column-is-layout-flow\" style=\"border-color:#b4b4b4;border-width:1px;padding-top:32px;padding-right:24px;padding-bottom:32px;padding-left:24px\">\n<h3 class=\"wp-block-heading\">Bus<\/h3>\n\n\n\n<p>2 \u2013 29 \u2013 60 \u2013 62 \u2013 63 \u2013 64 \u2013 67 \u2013 73 \u2013 79 \u2013 80 \u2013 89 \u2013 90 \u2013 99 \u2013 95 \u2013 N3 \u2013 N4 \u2013 N89 \u2013 N90<\/p>\n<\/div>\n<\/div>\n\n\n\n<div class=\"wp-block-columns is-layout-flex wp-container-core-columns-is-layout-13e2ef3f wp-block-columns-is-layout-flex\">\n<div class=\"wp-block-column has-border-color has-base-background-color has-background is-layout-flow wp-block-column-is-layout-flow\" style=\"border-color:#b4b4b4;border-width:1px;padding-top:32px;padding-right:24px;padding-bottom:32px;padding-left:24px\">\n<h3 class=\"wp-block-heading\">Tren<\/h3>\n\n\n\n<p>&nbsp;Estaci\u00f3n del Norte (y luego autob\u00fas, metro, Valenbisi)<\/p>\n<\/div>\n\n\n\n<div class=\"wp-block-column has-border-color has-base-background-color has-background is-layout-flow wp-block-column-is-layout-flow\" style=\"border-color:#b4b4b4;border-width:1px;padding-top:32px;padding-right:24px;padding-bottom:32px;padding-left:24px\">\n<h3 class=\"wp-block-heading\">Coche<\/h3>\n\n\n\n<p>&nbsp;Zona libre de estacionamiento regulado. Hay parkings cercanos disponibles.<\/p>\n<\/div>\n<\/div>\n\n\n\n<div class=\"wp-block-group has-border-color has-base-background-color has-background has-global-padding is-layout-constrained wp-container-core-group-is-layout-14d8a1aa wp-block-group-is-layout-constrained\" style=\"border-color:#b4b4b4;border-width:1px;padding-top:32px;padding-right:24px;padding-bottom:32px;padding-left:24px\">\n<h3 class=\"wp-block-heading\">Valenbici<\/h3>\n\n\n\n<ul class=\"wp-block-list\">\n<li><strong>Estaci\u00f3n n\u00ba 19<\/strong>: C\/ Juan Llorens con C\/ Quart,<\/li>\n\n\n\n<li><strong>Estaci\u00f3n n\u00ba 20<\/strong>: Gran v\u00eda Fernando&nbsp;El Cat\u00f3lico con C\/ Quart.<\/li>\n\n\n\n<li><strong>Estaci\u00f3n n\u00ba 143<\/strong>: Avda. Men\u00e9ndez Pidal cruce Avda. Pio XII (Nuevo Centro),<\/li>\n\n\n\n<li><strong>Estaci\u00f3n n\u00ba 144<\/strong>: C\/ Marqu\u00e9s de San Juan con C\/ Diputat Llu\u00eds Luc\u00eda,<\/li>\n\n\n\n<li><strong>Estaci\u00f3n n\u00ba 202<\/strong>: Paseo de la Petxina cruce con C\/ Teruel,<\/li>\n\n\n\n<li><strong>Estaci\u00f3n n\u00ba 222<\/strong>: C\/ Maestro Rodrigo con C\/ Manuel de Falla, Estaci\u00f3n 220 Cast\u00e1n Tobe\u00f1as \u2013 Patriques,<\/li>\n\n\n\n<li><strong>Estaci\u00f3n N\u00ba 201<\/strong>: C\/ Perez Gald\u00f3s \u2013 Nou Moles<\/li>\n<\/ul>\n<\/div>\n<\/div>\n<\/div>\n","protected":false},"excerpt":{"rendered":"<p>Ubicaci\u00f3n: La Petxina Conoce el lugar donde se celebrar\u00e1 el WordPress Tech Congress: WordCamp Valencia 2025, un espacio emblem\u00e1tico en el coraz\u00f3n de la ciudad. El Complejo Deportivo Cultural \u00abLa Petxina\u00bb ser\u00e1 por cuarta vez la sede de WordPress Tech Congress: WordCamp Valencia 2025. Un lugar lleno de historia donde se combina tradici\u00f3n y contemporaneidad. [&hellip;]<\/p>\n","protected":false},"author":20106080,"featured_media":0,"parent":0,"menu_order":0,"comment_status":"closed","ping_status":"closed","template":"","meta":{"advanced_seo_description":"","jetpack_seo_html_title":"","jetpack_seo_noindex":false,"jetpack_post_was_ever_published":false,"footnotes":""},"class_list":["post-11","page","type-page","status-publish","hentry"],"jetpack_sharing_enabled":true,"jetpack-related-posts":[],"jetpack_shortlink":"https:\/\/wp.me\/Pgo7ki-b","jetpack_likes_enabled":true,"_links":{"self":[{"href":"https:\/\/valencia.wordcamp.org\/2025\/wp-json\/wp\/v2\/pages\/11","targetHints":{"allow":["GET"]}}],"collection":[{"href":"https:\/\/valencia.wordcamp.org\/2025\/wp-json\/wp\/v2\/pages"}],"about":[{"href":"https:\/\/valencia.wordcamp.org\/2025\/wp-json\/wp\/v2\/types\/page"}],"author":[{"embeddable":true,"href":"https:\/\/valencia.wordcamp.org\/2025\/wp-json\/wp\/v2\/users\/20106080"}],"replies":[{"embeddable":true,"href":"https:\/\/valencia.wordcamp.org\/2025\/wp-json\/wp\/v2\/comments?post=11"}],"version-history":[{"count":48,"href":"https:\/\/valencia.wordcamp.org\/2025\/wp-json\/wp\/v2\/pages\/11\/revisions"}],"predecessor-version":[{"id":4779,"href":"https:\/\/valencia.wordcamp.org\/2025\/wp-json\/wp\/v2\/pages\/11\/revisions\/4779"}],"wp:attachment":[{"href":"https:\/\/valencia.wordcamp.org\/2025\/wp-json\/wp\/v2\/media?parent=11"}],"curies":[{"name":"wp","href":"https:\/\/api.w.org\/{rel}","templated":true}]}}