{"id":3449,"date":"2025-09-01T15:16:57","date_gmt":"2025-09-01T13:16:57","guid":{"rendered":"https:\/\/valencia.wordcamp.org\/2025\/?post_type=wcb_session&#038;p=3449"},"modified":"2025-09-08T18:01:37","modified_gmt":"2025-09-08T16:01:37","slug":"light-talks","status":"publish","type":"wcb_session","link":"https:\/\/valencia.wordcamp.org\/2025\/session\/light-talks\/","title":{"rendered":"Light Talks"},"content":{"rendered":"\n<div class=\"wp-block-columns is-layout-flex wp-container-core-columns-is-layout-794e3cfa wp-block-columns-is-layout-flex\">\n<div class=\"wp-block-column is-layout-flow wp-block-column-is-layout-flow\" style=\"flex-basis:33.33%\">\n<figure class=\"wp-block-image size-large\"><img data-recalc-dims=\"1\" loading=\"lazy\" decoding=\"async\" width=\"958\" height=\"1024\" src=\"https:\/\/i0.wp.com\/valencia.wordcamp.org\/2025\/files\/2025\/09\/light-talks.jpg?resize=958%2C1024&#038;ssl=1\" alt=\"\" class=\"wp-image-3727\" srcset=\"https:\/\/i0.wp.com\/valencia.wordcamp.org\/2025\/files\/2025\/09\/light-talks.jpg?resize=958%2C1024&amp;ssl=1 958w, https:\/\/i0.wp.com\/valencia.wordcamp.org\/2025\/files\/2025\/09\/light-talks.jpg?resize=281%2C300&amp;ssl=1 281w, https:\/\/i0.wp.com\/valencia.wordcamp.org\/2025\/files\/2025\/09\/light-talks.jpg?resize=768%2C821&amp;ssl=1 768w, https:\/\/i0.wp.com\/valencia.wordcamp.org\/2025\/files\/2025\/09\/light-talks.jpg?w=1248&amp;ssl=1 1248w\" sizes=\"auto, (max-width: 958px) 100vw, 958px\" \/><\/figure>\n<\/div>\n\n\n\n<div class=\"wp-block-column is-vertically-aligned-center is-layout-flow wp-block-column-is-layout-flow\" style=\"flex-basis:66.66%\">\n<p class=\"wp-block-paragraph\">Cada ponente dispondr\u00e1 de <strong>10 minutos para exponer su charla<\/strong>. Al terminar, se abrir\u00e1 un espacio de <strong>15 minutos<\/strong>, en el que el p\u00fablico podr\u00e1 aportar comentarios, preguntas y reflexiones sobre el tema presentado, fomentando as\u00ed un <strong>debate participativo y enriquecedor<\/strong>.<\/p>\n\n\n\n<p class=\"wp-block-paragraph\">Todo el bloque estar\u00e1 acompa\u00f1ado por un <strong>moderador<\/strong>, encargado de guiar la din\u00e1mica y asegurar que las intervenciones fluyan de manera \u00e1gil y productiva.<\/p>\n<\/div>\n<\/div>\n","protected":false},"excerpt":{"rendered":"<p>Cada ponente dispondr\u00e1 de 10 minutos para exponer su charla. Al terminar, se abrir\u00e1 un espacio de 15 minutos, en el que el p\u00fablico podr\u00e1 aportar comentarios, preguntas y reflexiones sobre el tema presentado, fomentando as\u00ed un debate participativo y enriquecedor. Todo el bloque estar\u00e1 acompa\u00f1ado por un moderador, encargado de guiar la din\u00e1mica y [&hellip;]<\/p>\n","protected":false},"author":18869624,"featured_media":0,"template":"","meta":{"_crdt_document":"","advanced_seo_description":"","jetpack_seo_html_title":"","jetpack_seo_noindex":false,"jetpack_post_was_ever_published":false,"_wcpt_session_time":1762600500,"_wcpt_session_duration":7500,"_wcpt_session_type":"session","_wcpt_session_slides":"","_wcpt_session_video":"","_wcpt_speaker_id":[2490,2792,2873,2782,2912],"footnotes":""},"session_track":[79],"session_category":[59],"class_list":["post-3449","wcb_session","type-wcb_session","status-publish","hentry","wcb_track-track-3","wcb_session_category-desarrollo-web"],"jetpack_sharing_enabled":true,"jetpack_shortlink":"https:\/\/wp.me\/pgo7ki-TD","jetpack_likes_enabled":true,"session_date_time":{"date":"08\/11\/2025","time":"12:15"},"session_speakers":[{"id":"2490","slug":"yannick-garcia","name":"Yannick Garc\u00eda","link":"https:\/\/valencia.wordcamp.org\/2025\/speaker\/yannick-garcia\/"},{"id":"2792","slug":"diego-nieto","name":"Diego Nieto","link":"https:\/\/valencia.wordcamp.org\/2025\/speaker\/diego-nieto\/"},{"id":"2873","slug":"__trashed-18","name":"David Carrasco","link":"https:\/\/valencia.wordcamp.org\/2025\/speaker\/__trashed-18\/"},{"id":"2782","slug":"__trashed-23","name":"Jonathan Velez","link":"https:\/\/valencia.wordcamp.org\/2025\/speaker\/__trashed-23\/"},{"id":"2912","slug":"lucia-rico","name":"Luc\u00eda Rico","link":"https:\/\/valencia.wordcamp.org\/2025\/speaker\/lucia-rico\/"}],"session_cats_rendered":"Desarrollo Web","_links":{"self":[{"href":"https:\/\/valencia.wordcamp.org\/2025\/wp-json\/wp\/v2\/sessions\/3449","targetHints":{"allow":["GET"]}}],"collection":[{"href":"https:\/\/valencia.wordcamp.org\/2025\/wp-json\/wp\/v2\/sessions"}],"about":[{"href":"https:\/\/valencia.wordcamp.org\/2025\/wp-json\/wp\/v2\/types\/wcb_session"}],"version-history":[{"count":5,"href":"https:\/\/valencia.wordcamp.org\/2025\/wp-json\/wp\/v2\/sessions\/3449\/revisions"}],"predecessor-version":[{"id":3730,"href":"https:\/\/valencia.wordcamp.org\/2025\/wp-json\/wp\/v2\/sessions\/3449\/revisions\/3730"}],"speakers":[{"embeddable":true,"href":"https:\/\/valencia.wordcamp.org\/2025\/wp-json\/wp\/v2\/speakers\/2490"},{"embeddable":true,"href":"https:\/\/valencia.wordcamp.org\/2025\/wp-json\/wp\/v2\/speakers\/2792"},{"embeddable":true,"href":"https:\/\/valencia.wordcamp.org\/2025\/wp-json\/wp\/v2\/speakers\/2873"},{"embeddable":true,"href":"https:\/\/valencia.wordcamp.org\/2025\/wp-json\/wp\/v2\/speakers\/2782"},{"embeddable":true,"href":"https:\/\/valencia.wordcamp.org\/2025\/wp-json\/wp\/v2\/speakers\/2912"}],"author":[{"embeddable":true,"href":"https:\/\/valencia.wordcamp.org\/2025\/wp-json\/wporg\/v1\/users\/yannickgarcia"}],"wp:attachment":[{"href":"https:\/\/valencia.wordcamp.org\/2025\/wp-json\/wp\/v2\/media?parent=3449"}],"wp:term":[{"taxonomy":"wcb_track","embeddable":true,"href":"https:\/\/valencia.wordcamp.org\/2025\/wp-json\/wp\/v2\/session_track?post=3449"},{"taxonomy":"wcb_session_category","embeddable":true,"href":"https:\/\/valencia.wordcamp.org\/2025\/wp-json\/wp\/v2\/session_category?post=3449"}],"curies":[{"name":"wp","href":"https:\/\/api.w.org\/{rel}","templated":true}]}}

<div class="wp-block-columns is-layout-flex wp-container-core-columns-is-layout-794e3cfa wp-block-columns-is-layout-flex">
<div class="wp-block-column is-layout-flow wp-block-column-is-layout-flow" style="flex-basis:33.33%">
<figure class="wp-block-image size-large"><img data-recalc-dims="1" loading="lazy" decoding="async" width="958" height="1024" src="https://i0.wp.com/valencia.wordcamp.org/2025/files/2025/09/light-talks.jpg?resize=958%2C1024&#038;ssl=1" alt="" class="wp-image-3727" srcset="https://i0.wp.com/valencia.wordcamp.org/2025/files/2025/09/light-talks.jpg?resize=958%2C1024&amp;ssl=1 958w, https://i0.wp.com/valencia.wordcamp.org/2025/files/2025/09/light-talks.jpg?resize=281%2C300&amp;ssl=1 281w, https://i0.wp.com/valencia.wordcamp.org/2025/files/2025/09/light-talks.jpg?resize=768%2C821&amp;ssl=1 768w, https://i0.wp.com/valencia.wordcamp.org/2025/files/2025/09/light-talks.jpg?w=1248&amp;ssl=1 1248w" sizes="auto, (max-width: 958px) 100vw, 958px" /></figure>
</div>



<div class="wp-block-column is-vertically-aligned-center is-layout-flow wp-block-column-is-layout-flow" style="flex-basis:66.66%">
<p class="wp-block-paragraph">Cada ponente dispondrá de <strong>10 minutos para exponer su charla</strong>. Al terminar, se abrirá un espacio de <strong>15 minutos</strong>, en el que el público podrá aportar comentarios, preguntas y reflexiones sobre el tema presentado, fomentando así un <strong>debate participativo y enriquecedor</strong>.</p>



<p class="wp-block-paragraph">Todo el bloque estará acompañado por un <strong>moderador</strong>, encargado de guiar la dinámica y asegurar que las intervenciones fluyan de manera ágil y productiva.</p>
</div>
</div>

<p>Cada ponente dispondrá de 10 minutos para exponer su charla. Al terminar, se abrirá un espacio de 15 minutos, en el que el público podrá aportar comentarios, preguntas y reflexiones sobre el tema presentado, fomentando así un debate participativo y enriquecedor. Todo el bloque estará acompañado por un moderador, encargado de guiar la dinámica y [&hellip;]</p>

Yannick García

Lucía Rico
