{"id":2710,"date":"2025-08-27T19:04:17","date_gmt":"2025-08-27T17:04:17","guid":{"rendered":"https:\/\/valencia.wordcamp.org\/2025\/?post_type=wcb_speaker&#038;p=2710"},"modified":"2025-09-15T17:01:14","modified_gmt":"2025-09-15T15:01:14","slug":"fernando-tellado","status":"publish","type":"wcb_speaker","link":"https:\/\/valencia.wordcamp.org\/2025\/speaker\/fernando-tellado\/","title":{"rendered":"Fernando Tellado"},"content":{"rendered":"\n<div class=\"wp-block-columns is-layout-flex wp-container-core-columns-is-layout-794e3cfa wp-block-columns-is-layout-flex\">\n<div class=\"wp-block-column is-layout-flow wp-block-column-is-layout-flow\" style=\"flex-basis:33.33%\">\n<figure class=\"wp-block-image size-large\"><img data-recalc-dims=\"1\" loading=\"lazy\" decoding=\"async\" width=\"576\" height=\"1024\" src=\"https:\/\/i0.wp.com\/valencia.wordcamp.org\/2025\/files\/2025\/08\/Fernando-Tellado.jpg?resize=576%2C1024&#038;ssl=1\" alt=\"\" class=\"wp-image-3931\" srcset=\"https:\/\/i0.wp.com\/valencia.wordcamp.org\/2025\/files\/2025\/08\/Fernando-Tellado.jpg?resize=576%2C1024&amp;ssl=1 576w, https:\/\/i0.wp.com\/valencia.wordcamp.org\/2025\/files\/2025\/08\/Fernando-Tellado.jpg?resize=169%2C300&amp;ssl=1 169w, https:\/\/i0.wp.com\/valencia.wordcamp.org\/2025\/files\/2025\/08\/Fernando-Tellado.jpg?resize=768%2C1365&amp;ssl=1 768w, https:\/\/i0.wp.com\/valencia.wordcamp.org\/2025\/files\/2025\/08\/Fernando-Tellado.jpg?resize=864%2C1536&amp;ssl=1 864w, https:\/\/i0.wp.com\/valencia.wordcamp.org\/2025\/files\/2025\/08\/Fernando-Tellado.jpg?w=1080&amp;ssl=1 1080w\" sizes=\"auto, (max-width: 576px) 100vw, 576px\" \/><\/figure>\n<\/div>\n\n\n\n<div class=\"wp-block-column is-layout-flow wp-block-column-is-layout-flow\" style=\"flex-basis:66.66%\">\n<p class=\"wp-block-paragraph\">Fernando Tellado es uno de los mayores expertos de WordPress en habla hispana, reconocido por su amplia trayectoria como conferenciante, desarrollador y divulgador en la comunidad global. Desde hace m\u00e1s de 15 a\u00f1os dirige <strong>AyudaWP.com<\/strong>, el blog l\u00edder en espa\u00f1ol sobre WordPress, ofreciendo formaci\u00f3n, trucos y soluciones pr\u00e1cticas para usuarios y profesionales.<\/p>\n\n\n\n<p class=\"wp-block-paragraph\">Su experiencia abarca desde la ayuda a principiantes hasta el desarrollo de soluciones avanzadas para profesionales. Ha trabajado con WordPress desde sus primeras versiones, siendo testigo y part\u00edcipe de su evoluci\u00f3n hasta convertirse en el CMS que domina el mercado mundial.<\/p>\n\n\n\n<p class=\"wp-block-paragraph\">Fernando combina conocimientos t\u00e9cnicos profundos con una extraordinaria capacidad para explicar conceptos complejos de forma clara y accesible. Sus ponencias se caracterizan por ser pr\u00e1cticas, \u00fatiles y estar siempre actualizadas con las \u00faltimas tendencias y mejores pr\u00e1cticas de WordPress.<\/p>\n\n\n\n<p class=\"wp-block-paragraph\">Fernando es validador global (GTE) del equipo de traducciones de WordPress al espa\u00f1ol de Espa\u00f1a, coordinador de los foros oficiales de soporte, administrador de&nbsp;<a href=\"http:\/\/es.wordpress.org\/\" target=\"_blank\" rel=\"noreferrer noopener\">es.WordPress.org<\/a>&nbsp;y embajador de marca de SiteGround. Habitual en eventos WordCamp nacionales e internacionales, es un ponente cercano, directo y apasionado que combina conocimiento profundo con consejos pr\u00e1cticos sobre seguridad, rendimiento, desarrollo y optimizaci\u00f3n de WordPress, y colabora regularmente con empresas del sector WordPress, aportando su visi\u00f3n tanto t\u00e9cnica como de negocio. <\/p>\n<\/div>\n<\/div>\n","protected":false},"excerpt":{"rendered":"<p>Fernando Tellado es uno de los mayores expertos de WordPress en habla hispana, reconocido por su amplia trayectoria como conferenciante, desarrollador y divulgador en la comunidad global. Desde hace m\u00e1s de 15 a\u00f1os dirige AyudaWP.com, el blog l\u00edder en espa\u00f1ol sobre WordPress, ofreciendo formaci\u00f3n, trucos y soluciones pr\u00e1cticas para usuarios y profesionales. Su experiencia abarca [&hellip;]<\/p>\n","protected":false},"author":7694169,"featured_media":3875,"comment_status":"open","ping_status":"closed","template":"","meta":{"_crdt_document":"","advanced_seo_description":"","jetpack_seo_html_title":"","jetpack_seo_noindex":false,"jetpack_post_was_ever_published":false,"_wcpt_user_name":"fernandot","footnotes":""},"speaker_group":[],"class_list":["post-2710","wcb_speaker","type-wcb_speaker","status-publish","has-post-thumbnail","hentry"],"jetpack_sharing_enabled":true,"jetpack_shortlink":"https:\/\/wp.me\/pgo7ki-HI","jetpack_likes_enabled":true,"avatar_urls":{"24":"https:\/\/secure.gravatar.com\/avatar\/6ddc525ae47cdce6c4d632d40ad0ebdfa590fdb36dfca0c85a4cbd5cccaf5351?s=24&d=mm&r=g","48":"https:\/\/secure.gravatar.com\/avatar\/6ddc525ae47cdce6c4d632d40ad0ebdfa590fdb36dfca0c85a4cbd5cccaf5351?s=48&d=mm&r=g","96":"https:\/\/secure.gravatar.com\/avatar\/6ddc525ae47cdce6c4d632d40ad0ebdfa590fdb36dfca0c85a4cbd5cccaf5351?s=96&d=mm&r=g","128":"https:\/\/secure.gravatar.com\/avatar\/6ddc525ae47cdce6c4d632d40ad0ebdfa590fdb36dfca0c85a4cbd5cccaf5351?s=128&d=mm&r=g","256":"https:\/\/secure.gravatar.com\/avatar\/6ddc525ae47cdce6c4d632d40ad0ebdfa590fdb36dfca0c85a4cbd5cccaf5351?s=256&d=mm&r=g","512":"https:\/\/secure.gravatar.com\/avatar\/6ddc525ae47cdce6c4d632d40ad0ebdfa590fdb36dfca0c85a4cbd5cccaf5351?s=512&d=mm&r=g"},"_links":{"self":[{"href":"https:\/\/valencia.wordcamp.org\/2025\/wp-json\/wp\/v2\/speakers\/2710","targetHints":{"allow":["GET"]}}],"collection":[{"href":"https:\/\/valencia.wordcamp.org\/2025\/wp-json\/wp\/v2\/speakers"}],"about":[{"href":"https:\/\/valencia.wordcamp.org\/2025\/wp-json\/wp\/v2\/types\/wcb_speaker"}],"replies":[{"embeddable":true,"href":"https:\/\/valencia.wordcamp.org\/2025\/wp-json\/wp\/v2\/comments?post=2710"}],"version-history":[{"count":10,"href":"https:\/\/valencia.wordcamp.org\/2025\/wp-json\/wp\/v2\/speakers\/2710\/revisions"}],"predecessor-version":[{"id":3932,"href":"https:\/\/valencia.wordcamp.org\/2025\/wp-json\/wp\/v2\/speakers\/2710\/revisions\/3932"}],"sessions":[{"embeddable":true,"href":"https:\/\/valencia.wordcamp.org\/2025\/wp-json\/wp\/v2\/sessions\/2713?_embed=1&context=view"}],"author":[{"embeddable":true,"href":"https:\/\/valencia.wordcamp.org\/2025\/wp-json\/wporg\/v1\/users\/wordcamp"}],"wp:featuredmedia":[{"embeddable":true,"href":"https:\/\/valencia.wordcamp.org\/2025\/wp-json\/wp\/v2\/media\/3875"}],"wp:attachment":[{"href":"https:\/\/valencia.wordcamp.org\/2025\/wp-json\/wp\/v2\/media?parent=2710"}],"wp:term":[{"taxonomy":"wcb_speaker_group","embeddable":true,"href":"https:\/\/valencia.wordcamp.org\/2025\/wp-json\/wp\/v2\/speaker_group?post=2710"}],"curies":[{"name":"wp","href":"https:\/\/api.w.org\/{rel}","templated":true}]}}

<div class="wp-block-columns is-layout-flex wp-container-core-columns-is-layout-794e3cfa wp-block-columns-is-layout-flex">
<div class="wp-block-column is-layout-flow wp-block-column-is-layout-flow" style="flex-basis:33.33%">
<figure class="wp-block-image size-large"><img data-recalc-dims="1" loading="lazy" decoding="async" width="576" height="1024" src="https://i0.wp.com/valencia.wordcamp.org/2025/files/2025/08/Fernando-Tellado.jpg?resize=576%2C1024&#038;ssl=1" alt="" class="wp-image-3931" srcset="https://i0.wp.com/valencia.wordcamp.org/2025/files/2025/08/Fernando-Tellado.jpg?resize=576%2C1024&amp;ssl=1 576w, https://i0.wp.com/valencia.wordcamp.org/2025/files/2025/08/Fernando-Tellado.jpg?resize=169%2C300&amp;ssl=1 169w, https://i0.wp.com/valencia.wordcamp.org/2025/files/2025/08/Fernando-Tellado.jpg?resize=768%2C1365&amp;ssl=1 768w, https://i0.wp.com/valencia.wordcamp.org/2025/files/2025/08/Fernando-Tellado.jpg?resize=864%2C1536&amp;ssl=1 864w, https://i0.wp.com/valencia.wordcamp.org/2025/files/2025/08/Fernando-Tellado.jpg?w=1080&amp;ssl=1 1080w" sizes="auto, (max-width: 576px) 100vw, 576px" /></figure>
</div>



<div class="wp-block-column is-layout-flow wp-block-column-is-layout-flow" style="flex-basis:66.66%">
<p class="wp-block-paragraph">Fernando Tellado es uno de los mayores expertos de WordPress en habla hispana, reconocido por su amplia trayectoria como conferenciante, desarrollador y divulgador en la comunidad global. Desde hace más de 15 años dirige <strong>AyudaWP.com</strong>, el blog líder en español sobre WordPress, ofreciendo formación, trucos y soluciones prácticas para usuarios y profesionales.</p>



<p class="wp-block-paragraph">Su experiencia abarca desde la ayuda a principiantes hasta el desarrollo de soluciones avanzadas para profesionales. Ha trabajado con WordPress desde sus primeras versiones, siendo testigo y partícipe de su evolución hasta convertirse en el CMS que domina el mercado mundial.</p>



<p class="wp-block-paragraph">Fernando combina conocimientos técnicos profundos con una extraordinaria capacidad para explicar conceptos complejos de forma clara y accesible. Sus ponencias se caracterizan por ser prácticas, útiles y estar siempre actualizadas con las últimas tendencias y mejores prácticas de WordPress.</p>



<p class="wp-block-paragraph">Fernando es validador global (GTE) del equipo de traducciones de WordPress al español de España, coordinador de los foros oficiales de soporte, administrador de&nbsp;<a href="http://es.wordpress.org/" target="_blank" rel="noreferrer noopener">es.WordPress.org</a>&nbsp;y embajador de marca de SiteGround. Habitual en eventos WordCamp nacionales e internacionales, es un ponente cercano, directo y apasionado que combina conocimiento profundo con consejos prácticos sobre seguridad, rendimiento, desarrollo y optimización de WordPress, y colabora regularmente con empresas del sector WordPress, aportando su visión tanto técnica como de negocio. </p>
</div>
</div>

<p>Fernando Tellado es uno de los mayores expertos de WordPress en habla hispana, reconocido por su amplia trayectoria como conferenciante, desarrollador y divulgador en la comunidad global. Desde hace más de 15 años dirige AyudaWP.com, el blog líder en español sobre WordPress, ofreciendo formación, trucos y soluciones prácticas para usuarios y profesionales. Su experiencia abarca [&hellip;]</p>
