{"id":2766,"date":"2025-08-27T19:04:17","date_gmt":"2025-08-27T17:04:17","guid":{"rendered":"https:\/\/valencia.wordcamp.org\/2025\/?post_type=wcb_speaker&#038;p=2766"},"modified":"2025-11-04T18:34:29","modified_gmt":"2025-11-04T17:34:29","slug":"max-camunas","status":"publish","type":"wcb_speaker","link":"https:\/\/valencia.wordcamp.org\/2025\/speaker\/max-camunas\/","title":{"rendered":"Max Camu\u00f1as"},"content":{"rendered":"\n<div class=\"wp-block-columns is-layout-flex wp-container-core-columns-is-layout-794e3cfa wp-block-columns-is-layout-flex\">\n<div class=\"wp-block-column is-layout-flow wp-block-column-is-layout-flow\" style=\"flex-basis:33.33%\">\n<figure class=\"wp-block-image size-large\"><img data-recalc-dims=\"1\" loading=\"lazy\" decoding=\"async\" width=\"576\" height=\"1024\" src=\"https:\/\/i0.wp.com\/valencia.wordcamp.org\/2025\/files\/2025\/08\/Max-Camunas-1.jpg?resize=576%2C1024&#038;ssl=1\" alt=\"Max Camun\u0303as\" class=\"wp-image-4969\" srcset=\"https:\/\/i0.wp.com\/valencia.wordcamp.org\/2025\/files\/2025\/08\/Max-Camunas-1.jpg?resize=576%2C1024&amp;ssl=1 576w, https:\/\/i0.wp.com\/valencia.wordcamp.org\/2025\/files\/2025\/08\/Max-Camunas-1.jpg?resize=169%2C300&amp;ssl=1 169w, https:\/\/i0.wp.com\/valencia.wordcamp.org\/2025\/files\/2025\/08\/Max-Camunas-1.jpg?w=720&amp;ssl=1 720w\" sizes=\"auto, (max-width: 576px) 100vw, 576px\" \/><\/figure>\n<\/div>\n\n\n\n<div class=\"wp-block-column is-layout-flow wp-block-column-is-layout-flow\" style=\"flex-basis:66.66%\">\n<p class=\"wp-block-paragraph\">Dise\u00f1ador web especializado en <strong>WordPress<\/strong>, creo sitios con gancho, r\u00e1pidos y optimizados para <strong>SEO<\/strong>.<\/p>\n\n\n\n<p class=\"wp-block-paragraph\">Adem\u00e1s, soy consultor en marketing digital y estrategia web, ayudando a emprendedores y marcas a conectar con su audiencia y alcanzar sus objetivos online. <\/p>\n\n\n\n<p class=\"wp-block-paragraph\">Emprendedor desde 2014 y apasionado del marketing y la creatividad, empec\u00e9 dise\u00f1ando sitios con HTML, luego pas\u00e9 a Dreamweaver, y desde 2013 encontr\u00e9 en WordPress mi herramienta favorita para ofrecer las mejores soluciones web.<\/p>\n<\/div>\n<\/div>\n","protected":false},"excerpt":{"rendered":"<p>Dise\u00f1ador web especializado en WordPress, creo sitios con gancho, r\u00e1pidos y optimizados para SEO. Adem\u00e1s, soy consultor en marketing digital y estrategia web, ayudando a emprendedores y marcas a conectar con su audiencia y alcanzar sus objetivos online. Emprendedor desde 2014 y apasionado del marketing y la creatividad, empec\u00e9 dise\u00f1ando sitios con HTML, luego pas\u00e9 [&hellip;]<\/p>\n","protected":false},"author":7694169,"featured_media":4971,"comment_status":"open","ping_status":"closed","template":"","meta":{"_crdt_document":"","advanced_seo_description":"","jetpack_seo_html_title":"","jetpack_seo_noindex":false,"jetpack_post_was_ever_published":false,"_wcpt_user_name":"maxcf","footnotes":""},"speaker_group":[],"class_list":["post-2766","wcb_speaker","type-wcb_speaker","status-publish","has-post-thumbnail","hentry"],"jetpack_sharing_enabled":true,"jetpack_shortlink":"https:\/\/wp.me\/pgo7ki-IC","jetpack_likes_enabled":true,"avatar_urls":{"24":"https:\/\/secure.gravatar.com\/avatar\/da58ed57f5e8877e242027caea29d21976f6edee55d756f05558be7a8505244a?s=24&d=mm&r=g","48":"https:\/\/secure.gravatar.com\/avatar\/da58ed57f5e8877e242027caea29d21976f6edee55d756f05558be7a8505244a?s=48&d=mm&r=g","96":"https:\/\/secure.gravatar.com\/avatar\/da58ed57f5e8877e242027caea29d21976f6edee55d756f05558be7a8505244a?s=96&d=mm&r=g","128":"https:\/\/secure.gravatar.com\/avatar\/da58ed57f5e8877e242027caea29d21976f6edee55d756f05558be7a8505244a?s=128&d=mm&r=g","256":"https:\/\/secure.gravatar.com\/avatar\/da58ed57f5e8877e242027caea29d21976f6edee55d756f05558be7a8505244a?s=256&d=mm&r=g","512":"https:\/\/secure.gravatar.com\/avatar\/da58ed57f5e8877e242027caea29d21976f6edee55d756f05558be7a8505244a?s=512&d=mm&r=g"},"_links":{"self":[{"href":"https:\/\/valencia.wordcamp.org\/2025\/wp-json\/wp\/v2\/speakers\/2766","targetHints":{"allow":["GET"]}}],"collection":[{"href":"https:\/\/valencia.wordcamp.org\/2025\/wp-json\/wp\/v2\/speakers"}],"about":[{"href":"https:\/\/valencia.wordcamp.org\/2025\/wp-json\/wp\/v2\/types\/wcb_speaker"}],"replies":[{"embeddable":true,"href":"https:\/\/valencia.wordcamp.org\/2025\/wp-json\/wp\/v2\/comments?post=2766"}],"version-history":[{"count":6,"href":"https:\/\/valencia.wordcamp.org\/2025\/wp-json\/wp\/v2\/speakers\/2766\/revisions"}],"predecessor-version":[{"id":4970,"href":"https:\/\/valencia.wordcamp.org\/2025\/wp-json\/wp\/v2\/speakers\/2766\/revisions\/4970"}],"sessions":[{"embeddable":true,"href":"https:\/\/valencia.wordcamp.org\/2025\/wp-json\/wp\/v2\/sessions\/2767?_embed=1&context=view"}],"author":[{"embeddable":true,"href":"https:\/\/valencia.wordcamp.org\/2025\/wp-json\/wporg\/v1\/users\/wordcamp"}],"wp:featuredmedia":[{"embeddable":true,"href":"https:\/\/valencia.wordcamp.org\/2025\/wp-json\/wp\/v2\/media\/4971"}],"wp:attachment":[{"href":"https:\/\/valencia.wordcamp.org\/2025\/wp-json\/wp\/v2\/media?parent=2766"}],"wp:term":[{"taxonomy":"wcb_speaker_group","embeddable":true,"href":"https:\/\/valencia.wordcamp.org\/2025\/wp-json\/wp\/v2\/speaker_group?post=2766"}],"curies":[{"name":"wp","href":"https:\/\/api.w.org\/{rel}","templated":true}]}}

Max Camuñas

<div class="wp-block-columns is-layout-flex wp-container-core-columns-is-layout-794e3cfa wp-block-columns-is-layout-flex">
<div class="wp-block-column is-layout-flow wp-block-column-is-layout-flow" style="flex-basis:33.33%">
<figure class="wp-block-image size-large"><img data-recalc-dims="1" loading="lazy" decoding="async" width="576" height="1024" src="https://i0.wp.com/valencia.wordcamp.org/2025/files/2025/08/Max-Camunas-1.jpg?resize=576%2C1024&#038;ssl=1" alt="Max Camuñas" class="wp-image-4969" srcset="https://i0.wp.com/valencia.wordcamp.org/2025/files/2025/08/Max-Camunas-1.jpg?resize=576%2C1024&amp;ssl=1 576w, https://i0.wp.com/valencia.wordcamp.org/2025/files/2025/08/Max-Camunas-1.jpg?resize=169%2C300&amp;ssl=1 169w, https://i0.wp.com/valencia.wordcamp.org/2025/files/2025/08/Max-Camunas-1.jpg?w=720&amp;ssl=1 720w" sizes="auto, (max-width: 576px) 100vw, 576px" /></figure>
</div>



<div class="wp-block-column is-layout-flow wp-block-column-is-layout-flow" style="flex-basis:66.66%">
<p class="wp-block-paragraph">Diseñador web especializado en <strong>WordPress</strong>, creo sitios con gancho, rápidos y optimizados para <strong>SEO</strong>.</p>



<p class="wp-block-paragraph">Además, soy consultor en marketing digital y estrategia web, ayudando a emprendedores y marcas a conectar con su audiencia y alcanzar sus objetivos online. </p>



<p class="wp-block-paragraph">Emprendedor desde 2014 y apasionado del marketing y la creatividad, empecé diseñando sitios con HTML, luego pasé a Dreamweaver, y desde 2013 encontré en WordPress mi herramienta favorita para ofrecer las mejores soluciones web.</p>
</div>
</div>

<p>Diseñador web especializado en WordPress, creo sitios con gancho, rápidos y optimizados para SEO. Además, soy consultor en marketing digital y estrategia web, ayudando a emprendedores y marcas a conectar con su audiencia y alcanzar sus objetivos online. Emprendedor desde 2014 y apasionado del marketing y la creatividad, empecé diseñando sitios con HTML, luego pasé [&hellip;]</p>
