{"id":2919,"date":"2025-08-27T19:04:17","date_gmt":"2025-08-27T17:04:17","guid":{"rendered":"https:\/\/valencia.wordcamp.org\/2025\/?post_type=wcb_speaker&#038;p=2919"},"modified":"2025-09-15T16:58:39","modified_gmt":"2025-09-15T14:58:39","slug":"daniel-primo","status":"publish","type":"wcb_speaker","link":"https:\/\/valencia.wordcamp.org\/2025\/speaker\/daniel-primo\/","title":{"rendered":"Daniel Primo"},"content":{"rendered":"\n<div class=\"wp-block-columns is-layout-flex wp-container-core-columns-is-layout-794e3cfa wp-block-columns-is-layout-flex\">\n<div class=\"wp-block-column is-layout-flow wp-block-column-is-layout-flow\" style=\"flex-basis:33%\">\n<figure class=\"wp-block-image size-large\"><img data-recalc-dims=\"1\" loading=\"lazy\" decoding=\"async\" width=\"576\" height=\"1024\" src=\"https:\/\/i0.wp.com\/valencia.wordcamp.org\/2025\/files\/2025\/08\/Daniel-Primo.jpg?resize=576%2C1024&#038;ssl=1\" alt=\"\" class=\"wp-image-3909\" srcset=\"https:\/\/i0.wp.com\/valencia.wordcamp.org\/2025\/files\/2025\/08\/Daniel-Primo.jpg?resize=576%2C1024&amp;ssl=1 576w, https:\/\/i0.wp.com\/valencia.wordcamp.org\/2025\/files\/2025\/08\/Daniel-Primo.jpg?resize=169%2C300&amp;ssl=1 169w, https:\/\/i0.wp.com\/valencia.wordcamp.org\/2025\/files\/2025\/08\/Daniel-Primo.jpg?resize=768%2C1365&amp;ssl=1 768w, https:\/\/i0.wp.com\/valencia.wordcamp.org\/2025\/files\/2025\/08\/Daniel-Primo.jpg?resize=864%2C1536&amp;ssl=1 864w, https:\/\/i0.wp.com\/valencia.wordcamp.org\/2025\/files\/2025\/08\/Daniel-Primo.jpg?w=1080&amp;ssl=1 1080w\" sizes=\"auto, (max-width: 576px) 100vw, 576px\" \/><\/figure>\n<\/div>\n\n\n\n<div class=\"wp-block-column is-layout-flow wp-block-column-is-layout-flow\" style=\"flex-basis:66%\">\n<p class=\"wp-block-paragraph\">Daniel Primo es <strong>freelance<\/strong> y lleva m\u00e1s de 20 a\u00f1os trasteando con c\u00f3digo, proyectos, clientes, errores, aciertos y mucha curiosidad.<\/p>\n\n\n\n<p class=\"wp-block-paragraph\">Es la mente detr\u00e1s de <strong>Web Reactiva<\/strong>, un podcast y comunidad donde explora el desarrollo web, el trabajo con IA y c\u00f3mo sobrevivir al cambio constante del sector.<\/p>\n<\/div>\n<\/div>\n","protected":false},"excerpt":{"rendered":"<p>Daniel Primo es freelance y lleva m\u00e1s de 20 a\u00f1os trasteando con c\u00f3digo, proyectos, clientes, errores, aciertos y mucha curiosidad. Es la mente detr\u00e1s de Web Reactiva, un podcast y comunidad donde explora el desarrollo web, el trabajo con IA y c\u00f3mo sobrevivir al cambio constante del sector.<\/p>\n","protected":false},"author":7694169,"featured_media":3864,"comment_status":"open","ping_status":"closed","template":"","meta":{"_crdt_document":"","advanced_seo_description":"","jetpack_seo_html_title":"","jetpack_seo_noindex":false,"jetpack_post_was_ever_published":false,"_wcpt_user_name":"delineas","footnotes":""},"speaker_group":[],"class_list":["post-2919","wcb_speaker","type-wcb_speaker","status-publish","has-post-thumbnail","hentry"],"jetpack_sharing_enabled":true,"jetpack_shortlink":"https:\/\/wp.me\/pgo7ki-L5","jetpack_likes_enabled":true,"avatar_urls":{"24":"https:\/\/secure.gravatar.com\/avatar\/2a9ed542cd842d7e1b9ec964daabf2fcd1b60d51038f810f1d68197ee753d85f?s=24&d=mm&r=g","48":"https:\/\/secure.gravatar.com\/avatar\/2a9ed542cd842d7e1b9ec964daabf2fcd1b60d51038f810f1d68197ee753d85f?s=48&d=mm&r=g","96":"https:\/\/secure.gravatar.com\/avatar\/2a9ed542cd842d7e1b9ec964daabf2fcd1b60d51038f810f1d68197ee753d85f?s=96&d=mm&r=g","128":"https:\/\/secure.gravatar.com\/avatar\/2a9ed542cd842d7e1b9ec964daabf2fcd1b60d51038f810f1d68197ee753d85f?s=128&d=mm&r=g","256":"https:\/\/secure.gravatar.com\/avatar\/2a9ed542cd842d7e1b9ec964daabf2fcd1b60d51038f810f1d68197ee753d85f?s=256&d=mm&r=g","512":"https:\/\/secure.gravatar.com\/avatar\/2a9ed542cd842d7e1b9ec964daabf2fcd1b60d51038f810f1d68197ee753d85f?s=512&d=mm&r=g"},"_links":{"self":[{"href":"https:\/\/valencia.wordcamp.org\/2025\/wp-json\/wp\/v2\/speakers\/2919","targetHints":{"allow":["GET"]}}],"collection":[{"href":"https:\/\/valencia.wordcamp.org\/2025\/wp-json\/wp\/v2\/speakers"}],"about":[{"href":"https:\/\/valencia.wordcamp.org\/2025\/wp-json\/wp\/v2\/types\/wcb_speaker"}],"replies":[{"embeddable":true,"href":"https:\/\/valencia.wordcamp.org\/2025\/wp-json\/wp\/v2\/comments?post=2919"}],"version-history":[{"count":6,"href":"https:\/\/valencia.wordcamp.org\/2025\/wp-json\/wp\/v2\/speakers\/2919\/revisions"}],"predecessor-version":[{"id":3910,"href":"https:\/\/valencia.wordcamp.org\/2025\/wp-json\/wp\/v2\/speakers\/2919\/revisions\/3910"}],"sessions":[{"embeddable":true,"href":"https:\/\/valencia.wordcamp.org\/2025\/wp-json\/wp\/v2\/sessions\/2920?_embed=1&context=view"}],"author":[{"embeddable":true,"href":"https:\/\/valencia.wordcamp.org\/2025\/wp-json\/wporg\/v1\/users\/wordcamp"}],"wp:featuredmedia":[{"embeddable":true,"href":"https:\/\/valencia.wordcamp.org\/2025\/wp-json\/wp\/v2\/media\/3864"}],"wp:attachment":[{"href":"https:\/\/valencia.wordcamp.org\/2025\/wp-json\/wp\/v2\/media?parent=2919"}],"wp:term":[{"taxonomy":"wcb_speaker_group","embeddable":true,"href":"https:\/\/valencia.wordcamp.org\/2025\/wp-json\/wp\/v2\/speaker_group?post=2919"}],"curies":[{"name":"wp","href":"https:\/\/api.w.org\/{rel}","templated":true}]}}

<div class="wp-block-columns is-layout-flex wp-container-core-columns-is-layout-794e3cfa wp-block-columns-is-layout-flex">
<div class="wp-block-column is-layout-flow wp-block-column-is-layout-flow" style="flex-basis:33%">
<figure class="wp-block-image size-large"><img data-recalc-dims="1" loading="lazy" decoding="async" width="576" height="1024" src="https://i0.wp.com/valencia.wordcamp.org/2025/files/2025/08/Daniel-Primo.jpg?resize=576%2C1024&#038;ssl=1" alt="" class="wp-image-3909" srcset="https://i0.wp.com/valencia.wordcamp.org/2025/files/2025/08/Daniel-Primo.jpg?resize=576%2C1024&amp;ssl=1 576w, https://i0.wp.com/valencia.wordcamp.org/2025/files/2025/08/Daniel-Primo.jpg?resize=169%2C300&amp;ssl=1 169w, https://i0.wp.com/valencia.wordcamp.org/2025/files/2025/08/Daniel-Primo.jpg?resize=768%2C1365&amp;ssl=1 768w, https://i0.wp.com/valencia.wordcamp.org/2025/files/2025/08/Daniel-Primo.jpg?resize=864%2C1536&amp;ssl=1 864w, https://i0.wp.com/valencia.wordcamp.org/2025/files/2025/08/Daniel-Primo.jpg?w=1080&amp;ssl=1 1080w" sizes="auto, (max-width: 576px) 100vw, 576px" /></figure>
</div>



<div class="wp-block-column is-layout-flow wp-block-column-is-layout-flow" style="flex-basis:66%">
<p class="wp-block-paragraph">Daniel Primo es <strong>freelance</strong> y lleva más de 20 años trasteando con código, proyectos, clientes, errores, aciertos y mucha curiosidad.</p>



<p class="wp-block-paragraph">Es la mente detrás de <strong>Web Reactiva</strong>, un podcast y comunidad donde explora el desarrollo web, el trabajo con IA y cómo sobrevivir al cambio constante del sector.</p>
</div>
</div>

<p>Daniel Primo es freelance y lleva más de 20 años trasteando con código, proyectos, clientes, errores, aciertos y mucha curiosidad. Es la mente detrás de Web Reactiva, un podcast y comunidad donde explora el desarrollo web, el trabajo con IA y cómo sobrevivir al cambio constante del sector.</p>
