{"id":3389,"date":"2025-08-31T22:18:18","date_gmt":"2025-08-31T20:18:18","guid":{"rendered":"https:\/\/valencia.wordcamp.org\/2025\/?post_type=wcb_speaker&#038;p=3389"},"modified":"2025-09-15T17:35:07","modified_gmt":"2025-09-15T15:35:07","slug":"francisco-torres","status":"publish","type":"wcb_speaker","link":"https:\/\/valencia.wordcamp.org\/2025\/speaker\/francisco-torres\/","title":{"rendered":"Francisco Torres"},"content":{"rendered":"\n<div class=\"wp-block-columns is-layout-flex wp-container-core-columns-is-layout-794e3cfa wp-block-columns-is-layout-flex\">\n<div class=\"wp-block-column is-layout-flow wp-block-column-is-layout-flow\" style=\"flex-basis:33.33%\">\n<figure class=\"wp-block-image size-large\"><img data-recalc-dims=\"1\" loading=\"lazy\" decoding=\"async\" width=\"576\" height=\"1024\" src=\"https:\/\/i0.wp.com\/valencia.wordcamp.org\/2025\/files\/2025\/08\/Francisco-Torres.jpg?resize=576%2C1024&#038;ssl=1\" alt=\"\" class=\"wp-image-3944\" srcset=\"https:\/\/i0.wp.com\/valencia.wordcamp.org\/2025\/files\/2025\/08\/Francisco-Torres.jpg?resize=576%2C1024&amp;ssl=1 576w, https:\/\/i0.wp.com\/valencia.wordcamp.org\/2025\/files\/2025\/08\/Francisco-Torres.jpg?resize=169%2C300&amp;ssl=1 169w, https:\/\/i0.wp.com\/valencia.wordcamp.org\/2025\/files\/2025\/08\/Francisco-Torres.jpg?resize=768%2C1365&amp;ssl=1 768w, https:\/\/i0.wp.com\/valencia.wordcamp.org\/2025\/files\/2025\/08\/Francisco-Torres.jpg?resize=864%2C1536&amp;ssl=1 864w, https:\/\/i0.wp.com\/valencia.wordcamp.org\/2025\/files\/2025\/08\/Francisco-Torres.jpg?w=900&amp;ssl=1 900w\" sizes=\"auto, (max-width: 576px) 100vw, 576px\" \/><\/figure>\n<\/div>\n\n\n\n<div class=\"wp-block-column is-layout-flow wp-block-column-is-layout-flow\" style=\"flex-basis:66.66%\">\n<p class=\"wp-block-paragraph\">Francisco es desarrollador y consultor especializado en WordPress, lleva lanzando c\u00f3digo y compartiendo ideas sobre WordPress m\u00e1s o menos desde 2009 cuando a\u00fan se llevaba la versi\u00f3n 2.7.&nbsp;Con los a\u00f1os, su implicaci\u00f3n fue creciendo hasta que, hace alrededor de dos a\u00f1os (desde 2023)&nbsp;se incorpor\u00f3 al equipo de revisi\u00f3n de plugins de WordPress.org<\/p>\n\n\n\n<p class=\"wp-block-paragraph\"><em>Grana\u00edno<\/em>, a Francisco le mueve la comunidad: meetups, WordCamps, eventos online, v\u00eddeos en un avi\u00f3n\u2026 Ha estado en casi todas las formas posibles, ya sea como asistente, ponente, voluntario u organizador, desde aquella WordCamp Sevilla del 2012 que lo enganch\u00f3 a la comunidad.<\/p>\n\n\n\n<p class=\"wp-block-paragraph\">En su d\u00eda a d\u00eda, equilibra el desarrollo como backend, el mantenimiento t\u00e9cnico y la consultor\u00eda para proyectos sobre WordPress con echarle un buen vistazo a plugins de terceros para asegurarse de que cumplen con las directrices del directorio oficial, d\u00f3nde ha implementado mejoras que han agilizado los tiempos de revisi\u00f3n considerablemente.<\/p>\n\n\n\n<p class=\"wp-block-paragraph\">Fuera del teclado, le gusta salir en bici, nadar un buen rato y en lo gastron\u00f3mico&#8230; bueno, es andaluz, \u00a1Gazpacho, salmorejo, pipirrana, tostada de tomate y un anti\u00e1cido!,&nbsp;m\u00e1s all\u00e1 de eso le encanta la cocina asi\u00e1tica (aclara que estamos hablando de todo asia y a\u00f1ade Grecia) pero una buena paella tampoco est\u00e1 nada mal.<\/p>\n\n\n\n<p class=\"wp-block-paragraph\">Tiene un enfoque t\u00e9cnico que se complementa con una visi\u00f3n personal, cercana y con el centro en la comunidad.<\/p>\n<\/div>\n<\/div>\n","protected":false},"excerpt":{"rendered":"<p>Francisco es desarrollador y consultor especializado en WordPress, lleva lanzando c\u00f3digo y compartiendo ideas sobre WordPress m\u00e1s o menos desde 2009 cuando a\u00fan se llevaba la versi\u00f3n 2.7.&nbsp;Con los a\u00f1os, su implicaci\u00f3n fue creciendo hasta que, hace alrededor de dos a\u00f1os (desde 2023)&nbsp;se incorpor\u00f3 al equipo de revisi\u00f3n de plugins de WordPress.org Grana\u00edno, a Francisco [&hellip;]<\/p>\n","protected":false},"author":20106080,"featured_media":3945,"comment_status":"closed","ping_status":"closed","template":"","meta":{"_crdt_document":"","advanced_seo_description":"","jetpack_seo_html_title":"","jetpack_seo_noindex":false,"jetpack_post_was_ever_published":true,"_wcpt_user_name":"frantorres","footnotes":""},"speaker_group":[72],"class_list":["post-3389","wcb_speaker","type-wcb_speaker","status-publish","has-post-thumbnail","hentry","wcb_speaker_group-todos"],"jetpack_sharing_enabled":true,"jetpack_shortlink":"https:\/\/wp.me\/pgo7ki-SF","jetpack_likes_enabled":true,"avatar_urls":{"24":"https:\/\/secure.gravatar.com\/avatar\/b08a8aa77a5e6b8a5190d1cc14e17d3e2215d1995c09045c2b165c859642e806?s=24&d=mm&r=g","48":"https:\/\/secure.gravatar.com\/avatar\/b08a8aa77a5e6b8a5190d1cc14e17d3e2215d1995c09045c2b165c859642e806?s=48&d=mm&r=g","96":"https:\/\/secure.gravatar.com\/avatar\/b08a8aa77a5e6b8a5190d1cc14e17d3e2215d1995c09045c2b165c859642e806?s=96&d=mm&r=g","128":"https:\/\/secure.gravatar.com\/avatar\/b08a8aa77a5e6b8a5190d1cc14e17d3e2215d1995c09045c2b165c859642e806?s=128&d=mm&r=g","256":"https:\/\/secure.gravatar.com\/avatar\/b08a8aa77a5e6b8a5190d1cc14e17d3e2215d1995c09045c2b165c859642e806?s=256&d=mm&r=g","512":"https:\/\/secure.gravatar.com\/avatar\/b08a8aa77a5e6b8a5190d1cc14e17d3e2215d1995c09045c2b165c859642e806?s=512&d=mm&r=g"},"_links":{"self":[{"href":"https:\/\/valencia.wordcamp.org\/2025\/wp-json\/wp\/v2\/speakers\/3389","targetHints":{"allow":["GET"]}}],"collection":[{"href":"https:\/\/valencia.wordcamp.org\/2025\/wp-json\/wp\/v2\/speakers"}],"about":[{"href":"https:\/\/valencia.wordcamp.org\/2025\/wp-json\/wp\/v2\/types\/wcb_speaker"}],"author":[{"embeddable":true,"href":"https:\/\/valencia.wordcamp.org\/2025\/wp-json\/wp\/v2\/users\/20106080"}],"replies":[{"embeddable":true,"href":"https:\/\/valencia.wordcamp.org\/2025\/wp-json\/wp\/v2\/comments?post=3389"}],"version-history":[{"count":5,"href":"https:\/\/valencia.wordcamp.org\/2025\/wp-json\/wp\/v2\/speakers\/3389\/revisions"}],"predecessor-version":[{"id":3946,"href":"https:\/\/valencia.wordcamp.org\/2025\/wp-json\/wp\/v2\/speakers\/3389\/revisions\/3946"}],"sessions":[{"embeddable":true,"href":"https:\/\/valencia.wordcamp.org\/2025\/wp-json\/wp\/v2\/sessions\/3351?_embed=1&context=view"}],"wp:featuredmedia":[{"embeddable":true,"href":"https:\/\/valencia.wordcamp.org\/2025\/wp-json\/wp\/v2\/media\/3945"}],"wp:attachment":[{"href":"https:\/\/valencia.wordcamp.org\/2025\/wp-json\/wp\/v2\/media?parent=3389"}],"wp:term":[{"taxonomy":"wcb_speaker_group","embeddable":true,"href":"https:\/\/valencia.wordcamp.org\/2025\/wp-json\/wp\/v2\/speaker_group?post=3389"}],"curies":[{"name":"wp","href":"https:\/\/api.w.org\/{rel}","templated":true}]}}

<div class="wp-block-columns is-layout-flex wp-container-core-columns-is-layout-794e3cfa wp-block-columns-is-layout-flex">
<div class="wp-block-column is-layout-flow wp-block-column-is-layout-flow" style="flex-basis:33.33%">
<figure class="wp-block-image size-large"><img data-recalc-dims="1" loading="lazy" decoding="async" width="576" height="1024" src="https://i0.wp.com/valencia.wordcamp.org/2025/files/2025/08/Francisco-Torres.jpg?resize=576%2C1024&#038;ssl=1" alt="" class="wp-image-3944" srcset="https://i0.wp.com/valencia.wordcamp.org/2025/files/2025/08/Francisco-Torres.jpg?resize=576%2C1024&amp;ssl=1 576w, https://i0.wp.com/valencia.wordcamp.org/2025/files/2025/08/Francisco-Torres.jpg?resize=169%2C300&amp;ssl=1 169w, https://i0.wp.com/valencia.wordcamp.org/2025/files/2025/08/Francisco-Torres.jpg?resize=768%2C1365&amp;ssl=1 768w, https://i0.wp.com/valencia.wordcamp.org/2025/files/2025/08/Francisco-Torres.jpg?resize=864%2C1536&amp;ssl=1 864w, https://i0.wp.com/valencia.wordcamp.org/2025/files/2025/08/Francisco-Torres.jpg?w=900&amp;ssl=1 900w" sizes="auto, (max-width: 576px) 100vw, 576px" /></figure>
</div>



<div class="wp-block-column is-layout-flow wp-block-column-is-layout-flow" style="flex-basis:66.66%">
<p class="wp-block-paragraph">Francisco es desarrollador y consultor especializado en WordPress, lleva lanzando código y compartiendo ideas sobre WordPress más o menos desde 2009 cuando aún se llevaba la versión 2.7.&nbsp;Con los años, su implicación fue creciendo hasta que, hace alrededor de dos años (desde 2023)&nbsp;se incorporó al equipo de revisión de plugins de WordPress.org</p>



<p class="wp-block-paragraph"><em>Granaíno</em>, a Francisco le mueve la comunidad: meetups, WordCamps, eventos online, vídeos en un avión… Ha estado en casi todas las formas posibles, ya sea como asistente, ponente, voluntario u organizador, desde aquella WordCamp Sevilla del 2012 que lo enganchó a la comunidad.</p>



<p class="wp-block-paragraph">En su día a día, equilibra el desarrollo como backend, el mantenimiento técnico y la consultoría para proyectos sobre WordPress con echarle un buen vistazo a plugins de terceros para asegurarse de que cumplen con las directrices del directorio oficial, dónde ha implementado mejoras que han agilizado los tiempos de revisión considerablemente.</p>



<p class="wp-block-paragraph">Fuera del teclado, le gusta salir en bici, nadar un buen rato y en lo gastronómico&#8230; bueno, es andaluz, ¡Gazpacho, salmorejo, pipirrana, tostada de tomate y un antiácido!,&nbsp;más allá de eso le encanta la cocina asiática (aclara que estamos hablando de todo asia y añade Grecia) pero una buena paella tampoco está nada mal.</p>



<p class="wp-block-paragraph">Tiene un enfoque técnico que se complementa con una visión personal, cercana y con el centro en la comunidad.</p>
</div>
</div>

<p>Francisco es desarrollador y consultor especializado en WordPress, lleva lanzando código y compartiendo ideas sobre WordPress más o menos desde 2009 cuando aún se llevaba la versión 2.7.&nbsp;Con los años, su implicación fue creciendo hasta que, hace alrededor de dos años (desde 2023)&nbsp;se incorporó al equipo de revisión de plugins de WordPress.org Granaíno, a Francisco [&hellip;]</p>
