{"id":4846,"date":"2025-10-30T13:03:17","date_gmt":"2025-10-30T12:03:17","guid":{"rendered":"https:\/\/valencia.wordcamp.org\/2025\/?post_type=wcb_speaker&#038;p=4846"},"modified":"2025-11-04T18:41:01","modified_gmt":"2025-11-04T17:41:01","slug":"oscar-aguilera","status":"publish","type":"wcb_speaker","link":"https:\/\/valencia.wordcamp.org\/2025\/speaker\/oscar-aguilera\/","title":{"rendered":"Oscar Aguilera y Miguel \u00c1ngel Monta\u00f1es"},"content":{"rendered":"\n<div class=\"wp-block-columns is-layout-flex wp-container-core-columns-is-layout-794e3cfa wp-block-columns-is-layout-flex\">\n<div class=\"wp-block-column is-layout-flow wp-block-column-is-layout-flow\" style=\"flex-basis:33.33%\">\n<figure class=\"wp-block-image size-large\"><img data-recalc-dims=\"1\" loading=\"lazy\" decoding=\"async\" width=\"576\" height=\"1024\" src=\"https:\/\/i0.wp.com\/valencia.wordcamp.org\/2025\/files\/2025\/10\/oscar-y-miguel-angel-2.jpg?resize=576%2C1024&#038;ssl=1\" alt=\"\" class=\"wp-image-4973\" srcset=\"https:\/\/i0.wp.com\/valencia.wordcamp.org\/2025\/files\/2025\/10\/oscar-y-miguel-angel-2.jpg?resize=576%2C1024&amp;ssl=1 576w, https:\/\/i0.wp.com\/valencia.wordcamp.org\/2025\/files\/2025\/10\/oscar-y-miguel-angel-2.jpg?resize=169%2C300&amp;ssl=1 169w, https:\/\/i0.wp.com\/valencia.wordcamp.org\/2025\/files\/2025\/10\/oscar-y-miguel-angel-2.jpg?w=720&amp;ssl=1 720w\" sizes=\"auto, (max-width: 576px) 100vw, 576px\" \/><\/figure>\n<\/div>\n\n\n\n<div class=\"wp-block-column is-layout-flow wp-block-column-is-layout-flow\" style=\"flex-basis:66.66%\">\n<p class=\"wp-block-paragraph\">CEO y CTO de la empresa StartGo<\/p>\n\n\n\n<p class=\"wp-block-paragraph\">Grupo StartGo es una empresa espa\u00f1ola que combina marketing digital (especialmente con enfoque en ventas), desarrollo web y servicios tecnol\u00f3gicos para PYMEs y grandes clientes.<\/p>\n\n\n\n<p class=\"wp-block-paragraph\">Tiene una visi\u00f3n de crecimiento internacional (especialmente en Latinoam\u00e9rica), y se posiciona como un partner integral m\u00e1s que como proveedor puntual. Su fortaleza est\u00e1 en la integraci\u00f3n de servicios, su apuesta por resultados y crecimiento, y clientes de cierto nivel.<\/p>\n\n\n\n<p class=\"wp-block-paragraph\">Para quien busca un aliado que \u201chaga todo\u201d \u2014estrategia, marketing, web\u2014<\/p>\n<\/div>\n<\/div>\n","protected":false},"excerpt":{"rendered":"<p>CEO y CTO de la empresa StartGo Grupo StartGo es una empresa espa\u00f1ola que combina marketing digital (especialmente con enfoque en ventas), desarrollo web y servicios tecnol\u00f3gicos para PYMEs y grandes clientes. Tiene una visi\u00f3n de crecimiento internacional (especialmente en Latinoam\u00e9rica), y se posiciona como un partner integral m\u00e1s que como proveedor puntual. Su fortaleza [&hellip;]<\/p>\n","protected":false},"author":20106080,"featured_media":4972,"comment_status":"closed","ping_status":"closed","template":"","meta":{"_crdt_document":"","advanced_seo_description":"","jetpack_seo_html_title":"","jetpack_seo_noindex":false,"jetpack_post_was_ever_published":false,"_wcpt_user_name":"","footnotes":""},"speaker_group":[],"class_list":["post-4846","wcb_speaker","type-wcb_speaker","status-publish","has-post-thumbnail","hentry"],"jetpack_sharing_enabled":true,"jetpack_shortlink":"https:\/\/wp.me\/pgo7ki-1ga","jetpack_likes_enabled":true,"avatar_urls":{"24":"https:\/\/secure.gravatar.com\/avatar\/?s=24&d=mm&r=g","48":"https:\/\/secure.gravatar.com\/avatar\/?s=48&d=mm&r=g","96":"https:\/\/secure.gravatar.com\/avatar\/?s=96&d=mm&r=g","128":"https:\/\/secure.gravatar.com\/avatar\/?s=128&d=mm&r=g","256":"https:\/\/secure.gravatar.com\/avatar\/?s=256&d=mm&r=g","512":"https:\/\/secure.gravatar.com\/avatar\/?s=512&d=mm&r=g"},"_links":{"self":[{"href":"https:\/\/valencia.wordcamp.org\/2025\/wp-json\/wp\/v2\/speakers\/4846","targetHints":{"allow":["GET"]}}],"collection":[{"href":"https:\/\/valencia.wordcamp.org\/2025\/wp-json\/wp\/v2\/speakers"}],"about":[{"href":"https:\/\/valencia.wordcamp.org\/2025\/wp-json\/wp\/v2\/types\/wcb_speaker"}],"author":[{"embeddable":true,"href":"https:\/\/valencia.wordcamp.org\/2025\/wp-json\/wp\/v2\/users\/20106080"}],"replies":[{"embeddable":true,"href":"https:\/\/valencia.wordcamp.org\/2025\/wp-json\/wp\/v2\/comments?post=4846"}],"version-history":[{"count":3,"href":"https:\/\/valencia.wordcamp.org\/2025\/wp-json\/wp\/v2\/speakers\/4846\/revisions"}],"predecessor-version":[{"id":4978,"href":"https:\/\/valencia.wordcamp.org\/2025\/wp-json\/wp\/v2\/speakers\/4846\/revisions\/4978"}],"sessions":[{"embeddable":true,"href":"https:\/\/valencia.wordcamp.org\/2025\/wp-json\/wp\/v2\/sessions\/2877?_embed=1&context=view"}],"wp:featuredmedia":[{"embeddable":true,"href":"https:\/\/valencia.wordcamp.org\/2025\/wp-json\/wp\/v2\/media\/4972"}],"wp:attachment":[{"href":"https:\/\/valencia.wordcamp.org\/2025\/wp-json\/wp\/v2\/media?parent=4846"}],"wp:term":[{"taxonomy":"wcb_speaker_group","embeddable":true,"href":"https:\/\/valencia.wordcamp.org\/2025\/wp-json\/wp\/v2\/speaker_group?post=4846"}],"curies":[{"name":"wp","href":"https:\/\/api.w.org\/{rel}","templated":true}]}}

Oscar Aguilera y Miguel Ángel Montañes

<div class="wp-block-columns is-layout-flex wp-container-core-columns-is-layout-794e3cfa wp-block-columns-is-layout-flex">
<div class="wp-block-column is-layout-flow wp-block-column-is-layout-flow" style="flex-basis:33.33%">
<figure class="wp-block-image size-large"><img data-recalc-dims="1" loading="lazy" decoding="async" width="576" height="1024" src="https://i0.wp.com/valencia.wordcamp.org/2025/files/2025/10/oscar-y-miguel-angel-2.jpg?resize=576%2C1024&#038;ssl=1" alt="" class="wp-image-4973" srcset="https://i0.wp.com/valencia.wordcamp.org/2025/files/2025/10/oscar-y-miguel-angel-2.jpg?resize=576%2C1024&amp;ssl=1 576w, https://i0.wp.com/valencia.wordcamp.org/2025/files/2025/10/oscar-y-miguel-angel-2.jpg?resize=169%2C300&amp;ssl=1 169w, https://i0.wp.com/valencia.wordcamp.org/2025/files/2025/10/oscar-y-miguel-angel-2.jpg?w=720&amp;ssl=1 720w" sizes="auto, (max-width: 576px) 100vw, 576px" /></figure>
</div>



<div class="wp-block-column is-layout-flow wp-block-column-is-layout-flow" style="flex-basis:66.66%">
<p class="wp-block-paragraph">CEO y CTO de la empresa StartGo</p>



<p class="wp-block-paragraph">Grupo StartGo es una empresa española que combina marketing digital (especialmente con enfoque en ventas), desarrollo web y servicios tecnológicos para PYMEs y grandes clientes.</p>



<p class="wp-block-paragraph">Tiene una visión de crecimiento internacional (especialmente en Latinoamérica), y se posiciona como un partner integral más que como proveedor puntual. Su fortaleza está en la integración de servicios, su apuesta por resultados y crecimiento, y clientes de cierto nivel.</p>



<p class="wp-block-paragraph">Para quien busca un aliado que “haga todo” —estrategia, marketing, web—</p>
</div>
</div>

<p>CEO y CTO de la empresa StartGo Grupo StartGo es una empresa española que combina marketing digital (especialmente con enfoque en ventas), desarrollo web y servicios tecnológicos para PYMEs y grandes clientes. Tiene una visión de crecimiento internacional (especialmente en Latinoamérica), y se posiciona como un partner integral más que como proveedor puntual. Su fortaleza [&hellip;]</p>
